{"id":2950,"date":"2017-12-18T18:32:11","date_gmt":"2017-12-18T18:32:11","guid":{"rendered":"http:\/\/biblian.is\/gudbrandsbiblia\/fyrri-samuelsbok-22-kafli\/"},"modified":"2017-12-18T18:32:11","modified_gmt":"2017-12-18T18:32:11","slug":"fyrri-samuelsbok-22-kafli","status":"publish","type":"page","link":"https:\/\/biblian.is\/gudbrandsbiblia\/fyrri-samuelsbok-22-kafli\/","title":{"rendered":"Fyrri Sam\u00faelsb\u00f3k 22. kafli"},"content":{"rendered":"<p>XXIII.<\/p>\n<p>Dav\u00ed\u00f0 gekk \u00fea\u00f0an og fl\u00fd\u00f0i \u00ed eitt fylsni \u00ed Ad\u00f3llam. <span class=\"athugasemd\" title=\"Psal. 57\">[<\/span> En sem hans br\u00e6\u00f0ur og allt hans f\u00f6\u00f0urs h\u00fass heyr\u00f0i \u00fea\u00f0 \u00fe\u00e1 komu \u00feeir ofan \u00feanga\u00f0 til hans. Og allir menn sem \u00ed nokkrum skuldum og vankv\u00e6\u00f0um voru og hrygg\u00f0um voru vaf\u00f0ir s\u00f6fn\u00f0u\u00f0ust til hans. Og hann var\u00f0 \u00feeirra h\u00f6f\u00f0ingi so a\u00f0 \u00fear ur\u00f0u hj\u00e1 honum n\u00e6r fj\u00f6gur hundru\u00f0 manns.<\/p>\n<p>\tS\u00ed\u00f0an gekk Dav\u00ed\u00f0 \u00fea\u00f0an til Mispe \u00ed land Moabitarum og sag\u00f0i til k\u00f3ngsins \u00ed M\u00f3ab: &#8222;Leyf m\u00ednum f\u00f6\u00f0ur og minni m\u00f3\u00f0ur a\u00f0 ganga h\u00e9r \u00fat og inn hj\u00e1 y\u00f0ur \u00fear til a\u00f0 eg veit hva\u00f0 Gu\u00f0 vill gj\u00f6ra vi\u00f0 mig.&#8220; Og hann l\u00e9t \u00feau hj\u00e1 Moabiters k\u00f3ngi og \u00feau voru hj\u00e1 honum so lengi sem Dav\u00ed\u00f0 var \u00ed \u00feeirra kastala. En prophetinn Ga\u00f0 sag\u00f0i til Dav\u00ed\u00f0: &#8222;Ver ekki lengur \u00ed \u00feeim kastala heldur far aftur \u00ed Gy\u00f0ingaland.&#8220; <span class=\"athugasemd\" title=\"Ga\u00f0 er me\u00f0 Dav\u00ed\u00f0\">[<\/span> Svo f\u00f3r Dav\u00ed\u00f0 \u00fea\u00f0an og kom inn \u00ed \u00feann sk\u00f3g sem heitir Haret. \u00dea\u00f0 spur\u00f0i Saul a\u00f0 Dav\u00ed\u00f0 og \u00feeir menn sem hann haf\u00f0i hj\u00e1 s\u00e9r voru \u00fat aftur komnir.<\/p>\n<p>\tSem Saul bj\u00f3 \u00ed G\u00edbea og var staddur undir einum lundi \u00ed Rama og h\u00e9lt \u00e1 spj\u00f3ti og allir hans \u00fe\u00e9narar st\u00f3\u00f0u \u00ed kringum hann \u00fe\u00e1 sag\u00f0i Saul til sinna manna sem \u00ed kring hann st\u00f3\u00f0u: &#8222;Heyri\u00f0, synir Jem\u00edn\u00ed! Mun son Jesse gefa y\u00f0ur \u00f6llum akra og v\u00edngar\u00f0a og gj\u00f6ra y\u00f0ur alla a\u00f0 h\u00f6f\u00f0ingjum yfir \u00fe\u00fasund og yfir hundra\u00f0 a\u00f0 \u00fe\u00e9r hafi\u00f0 allir so sambundi\u00f0 y\u00f0ur \u00e1 m\u00f3ti m\u00e9r og \u00fear er enginn sem \u00fev\u00edl\u00edkt hefur undirv\u00edsa\u00f0 m\u00e9r fyrst a\u00f0 minn son hefur gj\u00f6rt samband me\u00f0 son Jesse? Og \u00fear er enginn af y\u00f0ur sem sl\u00edkt harmi minna vegna og segi m\u00e9r \u00fea\u00f0. \u00dev\u00ed a\u00f0 minn sonur hefur uppvaki\u00f0 minn \u00fer\u00e6l \u00ed m\u00f3t m\u00e9r a\u00f0 hann situr um mig svo sem \u00fea\u00f0 auglj\u00f3st er.&#8220;<\/p>\n<p>\t\u00de\u00e1 svara\u00f0i D\u00f3eg Edomiter hver a\u00f0 st\u00f3\u00f0 hj\u00e1 k\u00f3ngsins \u00fe\u00e9nurum og sag\u00f0i svo: <span class=\"athugasemd\" title=\"Psal. 25 \/ D\u00f3eg\">[<\/span> &#8222;Eg s\u00e1 son Jesse a\u00f0 hann kom \u00ed N\u00f3be til Ah\u00edmelek, son Ah\u00edt\u00f3p. Hann f\u00f3r til fr\u00e9tta vi\u00f0 Drottin hans vegna og gaf honum vistir og f\u00e9kk honum sver\u00f0i\u00f0 \u00fea\u00f0 sem Gol\u00edat Philisteus haf\u00f0i \u00e1tt.&#8220;<\/p>\n<p>\t\u00de\u00e1 sendi k\u00f3ngur og l\u00e9t s\u00e6kja Ah\u00edmelek kennimann, son Ah\u00edt\u00f3p, og allt hans f\u00f6\u00f0urs h\u00fas og \u00fe\u00e1 alla kennimenn sem voru \u00ed N\u00f3be. Og \u00feeir komu allir til k\u00f3ngsins. Og Saul sag\u00f0i: &#8222;Heyr\u00f0u, son Ah\u00edt\u00f3p.&#8220; Hann svara\u00f0i: &#8222;H\u00e9r er eg, minn herra.&#8220; Og Saul sag\u00f0i til hans: &#8222;Hvar fyrir bindur \u00fe\u00fa samt\u00f6k \u00ed m\u00f3ti m\u00e9r me\u00f0 syni Jesse og gafst honum brau\u00f0 og f\u00e9kkst honum sver\u00f0 og r\u00e1\u00f0ga\u00f0ist vi\u00f0 Gu\u00f0 fyrir hann og uppvaktir hann a\u00f0 sitja um svikr\u00e6\u00f0i vi\u00f0 mig svo sem auglj\u00f3st er?&#8220;<\/p>\n<p>\tAh\u00edmelek andsvara\u00f0i k\u00f3nginum og sag\u00f0i: &#8222;Hver er \u00fev\u00edl\u00edkur \u00e1 me\u00f0al allra \u00feinna \u00fe\u00e9nara sem Dav\u00ed\u00f0, so dyggur, og k\u00f3ngsins m\u00e1gur, hl\u00fd\u00f0inn \u00fe\u00ednu bo\u00f0i og hei\u00f0arlega haldinn \u00ed \u00fe\u00ednu h\u00fasi? Mun eg \u00fe\u00e1 fyrst byrja\u00f0 hafa \u00ed dag a\u00f0 r\u00e1\u00f0gast um vi\u00f0 Gu\u00f0 hans vegna? \u00dea\u00f0 s\u00e9 langt fr\u00e1 m\u00e9r. Atli ekki k\u00f3ngurinn s\u00ednum \u00fe\u00e9nara sl\u00edkt \u00ed \u00f6llu m\u00ednu f\u00f6\u00f0urs h\u00fasi. \u00dev\u00ed a\u00f0 \u00feinn \u00fe\u00e9nari vissi ekkert af \u00feessu, hverki miki\u00f0 n\u00e9 l\u00edti\u00f0.&#8220;<\/p>\n<p>\tK\u00f3ngurinn svara\u00f0i Ah\u00edmelek: &#8222;\u00de\u00fa skalt sannlega deyja, \u00fe\u00fa og allt \u00feitt f\u00f6\u00f0urs h\u00fas.&#8220; Og k\u00f3ngurinn sag\u00f0i til sinna \u00fe\u00e9nara sem hj\u00e1 honum voru: &#8222;Sn\u00fai\u00f0 y\u00f0ur og drepi\u00f0 kennimenn Drottins \u00fev\u00ed a\u00f0 \u00feeirra hendur eru me\u00f0 Dav\u00ed\u00f0. Og \u00feeir vissu \u00fe\u00e1 hann fl\u00fd\u00f0i en kunngj\u00f6r\u00f0u \u00fea\u00f0 ekki m\u00e9r.&#8220; En k\u00f3ngs\u00fe\u00e9narar vildu ekki leggja s\u00ednar hendur \u00e1 Gu\u00f0s kennimenn a\u00f0 drepa \u00fe\u00e1. <span class=\"athugasemd\" title=\"Saul l\u00e9t drepa \u00fe\u00e1 lxxxv kennimenn s\u00f6kum Dav\u00ed\u00f0s\">[<\/span> \u00de\u00e1 tala\u00f0i k\u00f3ngurinn til D\u00f3eg: &#8222;Far \u00fe\u00fa og vinn \u00e1 \u00feeim.&#8220; D\u00f3eg Edomita sneri s\u00e9r vi\u00f0 og vann \u00e1 kennim\u00f6nnunum og drap \u00e1 \u00feeim degi fimm og \u00e1ttat\u00edgi kennimenn sem skr\u00fdddir voru l\u00edfkyrtlum. Hann sl\u00f3 og kennimanna borgina N\u00f3be me\u00f0 sver\u00f0seggjum, b\u00e6\u00f0i menn og kvinnur, b\u00f6rn og brj\u00f3stmylkinga, h\u00e9r me\u00f0 uxa og asna og sau\u00f0i.<\/p>\n<p>\tEn einn komst undan af sonum Ah\u00edmelek, sonar Ah\u00edt\u00f3b. <span class=\"athugasemd\" title=\"Abjatar komst undan\">[<\/span> Hann h\u00e9t Abjatar og fl\u00fd\u00f0i til Dav\u00ed\u00f0s og kunngj\u00f6r\u00f0i honum a\u00f0 Saul haf\u00f0i drepi\u00f0 Gu\u00f0s kennimenn. \u00de\u00e1 svara\u00f0i Dav\u00ed\u00f0 Abjatar: &#8222;Sannlega vissa eg \u00fea\u00f0 \u00e1 \u00feeim degi \u00fe\u00e1 D\u00f3eg af Ed\u00f3m var \u00fear a\u00f0 hann mundi segja \u00fea\u00f0 Saul. Eg er sekur allra \u00feeirra bl\u00f3\u00f0s af \u00fe\u00edns f\u00f6\u00f0urs h\u00fasi. N\u00fa vert \u00fe\u00fa me\u00f0 m\u00e9r og \u00f3ttast ekki \u00fev\u00ed a\u00f0 hver sem leitar eftir \u00fe\u00ednu l\u00edfi s\u00e1 skal og leita eftir m\u00ednu sj\u00e1lfs l\u00edfi. \u00de\u00fa skalt h\u00f3lpinn ver\u00f0a me\u00f0ur m\u00e9r.&#8220;<\/p>\n","protected":false},"excerpt":{"rendered":"<p>XXIII. Dav\u00ed\u00f0 gekk \u00fea\u00f0an og fl\u00fd\u00f0i \u00ed eitt fylsni \u00ed Ad\u00f3llam. [ En sem hans br\u00e6\u00f0ur og allt hans f\u00f6\u00f0urs h\u00fass heyr\u00f0i \u00fea\u00f0 \u00fe\u00e1 komu \u00feeir ofan \u00feanga\u00f0 til hans. Og allir menn sem \u00ed nokkrum skuldum og vankv\u00e6\u00f0um voru og hrygg\u00f0um voru vaf\u00f0ir s\u00f6fn\u00f0u\u00f0ust til hans. Og hann var\u00f0 \u00feeirra h\u00f6f\u00f0ingi so a\u00f0 \u00fear ur\u00f0u hj\u00e1 honum n\u00e6r fj\u00f6gur hundru\u00f0 manns. S\u00ed\u00f0an gekk Dav\u00ed\u00f0 \u00fea\u00f0an til Mispe \u00ed land Moabitarum og sag\u00f0i til k\u00f3ngsins \u00ed M\u00f3ab: &#8222;Leyf m\u00ednum f\u00f6\u00f0ur og minni m\u00f3\u00f0ur a\u00f0 ganga h\u00e9r \u00fat og inn hj\u00e1 y\u00f0ur \u00fear til a\u00f0 eg veit hva\u00f0 Gu\u00f0 vill gj\u00f6ra <a href=\"https:\/\/biblian.is\/gudbrandsbiblia\/fyrri-samuelsbok-22-kafli\/\"> [&#8230;]<\/a><\/p>\n","protected":false},"author":1,"featured_media":0,"parent":0,"menu_order":0,"comment_status":"open","ping_status":"open","template":"bibliukaflar.php","meta":{"footnotes":""},"class_list":["post-2950","page","type-page","status-publish","hentry"],"_links":{"self":[{"href":"https:\/\/biblian.is\/gudbrandsbiblia\/wp-json\/wp\/v2\/pages\/2950","targetHints":{"allow":["GET"]}}],"collection":[{"href":"https:\/\/biblian.is\/gudbrandsbiblia\/wp-json\/wp\/v2\/pages"}],"about":[{"href":"https:\/\/biblian.is\/gudbrandsbiblia\/wp-json\/wp\/v2\/types\/page"}],"author":[{"embeddable":true,"href":"https:\/\/biblian.is\/gudbrandsbiblia\/wp-json\/wp\/v2\/users\/1"}],"replies":[{"embeddable":true,"href":"https:\/\/biblian.is\/gudbrandsbiblia\/wp-json\/wp\/v2\/comments?post=2950"}],"version-history":[{"count":0,"href":"https:\/\/biblian.is\/gudbrandsbiblia\/wp-json\/wp\/v2\/pages\/2950\/revisions"}],"wp:attachment":[{"href":"https:\/\/biblian.is\/gudbrandsbiblia\/wp-json\/wp\/v2\/media?parent=2950"}],"curies":[{"name":"wp","href":"https:\/\/api.w.org\/{rel}","templated":true}]}}