{"id":2944,"date":"2017-12-18T18:32:11","date_gmt":"2017-12-18T18:32:11","guid":{"rendered":"http:\/\/biblian.is\/gudbrandsbiblia\/fyrri-samuelsbok-16-kafli\/"},"modified":"2017-12-18T18:32:11","modified_gmt":"2017-12-18T18:32:11","slug":"fyrri-samuelsbok-16-kafli","status":"publish","type":"page","link":"https:\/\/biblian.is\/gudbrandsbiblia\/fyrri-samuelsbok-16-kafli\/","title":{"rendered":"Fyrri Sam\u00faelsb\u00f3k 16. kafli"},"content":{"rendered":"<p>XVI.<\/p>\n<p>Eftir \u00feetta sag\u00f0i Drottinn til Sam\u00fael: &#8222;Hversu lengi vilt \u00fe\u00fa s\u00fdta Saul hverjum a\u00f0 eg hefi \u00ed burt kasta\u00f0 a\u00f0 hann s\u00e9 ekki k\u00f3ngur yfir \u00cdsrael? Fyll \u00feitt horn me\u00f0 vi\u00f0smj\u00f6r og far af sta\u00f0: Eg vil senda \u00feig til \u00cdsa\u00ed hver a\u00f0 b\u00fdr \u00ed Betlehem. \u00dev\u00ed eg hefi s\u00e9\u00f0 m\u00e9r fyrir einn k\u00f3ng \u00e1 me\u00f0al hans sona.&#8220; Sam\u00fael svara\u00f0i: &#8222;Hvert skal eg fara? Ef Saul spyr \u00fea\u00f0 \u00fe\u00e1 sl\u00e6r hann mig \u00ed hel.&#8220; Drottinn sag\u00f0i: &#8222;Tak \u00fe\u00e9r einn k\u00e1lf af hj\u00f6r\u00f0unni og seg svo: Eg er kominn a\u00f0 f\u00f3rnf\u00e6ra Drottni. Og \u00fe\u00fa skalt bj\u00f3\u00f0 \u00cdsa\u00ed til offursins. S\u00ed\u00f0an vil eg v\u00edsa \u00fe\u00e9r hva\u00f0 \u00fe\u00fa skalt gj\u00f6ra a\u00f0 \u00fe\u00fa smyrjir m\u00e9r \u00feann sem eg segi \u00fe\u00e9r.&#8220;<\/p>\n<p>\tSam\u00fael gj\u00f6r\u00f0i sem Drottinn bau\u00f0 honum og kom til Betlehem. Og \u00f6ldungum sta\u00f0arins hnykkti vi\u00f0 og \u00feeir gengu \u00fat \u00ed m\u00f3ti honum og s\u00f6g\u00f0u: &#8222;Kemur \u00fe\u00fa me\u00f0 fri\u00f0i til vor?&#8220; Hann sag\u00f0i: &#8222;J\u00e1, eg em kominn a\u00f0 f\u00e6ra f\u00f3rnir Drottni. Helgi\u00f0 y\u00f0ur og komi\u00f0 me\u00f0 m\u00e9r til offurs.&#8220; Og hann helga\u00f0i \u00cdsa\u00ed og hans syni og bau\u00f0 \u00feeim til offursins.<\/p>\n<p>\t\u00de\u00e1 \u00feeir komu n\u00fa inn \u00fe\u00e1 horf\u00f0i hann \u00e1 El\u00edab og hugsa\u00f0i me\u00f0 s\u00e9r: &#8222;Mun \u00feessi vera s\u00e1 hinn smur\u00f0i Drottins.&#8220; En Drottinn sag\u00f0i til Sam\u00fael: &#8222;Vir\u00f0 \u00fe\u00fa ekki v\u00e6nleik hans n\u00e9 l\u00edkamsv\u00f6xt. Eg hefi burtkasta\u00f0 honum. \u00dev\u00ed ei d\u00e6mi eg eftir mannaaugs\u00fdn. Ma\u00f0urinn s\u00e9r \u00fea\u00f0 sem fyrir augunum er en Drottinn \u00e1l\u00edtur hjarta\u00f0.&#8220; <span class=\"athugasemd\" title=\"Gu\u00f0 hann \u00e1l\u00edtur hjarta\u00f0 \/ Act. 10 \/ 1. Para. 2\">[<\/span> \u00de\u00e1 kalla\u00f0i Jessi Ab\u00ednadab og l\u00e9t hann koma fram fyrir Sam\u00fael. Og hann sag\u00f0i: &#8222;Eigi hefur Drottinn \u00feennan \u00fatvali\u00f0.&#8220; \u00de\u00e1 l\u00e9t Jesse Samma ganga fram. En Sam\u00fael sag\u00f0i: &#8222;Eigi hefur Drottinn heldur \u00fatvali\u00f0 \u00feennan.&#8220; Eftir \u00fea\u00f0 leiddi Jesse s\u00edna sj\u00f6 sonu fram fyrir Sam\u00fael. En hann sag\u00f0i: &#8222;\u00d6ngvan \u00feessara \u00fe\u00e1 hefur Drottinn \u00fatvali\u00f0.&#8220;<\/p>\n<p>\t\u00de\u00e1 sag\u00f0i Sam\u00fael til Jesse: &#8222;Eru n\u00fa framkomnir allir \u00fe\u00ednir synir?&#8220; Hann svara\u00f0i: &#8222;Er enn eftir s\u00e1 minnsti og sj\u00e1, hann g\u00e6tir sau\u00f0a.&#8220; \u00de\u00e1 sag\u00f0i Sam\u00fael til Jesse: &#8222;Send \u00fe\u00fa skj\u00f3tt og l\u00e1ttu s\u00e6kja hann \u00fev\u00ed a\u00f0 v\u00e9r setjunst ekki fyrr ni\u00f0ur en hann kemur hinga\u00f0.&#8220; \u00de\u00e1 sendi hann og l\u00e9t s\u00e6kja hann. Og hann var rau\u00f0leitur, fagureyg\u00f0ur og fr\u00ed\u00f0ur s\u00fdnum. \u00de\u00e1 sag\u00f0i Drottinn: &#8222;Statt upp og smyr hann \u00fev\u00ed a\u00f0 hann er s\u00e1 sem eg hefi \u00fatvali\u00f0.&#8220; \u00de\u00e1 t\u00f3k Sam\u00fael sitt vi\u00f0smj\u00f6rshorn og smur\u00f0i hann mitt \u00e1 millum sinna br\u00e6\u00f0ra. <span class=\"athugasemd\" title=\"Dav\u00ed\u00f0 til k\u00f3ngs smur\u00f0ur\">[<\/span> Og andi Drottins greiddist yfir Dav\u00ed\u00f0 fr\u00e1 \u00feeim degi og \u00fea\u00f0an \u00ed fr\u00e1. En Sam\u00fael t\u00f3k sig upp og kom til Ramat.<\/p>\n<p>\tEn andi Drottins hvarf fr\u00e1 Saul og illur andi fr\u00e1 Drottni sturla\u00f0i hann. \u00de\u00e1 s\u00f6g\u00f0u \u00fe\u00e9narar Saul til hans: &#8222;Sj\u00e1, einn illur andi fr\u00e1 Gu\u00f0i sturlar \u00feig mj\u00f6g. \u00dear fyrir segi herrann vor til sinna \u00fe\u00e9nara \u00feeirra sem standa fyrir honum a\u00f0 \u00feeir leiti upp \u00feann mann sem kann vel a\u00f0 sl\u00e1 h\u00f6rpu. Svo a\u00f0 n\u00e6r s\u00e1 hinn illi andi Gu\u00f0s kemur yfir \u00feig a\u00f0 hann leiki \u00fe\u00e1 h\u00f6rpuna me\u00f0 sinni hendi so \u00fea\u00f0 megi l\u00e9tta \u00fe\u00ednu meini.&#8220; <span class=\"athugasemd\" title=\"Illur andi \u00e6fir Saul\">[<\/span> \u00de\u00e1 sag\u00f0i Saul til sinna \u00fe\u00e9nara: &#8222;Fari\u00f0 og leiti\u00f0 a\u00f0 \u00feeim manni sem vel kann a\u00f0 leika \u00e1 hlj\u00f3\u00f0f\u00e6rastrengi og lei\u00f0i\u00f0 hann til m\u00edn.&#8220;<\/p>\n<p>\t\u00de\u00e1 svara\u00f0i einn af sveinunum og sag\u00f0i til hans: &#8222;Sj\u00e1, eg hefi s\u00e9\u00f0 einn son \u00feess manns sem a\u00f0 heitir Jesse og b\u00fdr \u00ed Betlehem. Hann kann vel h\u00f6rpu a\u00f0 leika, hann er sterkur ma\u00f0ur, v\u00edgk\u00e6nn og v\u00e6nn ma\u00f0ur og vel a\u00f0 s\u00e9r um alla hluti og Drottinn er me\u00f0 honum.&#8220; \u00de\u00e1 sendi Saul bo\u00f0 til Jesse og l\u00e9t segja honum: &#8222;Send \u00feinn son Dav\u00ed\u00f0 til m\u00edn \u00feann sem hjar\u00f0a g\u00e6tir.&#8220; \u00de\u00e1 t\u00f3k Jesse einn asna og lag\u00f0i upp \u00e1 hann brau\u00f0 og eina fl\u00f6sku v\u00edns og eitt ki\u00f0 og sendi \u00fea\u00f0 Saul me\u00f0 s\u00ednum syni Dav\u00ed\u00f0. Og svo kom Dav\u00ed\u00f0 til Saul og \u00fej\u00f3na\u00f0i honum. Og hann haf\u00f0i hann mj\u00f6g k\u00e6ran og gj\u00f6r\u00f0i hann a\u00f0 s\u00ednum skjaldsveini. <span class=\"athugasemd\" title=\"Dav\u00ed\u00f0 ver\u00f0ur skjaldsveinn konungs\">[<\/span> <\/p>\n<p>\tOg Saul sendi bo\u00f0 til Jesse og l\u00e9t segja honum: &#8222;Leyf\u00f0u Dav\u00ed\u00f0 a\u00f0 vera hj\u00e1 m\u00e9r \u00fev\u00ed a\u00f0 hann hefur fundi\u00f0 n\u00e1\u00f0 fyrir m\u00ednum augum.&#8220; En \u00fe\u00e1 Gu\u00f0s andi kom n\u00fa yfir Saul \u00fe\u00e1 t\u00f3k Dav\u00ed\u00f0 s\u00edna h\u00f6rpu og l\u00e9k me\u00f0 sinni hendi. \u00de\u00e1 endurlifna\u00f0i Saul svo a\u00f0 honum batna\u00f0i og s\u00e1 illur andi fl\u00fd\u00f0i fr\u00e1 honum.<\/p>\n","protected":false},"excerpt":{"rendered":"<p>XVI. Eftir \u00feetta sag\u00f0i Drottinn til Sam\u00fael: &#8222;Hversu lengi vilt \u00fe\u00fa s\u00fdta Saul hverjum a\u00f0 eg hefi \u00ed burt kasta\u00f0 a\u00f0 hann s\u00e9 ekki k\u00f3ngur yfir \u00cdsrael? Fyll \u00feitt horn me\u00f0 vi\u00f0smj\u00f6r og far af sta\u00f0: Eg vil senda \u00feig til \u00cdsa\u00ed hver a\u00f0 b\u00fdr \u00ed Betlehem. \u00dev\u00ed eg hefi s\u00e9\u00f0 m\u00e9r fyrir einn k\u00f3ng \u00e1 me\u00f0al hans sona.&#8220; Sam\u00fael svara\u00f0i: &#8222;Hvert skal eg fara? Ef Saul spyr \u00fea\u00f0 \u00fe\u00e1 sl\u00e6r hann mig \u00ed hel.&#8220; Drottinn sag\u00f0i: &#8222;Tak \u00fe\u00e9r einn k\u00e1lf af hj\u00f6r\u00f0unni og seg svo: Eg er kominn a\u00f0 f\u00f3rnf\u00e6ra Drottni. Og \u00fe\u00fa skalt bj\u00f3\u00f0 \u00cdsa\u00ed til offursins. S\u00ed\u00f0an <a href=\"https:\/\/biblian.is\/gudbrandsbiblia\/fyrri-samuelsbok-16-kafli\/\"> [&#8230;]<\/a><\/p>\n","protected":false},"author":1,"featured_media":0,"parent":0,"menu_order":0,"comment_status":"open","ping_status":"open","template":"bibliukaflar.php","meta":{"footnotes":""},"class_list":["post-2944","page","type-page","status-publish","hentry"],"_links":{"self":[{"href":"https:\/\/biblian.is\/gudbrandsbiblia\/wp-json\/wp\/v2\/pages\/2944","targetHints":{"allow":["GET"]}}],"collection":[{"href":"https:\/\/biblian.is\/gudbrandsbiblia\/wp-json\/wp\/v2\/pages"}],"about":[{"href":"https:\/\/biblian.is\/gudbrandsbiblia\/wp-json\/wp\/v2\/types\/page"}],"author":[{"embeddable":true,"href":"https:\/\/biblian.is\/gudbrandsbiblia\/wp-json\/wp\/v2\/users\/1"}],"replies":[{"embeddable":true,"href":"https:\/\/biblian.is\/gudbrandsbiblia\/wp-json\/wp\/v2\/comments?post=2944"}],"version-history":[{"count":0,"href":"https:\/\/biblian.is\/gudbrandsbiblia\/wp-json\/wp\/v2\/pages\/2944\/revisions"}],"wp:attachment":[{"href":"https:\/\/biblian.is\/gudbrandsbiblia\/wp-json\/wp\/v2\/media?parent=2944"}],"curies":[{"name":"wp","href":"https:\/\/api.w.org\/{rel}","templated":true}]}}