{"id":2902,"date":"2017-12-18T18:32:04","date_gmt":"2017-12-18T18:32:04","guid":{"rendered":"http:\/\/biblian.is\/gudbrandsbiblia\/josuabok-23-kafli\/"},"modified":"2017-12-18T18:32:04","modified_gmt":"2017-12-18T18:32:04","slug":"josuabok-23-kafli","status":"publish","type":"page","link":"https:\/\/biblian.is\/gudbrandsbiblia\/josuabok-23-kafli\/","title":{"rendered":"J\u00f3s\u00faab\u00f3k 23. kafli"},"content":{"rendered":"<p>XXIII.<\/p>\n<p>L\u00f6ngum t\u00edma eftir \u00feetta \u00fe\u00e1 Drottinn haf\u00f0i veitt \u00cdsrael n\u00e1\u00f0ir fyrir \u00f6llum s\u00ednum \u00f3vinum allt \u00ed kring og J\u00f3s\u00faa var n\u00fa or\u00f0inn gamall og hniginn \u00e1 efra aldur \u00fe\u00e1 kalla\u00f0i hann til samans allan \u00cdsrael og \u00feeirra elstu \u00f6ldunga, d\u00f3mendur og emb\u00e6ttismenn og sag\u00f0i til \u00feeirra: &#8222;Eg er n\u00fa gamall og mj\u00f6g \u00e1 efra aldur kominn og \u00fe\u00e9r hafi\u00f0 s\u00e9\u00f0 allt hva\u00f0 Drottinn y\u00f0ar Gu\u00f0 hefur gj\u00f6rt vi\u00f0 \u00feetta f\u00f3lk h\u00e9r fyrir y\u00f0ur. <span class=\"athugasemd\" title=\"J\u00f3s\u00faa \u00e1minnir \u00cdsrael\">[<\/span> \u00dev\u00ed a\u00f0 Drottinn y\u00f0ar Gu\u00f0 hefur sj\u00e1lfur str\u00edtt fyrir y\u00f0ur. Sj\u00e1i\u00f0, eg hefi skipt me\u00f0 y\u00f0ur \u00fev\u00ed f\u00f3lki sem eftir er til erf\u00f0ar, s\u00e9rhverri kynkv\u00edsl sinn arf, fr\u00e1 J\u00f3rdan og \u00f6llum \u00fej\u00f3\u00f0um sem eg hefi \u00fatr\u00fdmt og vestur allt til \u00feess st\u00f3ra hafs. Og Drottinn vor Gu\u00f0 skal \u00fatdr\u00edfa \u00fe\u00e1 fyrir y\u00f0ur og \u00fatr\u00fdma \u00feeim fr\u00e1 y\u00f0ur so \u00fe\u00e9r skulu\u00f0 eignast \u00feeirra land so sem Drottinn y\u00f0ar Gu\u00f0 hefur lofa\u00f0 y\u00f0ur.<\/p>\n<p>\tSo veri\u00f0 n\u00fa hughraustir so a\u00f0 \u00fe\u00e9r haldi\u00f0 og gj\u00f6ri\u00f0 allt \u00fea\u00f0 sem skrifa\u00f0 stendur \u00ed M\u00f3ses l\u00f6gm\u00e1lsb\u00f3k so \u00fe\u00e9r v\u00edki\u00f0 \u00fear ei fr\u00e1, hverki til h\u00e6gri n\u00e9 til vinstri handar, upp \u00e1 \u00fea\u00f0 a\u00f0 \u00fe\u00e9r komi\u00f0 ekki \u00e1 me\u00f0al \u00feessa f\u00f3lks sem n\u00fa er enn eftir hj\u00e1 y\u00f0ur og a\u00f0 \u00fe\u00e9r ekki hugsi\u00f0 e\u00f0a sverji\u00f0 vi\u00f0 \u00feeirra afgu\u00f0a nafn, eigi heldur \u00fej\u00f3ni\u00f0 \u00feeim n\u00e9 bi\u00f0ji\u00f0 til \u00feeirra heldur haldi\u00f0 y\u00f0ur vi\u00f0 Drottin y\u00f0ar Gu\u00f0 so sem \u00fe\u00e9r hafi\u00f0 gj\u00f6rt til \u00feessa dags. <span class=\"athugasemd\" title=\"Exod. 36 \/ Deut. 28\">[<\/span> Svo mun Drottinn \u00fatdr\u00edfa st\u00f3rt og megtugt f\u00f3lk fyrir y\u00f0ur og enginn hefur sta\u00f0i\u00f0 \u00ed m\u00f3t y\u00f0ur inn til \u00feessa dags. Einn af y\u00f0ur skal elta \u00fe\u00fasund \u00fev\u00ed Drottinn y\u00f0ar Gu\u00f0 str\u00ed\u00f0ir fyrir y\u00f0ur so sem hann hefur sagt. \u00dear fyrir geymi\u00f0 me\u00f0 g\u00e6tni y\u00f0ar s\u00e1lir a\u00f0 \u00fe\u00e9r elski\u00f0 Drottin y\u00f0ar Gu\u00f0.<\/p>\n<p>\tEn ef a\u00f0 \u00fe\u00e9r sn\u00fai\u00f0 y\u00f0ur og haldi\u00f0 y\u00f0ur a\u00f0 \u00fev\u00ed f\u00f3lki sem n\u00fa eftir er og gj\u00f6ri\u00f0 tengdir vi\u00f0 \u00fea\u00f0 so a\u00f0 \u00fe\u00e9r samblandist vi\u00f0 \u00fea\u00f0 og \u00fea\u00f0 vi\u00f0 y\u00f0ur \u00fe\u00e1 viti\u00f0 a\u00f0 Drottinn y\u00f0ar Gu\u00f0 mun ekki meir \u00fatr\u00fdma allt \u00feetta f\u00f3lk fyrir y\u00f0ur heldur skal \u00fea\u00f0 ver\u00f0a y\u00f0ur a\u00f0 sn\u00f6ru og a\u00f0 neti og a\u00f0 svipu \u00e1 y\u00f0ar s\u00ed\u00f0ur og a\u00f0 \u00feyrnum \u00ed y\u00f0ar augu \u00fear til \u00fea\u00f0 ey\u00f0ileggur y\u00f0ur af \u00fev\u00ed g\u00f3\u00f0a landi sem Drottinn y\u00f0ar Gu\u00f0 hefur gefi\u00f0 y\u00f0ur. <span class=\"athugasemd\" title=\"\u00d3gnunarh\u00f3tanir \/ Deut. 7; 11\">[<\/span> <\/p>\n<p>\tSj\u00e1i\u00f0, eg geng g\u00f6tu allrar veraldar. Og \u00fe\u00e9r skulu\u00f0 vita af \u00f6llu hjarta og af \u00f6llu sinni a\u00f0 \u00fear hefur ekki eitt or\u00f0 brug\u00f0ist af \u00f6llu \u00fev\u00ed sem Drottinn y\u00f0ar Gu\u00f0 hefur lofa\u00f0 y\u00f0ur. <span class=\"athugasemd\" title=\"3. Reg. 2\">[<\/span> \u00dea\u00f0 er allt saman fram komi\u00f0 og ekki neitt \u00e1vanta\u00f0. Og l\u00edka sem \u00fe\u00e9r hafi\u00f0 fengi\u00f0 allt \u00fea\u00f0 g\u00f3\u00f0a sem Drottinn y\u00f0ar Gu\u00f0 hefur lofa\u00f0 y\u00f0ur so mun Drottinn l\u00e1ta allt vont koma yfir y\u00f0ur \u00fear til hann afm\u00e1ir y\u00f0ur af \u00feessu g\u00f3\u00f0a landi sem Drottinn y\u00f0ar gaf y\u00f0ur ef \u00fe\u00e9r yfirtro\u00f0i\u00f0 Drottins y\u00f0ars Gu\u00f0s s\u00e1ttm\u00e1la \u00feann hann bau\u00f0 y\u00f0ur og taki\u00f0 fyrir y\u00f0ur a\u00f0 \u00fej\u00f3na annarlegum gu\u00f0um og bi\u00f0ja til \u00feeirra. \u00de\u00e1 skulu \u00fe\u00e9r vita a\u00f0 Gu\u00f0s rei\u00f0i ver\u00f0ur grimm yfir y\u00f0ur og fyrirkemur y\u00f0ur snarlega af \u00fev\u00ed g\u00f3\u00f0a landi sem hann hefur gefi\u00f0 y\u00f0ur.&#8220;<\/p>\n","protected":false},"excerpt":{"rendered":"<p>XXIII. L\u00f6ngum t\u00edma eftir \u00feetta \u00fe\u00e1 Drottinn haf\u00f0i veitt \u00cdsrael n\u00e1\u00f0ir fyrir \u00f6llum s\u00ednum \u00f3vinum allt \u00ed kring og J\u00f3s\u00faa var n\u00fa or\u00f0inn gamall og hniginn \u00e1 efra aldur \u00fe\u00e1 kalla\u00f0i hann til samans allan \u00cdsrael og \u00feeirra elstu \u00f6ldunga, d\u00f3mendur og emb\u00e6ttismenn og sag\u00f0i til \u00feeirra: &#8222;Eg er n\u00fa gamall og mj\u00f6g \u00e1 efra aldur kominn og \u00fe\u00e9r hafi\u00f0 s\u00e9\u00f0 allt hva\u00f0 Drottinn y\u00f0ar Gu\u00f0 hefur gj\u00f6rt vi\u00f0 \u00feetta f\u00f3lk h\u00e9r fyrir y\u00f0ur. [ \u00dev\u00ed a\u00f0 Drottinn y\u00f0ar Gu\u00f0 hefur sj\u00e1lfur str\u00edtt fyrir y\u00f0ur. Sj\u00e1i\u00f0, eg hefi skipt me\u00f0 y\u00f0ur \u00fev\u00ed f\u00f3lki sem eftir er til erf\u00f0ar, s\u00e9rhverri kynkv\u00edsl <a href=\"https:\/\/biblian.is\/gudbrandsbiblia\/josuabok-23-kafli\/\"> [&#8230;]<\/a><\/p>\n","protected":false},"author":1,"featured_media":0,"parent":0,"menu_order":0,"comment_status":"open","ping_status":"open","template":"bibliukaflar.php","meta":{"footnotes":""},"class_list":["post-2902","page","type-page","status-publish","hentry"],"_links":{"self":[{"href":"https:\/\/biblian.is\/gudbrandsbiblia\/wp-json\/wp\/v2\/pages\/2902","targetHints":{"allow":["GET"]}}],"collection":[{"href":"https:\/\/biblian.is\/gudbrandsbiblia\/wp-json\/wp\/v2\/pages"}],"about":[{"href":"https:\/\/biblian.is\/gudbrandsbiblia\/wp-json\/wp\/v2\/types\/page"}],"author":[{"embeddable":true,"href":"https:\/\/biblian.is\/gudbrandsbiblia\/wp-json\/wp\/v2\/users\/1"}],"replies":[{"embeddable":true,"href":"https:\/\/biblian.is\/gudbrandsbiblia\/wp-json\/wp\/v2\/comments?post=2902"}],"version-history":[{"count":0,"href":"https:\/\/biblian.is\/gudbrandsbiblia\/wp-json\/wp\/v2\/pages\/2902\/revisions"}],"wp:attachment":[{"href":"https:\/\/biblian.is\/gudbrandsbiblia\/wp-json\/wp\/v2\/media?parent=2902"}],"curies":[{"name":"wp","href":"https:\/\/api.w.org\/{rel}","templated":true}]}}