{"id":2871,"date":"2017-12-18T18:31:57","date_gmt":"2017-12-18T18:31:57","guid":{"rendered":"http:\/\/biblian.is\/gudbrandsbiblia\/fimmta-mosebok-26-kafli\/"},"modified":"2017-12-18T18:31:57","modified_gmt":"2017-12-18T18:31:57","slug":"fimmta-mosebok-26-kafli","status":"publish","type":"page","link":"https:\/\/biblian.is\/gudbrandsbiblia\/fimmta-mosebok-26-kafli\/","title":{"rendered":"Fimmta M\u00f3seb\u00f3k 26. kafli"},"content":{"rendered":"<p>N\u00e6r e\u00f0 \u00fe\u00fa innkemur \u00ed \u00fea\u00f0 land sem Drottinn Gu\u00f0 \u00feinn mun gefa \u00fe\u00e9r til a\u00f0 erfa og \u00fe\u00fa eignast \u00fea\u00f0 og b\u00fdr \u00fear inni \u00fe\u00e1 skalt \u00fe\u00fa taka \u00feann alls kyns fyrsta \u00e1v\u00f6xt \u00ed landinu s\u00e1 e\u00f0 kemur af \u00feeirri j\u00f6r\u00f0unni sem Drottinn Gu\u00f0 \u00feinn mun gefa \u00fe\u00e9r og \u00fe\u00fa skalt leggja \u00fea\u00f0 \u00ed eina k\u00f6rf og ganga burt til \u00feess sta\u00f0ar sem Drottinn Gu\u00f0 \u00feinn mun \u00fatvelja \u00fear hans nafn skal b\u00faa. <span class=\"athugasemd\" title=\"Fyrstu \u00e1vextir skulu berast fyrir Drottin \/ Deut. 16\">[<\/span> Og \u00fe\u00fa skalt koma til \u00feess kennimannsins sem \u00fe\u00e1 er \u00e1 \u00feeim d\u00f6gum og segja til hans: &#8222;\u00c9g me\u00f0kenni \u00ed dag fyrir Drottni Gu\u00f0i \u00fe\u00ednum a\u00f0 \u00e9g er kominn \u00ed \u00fea\u00f0 land sem Drottinn s\u00f3r forfe\u00f0rum vorum a\u00f0 gefa oss.&#8220;<\/p>\n<p>\tOg presturinn skal taka k\u00f6rfina af \u00feinni hendi og setja hana ni\u00f0ur fyrir altari Drotitns Gu\u00f0s \u00fe\u00edns. \u00de\u00e1 skalt \u00fe\u00fa svara og segja fyrir Drottni \u00fe\u00ednum Gu\u00f0i: &#8222;Hinir s\u00fdrlensku vildu fyrirfara f\u00f6\u00f0ur m\u00ednum. \u00de\u00e1 dr\u00f3g hann ofan \u00ed Egyptaland og var \u00fear einn \u00fatlendingur me\u00f0 f\u00e1tt eitt f\u00f3lk og hann var\u00f0 \u00fear eitt mj\u00f6g \u00f6flugt og margt f\u00f3lk. En hinir egypsku breyttu illa vi\u00f0 oss og \u00fevingu\u00f0u oss og l\u00f6g\u00f0u einn har\u00f0an \u00fer\u00e6ld\u00f3m \u00e1 oss.<\/p>\n<p>\t\u00de\u00e1 k\u00f6llu\u00f0u v\u00e9r til Drottins Gu\u00f0s fe\u00f0ra vorra og Drottinn heyr\u00f0i vort \u00e1kall og s\u00e1 vora \u00fatleg\u00f0, angist og \u00e1nau\u00f0 og \u00fatleiddi oss af Egyptalandi me\u00f0 voldugri h\u00f6nd og \u00fatr\u00e9ttum armlegg og me\u00f0 miklum skelfingum, fyri t\u00e1kn og st\u00f3rmerki, og leiddi oss hinga\u00f0 til \u00feessa sta\u00f0ar og hefur gefi\u00f0 oss \u00feetta land sem mj\u00f3lk og hunang fl\u00fdtur inni. N\u00fa ber eg hinga\u00f0 \u00feann fyrsta \u00e1v\u00f6xt landsins sem \u00fe\u00fa, Drottinn, gefur m\u00e9r.&#8220; Og \u00fe\u00fa skalt l\u00e1ta \u00fea\u00f0 vera fyrir Drottni Gu\u00f0i \u00fe\u00ednum og tilbi\u00f0ja \u00fear Drottin Gu\u00f0 \u00feinn og gj\u00f6ra \u00feig gla\u00f0an yfir \u00f6llu \u00fev\u00ed g\u00f3\u00f0a sem Drottinn Gu\u00f0 \u00feinn hefur gefi\u00f0 \u00fe\u00e9r og \u00feitt heimkynni, \u00fe\u00fa og Lev\u00edtinn og s\u00e1 hinn framandi sem hj\u00e1 \u00fe\u00e9r er.<\/p>\n<p>\tN\u00e6r e\u00f0 \u00fe\u00fa hefur safna\u00f0 \u00f6llum t\u00edundum til samans af allri \u00feinni inntekt \u00e1 \u00fev\u00ed \u00feri\u00f0ja \u00e1rinu, \u00fea\u00f0 er eitt t\u00edunda \u00e1r, \u00fe\u00e1 skalt \u00fe\u00fa gefa Lev\u00edtanum, \u00feeim framanda, \u00feeim f\u00f6\u00f0urlausa og ekkjunni, a\u00f0 \u00feeir eti innan \u00feinna portdyra og ver\u00f0i mettir. <span class=\"athugasemd\" title=\"Deut. 14 \/ \u00dea\u00f0 t\u00edunda \u00e1r\">[<\/span> So skalt \u00fe\u00fa segja fyrir Drottni Gu\u00f0i \u00fe\u00ednum: &#8222;Eg hefi bori\u00f0 af m\u00ednu h\u00fasi \u00fea\u00f0 sem heilagt er gj\u00f6rt og hefi gefi\u00f0 Lev\u00edtanum, \u00fatlendinginum, hinum f\u00f6\u00f0urlausa og ekkjunni, eftir \u00f6llum \u00fe\u00ednum bo\u00f0or\u00f0um sem \u00fe\u00fa hefur bo\u00f0i\u00f0 m\u00e9r. <span class=\"athugasemd\" title=\"Ein \u00feakkargj\u00f6r\u00f0\">[<\/span> Eg hefi ekki afviki\u00f0 e\u00f0ur forgleymt \u00fe\u00ednum bo\u00f0or\u00f0um. Eg hefi \u00fear einskis afneytt \u00ed minni sorg og \u00fear ekki neitt afteki\u00f0 \u00ed m\u00ednum \u00f3hreinleika. Eg hefi ekki neitt gefi\u00f0 hinum dau\u00f0a \u00fear \u00fat af. Eg hefi veri\u00f0 raustinni Drottins Gu\u00f0s m\u00edns hl\u00fd\u00f0ugur og hefi gj\u00f6rt \u00fea\u00f0 allt sem hann hefur bo\u00f0i\u00f0 m\u00e9r. L\u00edttu ofan hinga\u00f0 af \u00fe\u00ednu heilaga s\u00e6ti \u00e1 himnum og blessa \u00fe\u00fa \u00cdsrael \u00feitt f\u00f3lk og \u00fea\u00f0 landi\u00f0 sem \u00fe\u00fa hefur gefi\u00f0 oss, so sem a\u00f0 \u00fe\u00fa hefur svari\u00f0 vorum forfe\u00f0rum, eitt land sem mj\u00f3lk og hunang innifl\u00fdtur.&#8220;<\/p>\n<p>\tDrottinn Gu\u00f0 \u00feinn b\u00fd\u00f0ur \u00fe\u00e9r \u00ed dag a\u00f0 \u00fe\u00fa skulir gj\u00f6ra eftir \u00f6llum \u00feessum bo\u00f0or\u00f0um og r\u00e9ttindum so a\u00f0 \u00fe\u00fa var\u00f0veitir \u00feau og gj\u00f6rir \u00fear eftir \u00f6llu hjarta og af allri \u00feinni gj\u00f6rvallri s\u00e1lu. <span class=\"athugasemd\" title=\"Deut. 7\">[<\/span> \u00de\u00fa hefur tala\u00f0 \u00ed dag fyrir Drottni a\u00f0 hann skuli vera \u00feinn Gu\u00f0, a\u00f0 \u00fe\u00fa viljir ganga \u00ed \u00f6llum hans vegum og halda hans l\u00f6gm\u00e1l, bo\u00f0or\u00f0 og r\u00e9ttindi og hl\u00fd\u00f0a hans raust. Og Drottinn hefur tilsagt \u00fe\u00e9r \u00ed dag a\u00f0 \u00fe\u00fa skulir vera hans eigi\u00f0 f\u00f3lk so sem \u00fea\u00f0 hann hefur sagt \u00fe\u00e9r, a\u00f0 \u00fe\u00fa skulir halda \u00f6ll hans bo\u00f0or\u00f0 og hann skuli upphefja \u00feig og a\u00f0 \u00fe\u00fa skulir hr\u00f3sast, pr\u00edsast og hei\u00f0rast yfir \u00f6llu f\u00f3lki sem hann hefur gj\u00f6rt, a\u00f0 \u00fe\u00fa s\u00e9rt eitt heilagt f\u00f3lk Drottins Gu\u00f0s \u00fe\u00edns so sem \u00fea\u00f0 hann hefur sagt.<\/p>\n","protected":false},"excerpt":{"rendered":"<p>N\u00e6r e\u00f0 \u00fe\u00fa innkemur \u00ed \u00fea\u00f0 land sem Drottinn Gu\u00f0 \u00feinn mun gefa \u00fe\u00e9r til a\u00f0 erfa og \u00fe\u00fa eignast \u00fea\u00f0 og b\u00fdr \u00fear inni \u00fe\u00e1 skalt \u00fe\u00fa taka \u00feann alls kyns fyrsta \u00e1v\u00f6xt \u00ed landinu s\u00e1 e\u00f0 kemur af \u00feeirri j\u00f6r\u00f0unni sem Drottinn Gu\u00f0 \u00feinn mun gefa \u00fe\u00e9r og \u00fe\u00fa skalt leggja \u00fea\u00f0 \u00ed eina k\u00f6rf og ganga burt til \u00feess sta\u00f0ar sem Drottinn Gu\u00f0 \u00feinn mun \u00fatvelja \u00fear hans nafn skal b\u00faa. [ Og \u00fe\u00fa skalt koma til \u00feess kennimannsins sem \u00fe\u00e1 er \u00e1 \u00feeim d\u00f6gum og segja til hans: &#8222;\u00c9g me\u00f0kenni \u00ed dag fyrir Drottni Gu\u00f0i \u00fe\u00ednum <a href=\"https:\/\/biblian.is\/gudbrandsbiblia\/fimmta-mosebok-26-kafli\/\"> [&#8230;]<\/a><\/p>\n","protected":false},"author":1,"featured_media":0,"parent":0,"menu_order":0,"comment_status":"open","ping_status":"open","template":"bibliukaflar.php","meta":{"footnotes":""},"class_list":["post-2871","page","type-page","status-publish","hentry"],"_links":{"self":[{"href":"https:\/\/biblian.is\/gudbrandsbiblia\/wp-json\/wp\/v2\/pages\/2871","targetHints":{"allow":["GET"]}}],"collection":[{"href":"https:\/\/biblian.is\/gudbrandsbiblia\/wp-json\/wp\/v2\/pages"}],"about":[{"href":"https:\/\/biblian.is\/gudbrandsbiblia\/wp-json\/wp\/v2\/types\/page"}],"author":[{"embeddable":true,"href":"https:\/\/biblian.is\/gudbrandsbiblia\/wp-json\/wp\/v2\/users\/1"}],"replies":[{"embeddable":true,"href":"https:\/\/biblian.is\/gudbrandsbiblia\/wp-json\/wp\/v2\/comments?post=2871"}],"version-history":[{"count":0,"href":"https:\/\/biblian.is\/gudbrandsbiblia\/wp-json\/wp\/v2\/pages\/2871\/revisions"}],"wp:attachment":[{"href":"https:\/\/biblian.is\/gudbrandsbiblia\/wp-json\/wp\/v2\/media?parent=2871"}],"curies":[{"name":"wp","href":"https:\/\/api.w.org\/{rel}","templated":true}]}}