{"id":2835,"date":"2017-12-18T18:31:54","date_gmt":"2017-12-18T18:31:54","guid":{"rendered":"http:\/\/biblian.is\/gudbrandsbiblia\/fjorda-mosebok-26-kafli\/"},"modified":"2017-12-18T18:31:54","modified_gmt":"2017-12-18T18:31:54","slug":"fjorda-mosebok-26-kafli","status":"publish","type":"page","link":"https:\/\/biblian.is\/gudbrandsbiblia\/fjorda-mosebok-26-kafli\/","title":{"rendered":"Fj\u00f3r\u00f0a M\u00f3seb\u00f3k 26. kafli"},"content":{"rendered":"<p>Og Drottinn tala\u00f0i til M\u00f3sen og Eleasar son Arons prests: &#8222;Telji\u00f0 allan alm\u00faga \u00cdsraelissona, tv\u00edtuga og \u00fea\u00f0an af eldri, eftir \u00feeirra fe\u00f0ra h\u00fasi, alla \u00fe\u00e1 sem f\u00e6rir eru til bardaga \u00e1 me\u00f0al \u00cdsrael.&#8220; Og M\u00f3ses og Eleasar prestur t\u00f6lu\u00f0u vi\u00f0 \u00fe\u00e1 \u00e1 v\u00f6llum M\u00f3ab hj\u00e1 J\u00f3rdan gegnt Jer\u00edk\u00f3, \u00feeir sem tuttugu \u00e1ra voru og \u00fea\u00f0an af eldri, svo sem Drottinn haf\u00f0i bo\u00f0i\u00f0 M\u00f3se og \u00cdsraelssonum sem fari\u00f0 h\u00f6f\u00f0u af Egyptalandi.<\/p>\n<p>\tR\u00faben \u00cdsraelis frumgetni son. \u00deessir voru synir R\u00faben: Hanok af hverjum Hanok \u00e6ttkv\u00edsl kemur, Pall\u00fa af hverjum a\u00f0 kemur Pall\u00fa\u00edta \u00e6ttkv\u00edsl, Hesrom af hverjum Hesrom\u00edta \u00e6ttkv\u00edsl kemur, Karm\u00ed af hverjum Karm\u00edta \u00e6ttkv\u00edsl kemur. <span class=\"athugasemd\" title=\"1 \/ R\u00faben\">[<\/span> \u00deetta eru \u00e6ttkv\u00edslir fr\u00e1 R\u00faben og \u00feeir voru a\u00f0 t\u00f6lu \u00ferj\u00e1r og fj\u00f6rutygi \u00fe\u00fasundir sj\u00f6 hundru\u00f0 og \u00ferj\u00e1tygir.<\/p>\n<p>\tEn synir Pall\u00fa voru El\u00edab og synir El\u00edab voru Nem\u00fael og Datan og Ab\u00edram. \u00dea\u00f0 er s\u00e1 Datan og Ab\u00edram sem voru nafnkunnugir \u00e1 me\u00f0al alm\u00fagans, \u00feeir sem settu sig upp \u00ed m\u00f3ti M\u00f3se og Aron me\u00f0 \u00feeim selskap K\u00f3ra, \u00fe\u00e1 \u00feeir settu sig upp \u00ed m\u00f3ti Drottni. Og j\u00f6r\u00f0in uppl\u00e9t sinn munn og svelgdi \u00fe\u00e1 me\u00f0 K\u00f3ra \u00fe\u00e1 s\u00e1 flokkur d\u00f3 og eldurinn uppbrenndi tv\u00f6 hundru\u00f0 og fimmtygi manna og voru til eins merkis. En synir K\u00f3ra d\u00f3u ekki.<\/p>\n<p>\tSynir S\u00edmeon \u00ed \u00feeirra \u00e6ttkv\u00edslum voru: Nem\u00fael, \u00fea\u00f0an er komin Nem\u00fael\u00edtanna \u00e6ttkv\u00edsl; Jam\u00edn, \u00fea\u00f0an er komin Jam\u00edta \u00e6ttkv\u00edsl; Jak\u00edn, \u00fear af kemur Jak\u00edtanna \u00e6ttkv\u00edsl; Sera, \u00fear af kemur Serah\u00edtanna \u00e6ttkv\u00edsl; S\u00e1l, \u00fear af er komin S\u00e1l\u00edtanna \u00e6ttkv\u00edsl. <span class=\"athugasemd\" title=\"2 \/ S\u00edmeon\">[<\/span> \u00deessi kynsl\u00f3\u00f0 er komin af S\u00edmeon, tv\u00e6r og tuttugu \u00fe\u00fasundir og tv\u00f6 hundru\u00f0.<\/p>\n<p>\tSynir Ga\u00f0 \u00ed \u00feeirra \u00e6ttkv\u00edslum voru S\u00edf\u00f3n, \u00fear af kemur S\u00edf\u00f3n\u00edtanna \u00e6ttkv\u00edsl; Hagg\u00ed, \u00fear af kemur Hagg\u00edtanna \u00e6ttkv\u00edsl; S\u00fan\u00ed, \u00fear af kemur S\u00fan\u00edtarna \u00e6ttkv\u00edsl; Osn\u00ed, \u00fear af kemur Osn\u00edtanna \u00e6ttkv\u00edsl; Er\u00ed, \u00fear af er komin Er\u00edtanna \u00e6ttkv\u00edsl; Ar\u00f3d, \u00fear af er komin Ar\u00f3d\u00edtanna \u00e6ttkv\u00edsl; Ar\u00edel, \u00fear af er komin Ar\u00edel\u00edtanna \u00e6ttkv\u00edsl. <span class=\"athugasemd\" title=\"3 \/ Ga\u00f0\">[<\/span> \u00deetta eru \u00e6ttkv\u00edslir sona Ga\u00f0 eftir \u00feeirra t\u00f6lu, fj\u00f6rutygi \u00fe\u00fasundir og fimm hundru\u00f0.<\/p>\n<p>\tSynir J\u00fada: Ger og \u00d3nan, hverjir b\u00e1\u00f0ir d\u00f3u \u00ed Kanaanslandi. En synir J\u00fada \u00ed \u00feeirra kynkv\u00edslum voru \u00feessir: Sela, \u00fear af kom Sela\u00edtanna \u00e6ttkv\u00edsl; Peres, \u00fear af er komin Peres\u00edtanna \u00e6ttkv\u00edsl; Sera, \u00fear af er kamin Serah\u00edtanna \u00e6ttkv\u00edsl. En synir Peres voru: Hesron, \u00fear af er komin Hesron\u00edtanna \u00e6ttkv\u00edsl; Ham\u00fal, \u00fear af kemur Ham\u00fal\u00edta \u00e6ttkv\u00edsl. <span class=\"athugasemd\" title=\"4 \/ J\u00fada\">[<\/span> \u00deetta eru J\u00fada kynkv\u00edslir \u00ed \u00feeirra t\u00f6lu, sex og sj\u00f6tygi \u00fe\u00fasundir og fimm hundru\u00f0.<\/p>\n<p>\tSynir \u00cdsaskar \u00ed \u00feeirra kynkv\u00edslum voru: T\u00f3la, \u00fear af er komin T\u00f3la\u00edtanna \u00e6ttkv\u00edsl; P\u00faa, \u00fear af er komin P\u00faan\u00edtanna \u00e6ttkv\u00edsl; Jas\u00fab, \u00fear af er komin Jas\u00fab\u00edtanna \u00e6ttkv\u00edsl; S\u00edmeon, \u00fear af kemur S\u00edmeon\u00edta \u00e6ttkv\u00edsl. <span class=\"athugasemd\" title=\"5 \/ \u00cdsaskar\">[<\/span> \u00deessar eru \u00cdsaskar \u00e6ttkv\u00edslir \u00ed sinni t\u00f6lu, fj\u00f3rar og sextygi \u00fe\u00fasundir og \u00ferj\u00fa hundru\u00f0.<\/p>\n<p>\tSynir Seb\u00falon \u00ed \u00feeirra kynkv\u00edslum: Sared, \u00fear af kemur Sard\u00edta \u00e6ttkv\u00edsl; Elon, af honum kemur Elon\u00edta \u00e6ttkv\u00edsl; Jahelel, \u00fear af er komin Jahelel\u00edta \u00e6ttkv\u00edsl. <span class=\"athugasemd\" title=\"6 \/ Seb\u00falon\">[<\/span> \u00deessar eru \u00e6ttkv\u00edslir Seb\u00falon eftir \u00feeirra t\u00f6lu sextygu \u00fe\u00fasundir og fimm hundru\u00f0.<\/p>\n<p>\tSynir J\u00f3sef \u00ed \u00feeirra kynkv\u00edslum voru: Manasse og Efra\u00edm. <span class=\"athugasemd\" title=\"7 \/ J\u00f3sef\">[<\/span> En synir Manasse voru: Mak\u00edr, \u00fear af er komin Mak\u00edr\u00edtanna kynkv\u00edsl. Mak\u00edr gat G\u00edlea\u00f0, \u00fear af er komin G\u00edlea\u00f0\u00edta \u00e6ttkv\u00edsl. En \u00feessir eru synir G\u00edlea\u00f0: H\u00e9ser, \u00fear af er komin H\u00e9seiternis \u00e6ttkv\u00edsl; Helek, \u00fear af er komin Helek\u00edtanna \u00e6ttkv\u00edsl; Asr\u00edel, \u00fear af er komin Asr\u00edel\u00edtanna \u00e6ttkv\u00edsl; S\u00edkem, \u00fear af er komin S\u00edkem\u00edtanna \u00e6ttkv\u00edsl; Sm\u00edda, \u00fear af er komin Sm\u00edd\u00edtanna \u00e6ttkv\u00edsl; Hefer, \u00fea\u00f0an er komin Hefer\u00edtanna \u00e6ttkv\u00edsl. En Selapea\u00f0 var son Hefer og haf\u00f0i \u00f6ngva syni nema d\u00e6tur, sem h\u00e9tu Mahela, N\u00f3a, Hagla, Milka, Tirsa. \u00deessar eru \u00e6ttkv\u00edslir Manasses \u00ed sinni t\u00f6lu tv\u00e6r og fimmtygi \u00fe\u00fasundir og sj\u00f6 hundru\u00f0.<\/p>\n<p>\tSynir Efra\u00edm \u00ed s\u00ednum kynkv\u00edslum voru: S\u00fatela, \u00fear af er komin S\u00fatela\u00edtanna \u00e6ttkv\u00edsl; Beker, \u00fear af er komin Beker\u00edtanna \u00e6ttkv\u00edsl; Tahan, \u00fear af er komin Tahan\u00edtanna \u00e6ttkv\u00edsl. <span class=\"athugasemd\" title=\"8 \/ Efra\u00edm\">[<\/span> En synir S\u00fatela voru: Eran, \u00fear af er komin Eran\u00edtanna \u00e6ttkv\u00edsl. \u00deessir eru synir Efra\u00edm \u00e6ttkv\u00edslar \u00ed \u00feeirra t\u00f6lu tv\u00e6r og \u00ferj\u00e1tygu \u00fe\u00fasundir og fimm hundru\u00f0. \u00deetta eru synir J\u00f3sef \u00ed \u00feeirra \u00e6ttkv\u00edslum.<\/p>\n<p>\tSynir Benjam\u00edn \u00ed \u00feeirra kynkv\u00edslum voru: Bela, \u00fear af kemur Belal\u00edta \u00e6ttkv\u00edsl; Asbel, \u00fear af kemur Asbel\u00edta \u00e6ttkv\u00edsl; Ah\u00edram, \u00fear af kemur Ah\u00edram\u00edternis \u00e6ttkv\u00edsl; S\u00fafam, \u00fear af er komin S\u00fafam\u00edternis \u00e6ttkv\u00edsl; H\u00fafam, \u00fear af er komin H\u00fafam\u00edternis \u00e6ttkv\u00edsl. <span class=\"athugasemd\" title=\"9 \/ Benjam\u00edn\">[<\/span> En synir Bela voru \u00feeir Ard og Naeman, \u00fear af er komin Ard\u00edta og Naeman\u00edta \u00e6ttkv\u00edsl. \u00deessir eru synir Benjam\u00edn \u00ed s\u00ednum kynsl\u00f3\u00f0um a\u00f0 t\u00f6lu fimm og fj\u00f6rutygir \u00fe\u00fasundir og se hundru\u00f0.<\/p>\n<p>\tSynir Dan \u00ed \u00feeirra \u00e6ttkv\u00edslum eru: S\u00faham, \u00fear af er komin S\u00faham\u00edternis \u00e6ttkv\u00edsl. <span class=\"athugasemd\" title=\"10 \/ Dan\">[<\/span> \u00deetta voru \u00e6ttkv\u00edslir Dan me\u00f0 \u00feeirra kyni og \u00feeir voru allir saman a\u00f0 t\u00f6lu fj\u00f3rar og sextygi \u00fe\u00fasundir og fj\u00f6gur hundru\u00f0.<\/p>\n<p>\tSynir Asser \u00ed \u00feeirra \u00e6ttkv\u00edslum voru: Jemna, \u00fear af er komin Jemn\u00edta \u00e6ttkv\u00edsl; Jes\u00fa\u00ed, \u00fear af er komin Jes\u00fa\u00edta \u00e6ttkv\u00edsl; Br\u00eda, \u00fear af er komin Br\u00edt\u00edta \u00e6ttkv\u00edsl. En synir Br\u00eda voru Heber, \u00fear af er komin Hebr\u00edta \u00e6ttkv\u00edsl; Melk\u00edel, \u00fear af er komin Melk\u00edel\u00edta \u00e6ttkv\u00edsl. <span class=\"athugasemd\" title=\"11 \/ Asser\">[<\/span> Og d\u00f3ttir Asser h\u00e9t Sara. \u00deessi er \u00e6ttkv\u00edsl sona Asser a\u00f0 t\u00f6lu \u00ferj\u00e1r og fimmtygi \u00fe\u00fasundir og fj\u00f6gur hundru\u00f0.<\/p>\n<p>\tSynir Neftal\u00ed \u00ed \u00feeirra kynkv\u00edslum voru: Jahes\u00edel, \u00fear af er komin Jehes\u00edel\u00edta \u00e6ttkv\u00edsl; G\u00fan\u00ed, \u00fear af er komin G\u00fan\u00edta \u00e6ttkv\u00edsl; Jeser, \u00fear af er komin Jeser\u00edta \u00e6ttkv\u00edsl; Sillem, \u00fear af er komin Sillem\u00edta \u00e6ttkv\u00edsl. <span class=\"athugasemd\" title=\"12 \/ Neftal\u00ed\">[<\/span> \u00deetta eru n\u00fa kynkv\u00edslir Neftal\u00ed a\u00f0 t\u00f6lu fimm og fj\u00f6rut\u00edu \u00fe\u00fasundir og fj\u00f6gur hundru\u00f0. <span class=\"athugasemd\" title=\"Summa allra \u00cdsraelssona\">[<\/span> \u00deetta er manntal \u00cdsraelissona: Sex sinnum hundra\u00f0 \u00fe\u00fasundir eitt \u00fe\u00fasund sj\u00f6 hundru\u00f0 og \u00ferj\u00e1tygu.<\/p>\n<p>\tOg Drottinn tala\u00f0i vi\u00f0 M\u00f3sen og sag\u00f0i: &#8222;\u00de\u00fa skalt \u00ed sundurskipta landinu millum \u00feessara \u00feeim til erf\u00f0ar, eftir manntali. \u00de\u00fa skalt gefa \u00feeim sem margir eru miki\u00f0 a\u00f0 erfa en f\u00e1m l\u00edti\u00f0. S\u00e9rhverjum skal gefa eftir \u00feeirra t\u00f6lu. \u00de\u00f3 skal sundurskipta landinu me\u00f0 hlutkesti, eftir nafni \u00e6ttkv\u00edslanna \u00feeirra fe\u00f0ra skulu \u00feeir arf taka \u00fev\u00ed \u00fe\u00fa skalt \u00fatskipta \u00feeirra erf\u00f0 eftir hlutfalli so sem \u00feeir eru margir og f\u00e1ir til.&#8220;<\/p>\n<p>\tOg \u00feetta er summan \u00e1 Lev\u00edtunum \u00ed \u00feeirra \u00e6ttkv\u00edslum: Gerson, af honum er kominm Gerson\u00edta \u00e6ttkv\u00edsl; Kahat, af honum er Kahat\u00edta \u00e6ttkv\u00edsl; Merar\u00ed, af honum eru Merar\u00edta \u00e6ttkv\u00edslir. \u00deessar eru Lev\u00ed \u00e6ttkv\u00edslir: Libn\u00edta \u00e6ttkv\u00edsl, Hebron\u00edta \u00e6ttkv\u00edsl, Mahal\u00edta \u00e6ttkv\u00edsl, M\u00fas\u00edta \u00e6ttkv\u00edsl, K\u00f3rah\u00edta \u00e6ttkv\u00edsl.<\/p>\n<p>\tKahat gat Amram og kvinna Amram h\u00e9t Jokebe\u00f0, d\u00f3ttir Lev\u00ed, hver honum f\u00e6ddist \u00ed Egyptalandi. <span class=\"athugasemd\" title=\"Levit. 10 \/ Para. 14\">[<\/span> H\u00fan f\u00e6ddi Amram, Aron og M\u00f3sen og Mar\u00edam \u00feeirra systir. En Aroni f\u00e6ddist Nadab, Ab\u00edh\u00fa, Eleasar og \u00cdtamar. En Nadab og Ab\u00edh\u00fa d\u00f3u \u00fe\u00e1 \u00feeir offru\u00f0u annarlegum eldi fyrir Drottni. Og talan \u00e1 \u00feeim var \u00ferj\u00e1r og tuttugu \u00fe\u00fasundir allt kallkyns m\u00e1na\u00f0argamalt og \u00fea\u00f0an af eldra. <span class=\"athugasemd\" title=\"Summa Lev\u00edtanna\">[<\/span> \u00dev\u00ed a\u00f0 \u00feeir voru eigi reikna\u00f0ir \u00e1 millum \u00cdsraelssona og h\u00f6f\u00f0u \u00f6ngva arft\u00f6ku \u00ed \u00cdsrael.<\/p>\n<p>\t\u00deetta er summan \u00cdsraelissona sem M\u00f3ses og presturinn Eleasar t\u00f6ldu \u00e1 v\u00f6llum M\u00f3ab\u00edtis hj\u00e1 J\u00f3rdan gagnvart Jer\u00edk\u00f3. <span class=\"athugasemd\" title=\"Num. 14\">[<\/span> Me\u00f0al hverra enginn var af \u00fev\u00ed manntali \u00fe\u00e1 M\u00f3ses og presturinn Aron t\u00f6ldu \u00cdsraelssonu \u00ed ey\u00f0im\u00f6rku S\u00edna\u00ed. \u00dev\u00ed Drottinn haf\u00f0i sagt til \u00feeirra a\u00f0 \u00feeir skyldu deyja \u00ed ey\u00f0im\u00f6rkinni og \u00fear lif\u00f0i enginn eftir utan Kaleb son Jef\u00fanne og J\u00f3s\u00faa son N\u00fan.<\/p>\n","protected":false},"excerpt":{"rendered":"<p>Og Drottinn tala\u00f0i til M\u00f3sen og Eleasar son Arons prests: &#8222;Telji\u00f0 allan alm\u00faga \u00cdsraelissona, tv\u00edtuga og \u00fea\u00f0an af eldri, eftir \u00feeirra fe\u00f0ra h\u00fasi, alla \u00fe\u00e1 sem f\u00e6rir eru til bardaga \u00e1 me\u00f0al \u00cdsrael.&#8220; Og M\u00f3ses og Eleasar prestur t\u00f6lu\u00f0u vi\u00f0 \u00fe\u00e1 \u00e1 v\u00f6llum M\u00f3ab hj\u00e1 J\u00f3rdan gegnt Jer\u00edk\u00f3, \u00feeir sem tuttugu \u00e1ra voru og \u00fea\u00f0an af eldri, svo sem Drottinn haf\u00f0i bo\u00f0i\u00f0 M\u00f3se og \u00cdsraelssonum sem fari\u00f0 h\u00f6f\u00f0u af Egyptalandi. R\u00faben \u00cdsraelis frumgetni son. \u00deessir voru synir R\u00faben: Hanok af hverjum Hanok \u00e6ttkv\u00edsl kemur, Pall\u00fa af hverjum a\u00f0 kemur Pall\u00fa\u00edta \u00e6ttkv\u00edsl, Hesrom af hverjum Hesrom\u00edta \u00e6ttkv\u00edsl kemur, Karm\u00ed af hverjum <a href=\"https:\/\/biblian.is\/gudbrandsbiblia\/fjorda-mosebok-26-kafli\/\"> [&#8230;]<\/a><\/p>\n","protected":false},"author":1,"featured_media":0,"parent":0,"menu_order":0,"comment_status":"open","ping_status":"open","template":"bibliukaflar.php","meta":{"footnotes":""},"class_list":["post-2835","page","type-page","status-publish","hentry"],"_links":{"self":[{"href":"https:\/\/biblian.is\/gudbrandsbiblia\/wp-json\/wp\/v2\/pages\/2835","targetHints":{"allow":["GET"]}}],"collection":[{"href":"https:\/\/biblian.is\/gudbrandsbiblia\/wp-json\/wp\/v2\/pages"}],"about":[{"href":"https:\/\/biblian.is\/gudbrandsbiblia\/wp-json\/wp\/v2\/types\/page"}],"author":[{"embeddable":true,"href":"https:\/\/biblian.is\/gudbrandsbiblia\/wp-json\/wp\/v2\/users\/1"}],"replies":[{"embeddable":true,"href":"https:\/\/biblian.is\/gudbrandsbiblia\/wp-json\/wp\/v2\/comments?post=2835"}],"version-history":[{"count":0,"href":"https:\/\/biblian.is\/gudbrandsbiblia\/wp-json\/wp\/v2\/pages\/2835\/revisions"}],"wp:attachment":[{"href":"https:\/\/biblian.is\/gudbrandsbiblia\/wp-json\/wp\/v2\/media?parent=2835"}],"curies":[{"name":"wp","href":"https:\/\/api.w.org\/{rel}","templated":true}]}}