{"id":2826,"date":"2017-12-18T18:31:50","date_gmt":"2017-12-18T18:31:50","guid":{"rendered":"http:\/\/biblian.is\/gudbrandsbiblia\/fjorda-mosebok-17-kafli\/"},"modified":"2017-12-18T18:31:50","modified_gmt":"2017-12-18T18:31:50","slug":"fjorda-mosebok-17-kafli","status":"publish","type":"page","link":"https:\/\/biblian.is\/gudbrandsbiblia\/fjorda-mosebok-17-kafli\/","title":{"rendered":"Fj\u00f3r\u00f0a M\u00f3seb\u00f3k 17. kafli"},"content":{"rendered":"<p>Og Drottinn tala\u00f0i vi\u00f0 M\u00f3sen og sag\u00f0i: &#8222;Tala \u00fe\u00fa vi\u00f0 \u00cdsraelssonu og tak t\u00f3l v\u00f6ndu af \u00feeim, eirn af hv\u00f6rjum h\u00f6f\u00f0ingja s\u00edns f\u00f6\u00f0urs h\u00fass, og skrifa s\u00e9rhv\u00f6rs nafn \u00e1 hans vendi. En Arons nafn skaltu skrifa \u00e1 v\u00f6nd Lev\u00ed. \u00dev\u00ed a\u00f0 sinn v\u00f6ndur skal vera fyrir hv\u00f6rt h\u00f6fu\u00f0 af \u00feeirra fe\u00f0ra h\u00fasi. Og legg \u00fe\u00e1 \u00ed vitnisbur\u00f0arins tjaldb\u00fa\u00f0 fyrir vitnisbur\u00f0inn \u00fear sem \u00e9g vitna fyrir y\u00f0ur. Og \u00feann \u00e9g \u00fatvel, \u00feess v\u00f6ndur skal bl\u00f3mgast, a\u00f0 \u00e9g megi so stilla m\u00f6gl \u00cdsraelissona \u00fea\u00f0 \u00feeir m\u00f6gla \u00ed m\u00f3ti y\u00f0ur.&#8220;<\/p>\n<p>\tM\u00f3ses tala\u00f0i vi\u00f0 \u00cdsraelssonu og allir \u00feeirra h\u00f6f\u00f0ingjar fengu honum t\u00f3lf v\u00f6ndu, hv\u00f6r h\u00f6f\u00f0ingi sinn v\u00f6nd, eftir \u00feeirra fe\u00f0ra h\u00fasi, og Arons v\u00f6ndur var \u00e1 me\u00f0al \u00feeirra vanda. Og M\u00f3ses lag\u00f0i v\u00f6nduna fyrir Drottin \u00ed vitnisbur\u00f0arins tjaldb\u00fa\u00f0. En um morguninn sem M\u00f3ses gekk inn \u00ed vitnisbur\u00f0arins tjaldb\u00fa\u00f0 fann han Arons v\u00f6nd af Lev\u00ed h\u00fasi, a\u00f0 hann var bl\u00f3mga\u00f0ur or\u00f0inn og bl\u00f3mstri\u00f0 var \u00fatsprungi\u00f0 og bar mandelkorn. <span class=\"athugasemd\" title=\"Arons v\u00f6ndur bl\u00f3mgast (JHS: \u00feetta er vi\u00f0 byrjun n\u00e6stu efnisgreinar, en \u00e1 vi\u00f0 h\u00e9r)\">[<\/span> Og M\u00f3ses bar alla v\u00f6nduna \u00fat fr\u00e1 Drottni til allra \u00cdsraelssona so \u00feeir s\u00e1u \u00fe\u00e1 og hv\u00f6r t\u00f3k vi\u00f0 s\u00ednum vendi.<\/p>\n<p>\tOg Drottinn sag\u00f0i til M\u00f3sen: &#8222;Ber Arons v\u00f6nd inn aftur fyrir vitnisbur\u00f0inn so hann s\u00e9 geymdur til eins merkis \u00feeim \u00f3hl\u00fd\u00f0nu sonum so a\u00f0 \u00feeirra m\u00f6glan afleggist fyrir m\u00e9r, so \u00feeir skulu ekki deyja.&#8220; M\u00f3ses gj\u00f6r\u00f0i sem Drottinn bau\u00f0 honum. Og \u00cdsraelssynir s\u00f6g\u00f0u til M\u00f3sen: &#8222;Sj\u00e1 \u00fe\u00fa, v\u00e9r fordj\u00f6rfumst og deyjum, v\u00e9r ver\u00f0um allir afm\u00e1\u00f0ir og fyrirf\u00f6rumst. Hv\u00f6r sem kemur n\u00e6r tjaldb\u00fa\u00f0 Drottins hann deyr. Skulum v\u00e9r \u00fe\u00e1 me\u00f0 \u00f6llu ey\u00f0ileggjast?&#8220;<\/p>\n","protected":false},"excerpt":{"rendered":"<p>Og Drottinn tala\u00f0i vi\u00f0 M\u00f3sen og sag\u00f0i: &#8222;Tala \u00fe\u00fa vi\u00f0 \u00cdsraelssonu og tak t\u00f3l v\u00f6ndu af \u00feeim, eirn af hv\u00f6rjum h\u00f6f\u00f0ingja s\u00edns f\u00f6\u00f0urs h\u00fass, og skrifa s\u00e9rhv\u00f6rs nafn \u00e1 hans vendi. En Arons nafn skaltu skrifa \u00e1 v\u00f6nd Lev\u00ed. \u00dev\u00ed a\u00f0 sinn v\u00f6ndur skal vera fyrir hv\u00f6rt h\u00f6fu\u00f0 af \u00feeirra fe\u00f0ra h\u00fasi. Og legg \u00fe\u00e1 \u00ed vitnisbur\u00f0arins tjaldb\u00fa\u00f0 fyrir vitnisbur\u00f0inn \u00fear sem \u00e9g vitna fyrir y\u00f0ur. Og \u00feann \u00e9g \u00fatvel, \u00feess v\u00f6ndur skal bl\u00f3mgast, a\u00f0 \u00e9g megi so stilla m\u00f6gl \u00cdsraelissona \u00fea\u00f0 \u00feeir m\u00f6gla \u00ed m\u00f3ti y\u00f0ur.&#8220; M\u00f3ses tala\u00f0i vi\u00f0 \u00cdsraelssonu og allir \u00feeirra h\u00f6f\u00f0ingjar fengu honum t\u00f3lf v\u00f6ndu, hv\u00f6r <a href=\"https:\/\/biblian.is\/gudbrandsbiblia\/fjorda-mosebok-17-kafli\/\"> [&#8230;]<\/a><\/p>\n","protected":false},"author":1,"featured_media":0,"parent":0,"menu_order":0,"comment_status":"open","ping_status":"open","template":"bibliukaflar.php","meta":{"footnotes":""},"class_list":["post-2826","page","type-page","status-publish","hentry"],"_links":{"self":[{"href":"https:\/\/biblian.is\/gudbrandsbiblia\/wp-json\/wp\/v2\/pages\/2826","targetHints":{"allow":["GET"]}}],"collection":[{"href":"https:\/\/biblian.is\/gudbrandsbiblia\/wp-json\/wp\/v2\/pages"}],"about":[{"href":"https:\/\/biblian.is\/gudbrandsbiblia\/wp-json\/wp\/v2\/types\/page"}],"author":[{"embeddable":true,"href":"https:\/\/biblian.is\/gudbrandsbiblia\/wp-json\/wp\/v2\/users\/1"}],"replies":[{"embeddable":true,"href":"https:\/\/biblian.is\/gudbrandsbiblia\/wp-json\/wp\/v2\/comments?post=2826"}],"version-history":[{"count":0,"href":"https:\/\/biblian.is\/gudbrandsbiblia\/wp-json\/wp\/v2\/pages\/2826\/revisions"}],"wp:attachment":[{"href":"https:\/\/biblian.is\/gudbrandsbiblia\/wp-json\/wp\/v2\/media?parent=2826"}],"curies":[{"name":"wp","href":"https:\/\/api.w.org\/{rel}","templated":true}]}}