{"id":2824,"date":"2017-12-18T18:31:50","date_gmt":"2017-12-18T18:31:50","guid":{"rendered":"http:\/\/biblian.is\/gudbrandsbiblia\/fjorda-mosebok-15-kafli\/"},"modified":"2017-12-18T18:31:50","modified_gmt":"2017-12-18T18:31:50","slug":"fjorda-mosebok-15-kafli","status":"publish","type":"page","link":"https:\/\/biblian.is\/gudbrandsbiblia\/fjorda-mosebok-15-kafli\/","title":{"rendered":"Fj\u00f3r\u00f0a M\u00f3seb\u00f3k 15. kafli"},"content":{"rendered":"<p>Og Drottinn tala\u00f0i vi\u00f0 M\u00f3sen og sag\u00f0i: &#8222;Tala vi\u00f0 \u00cdsraelssonu og seg\u00f0u til \u00feeirra: \u00de\u00e1 \u00fe\u00e9r komi\u00f0 \u00ed \u00fea\u00f0 land sem \u00fe\u00e9r skulu\u00f0 byggja, hvert a\u00f0 \u00e9g vil gefa y\u00f0ur, og \u00fe\u00e9r vilji\u00f0 gj\u00f6ra Drottni offur, hvert heldur \u00fea\u00f0 er eitt brennioffur e\u00f0a eitt offur fyrir nokkra s\u00e9rlega heitstrenging e\u00f0a er \u00fea\u00f0 eitt sj\u00e1lfviljugt offur e\u00f0a y\u00f0art h\u00e1t\u00ed\u00f0aoffur, so a\u00f0 \u00fe\u00e9r megi\u00f0 f\u00e6ra Drottni eirn s\u00e6tan ilm, af nautum e\u00f0a sau\u00f0um,<span class=\"athugasemd\" title=\"Kirkjul\u00f6gin\">[<\/span> <\/p>\n<p>\thv\u00f6r sem n\u00fa vill offra Drottni s\u00edna g\u00e1fu hann skal f\u00e6ra matoffur \u00feann t\u00edunda part hveitimj\u00f6lssarla blanda\u00f0 vi\u00f0 fj\u00f3r\u00f0ung af h\u00edn vi\u00f0smj\u00f6rs og inn fj\u00f3r\u00f0a part af h\u00edn v\u00edns til drykkjaroffurs, til eirnrar brennif\u00f3rnar, e\u00f0ur nokkurs annars offurs, \u00feegar eitt lamb er haft til f\u00f3rnar. En \u00fe\u00e1 einn hr\u00fatur er f\u00f3rnf\u00e6r\u00f0ur \u00fe\u00e1 skalt \u00fe\u00fa gj\u00f6ra matoffur tvo t\u00edunda parta hveitissarla blanda\u00f0 me\u00f0 oleo, \u00feri\u00f0ja part af h\u00edn og inn \u00feri\u00f0ja part af h\u00edn v\u00edns til drykjaroffurs, \u00fea\u00f0 skaltu offra Drottni til eins s\u00e6ts ilms.<\/p>\n<p>\tViljir \u00fe\u00fa offra Drottni einum uxa til einnrar brennif\u00f3rnar e\u00f0a til eirnrar s\u00e9rlegrar lofunarf\u00f3rnar e\u00f0a til eins \u00feakkl\u00e6tisoffurs Drottni, \u00fe\u00e1 skalt \u00fe\u00fa offra me\u00f0 sama uxa til matoffurs \u00feremur t\u00edundum hveitisarla blanda\u00f0 me\u00f0 h\u00e1lfri h\u00edn vi\u00f0smj\u00f6rs og eina h\u00e1lfa h\u00edn v\u00edns til drykkjaroffurs, \u00fea\u00f0 er offur Drottni til eins s\u00e6tleiks ilms. So skaltu gj\u00f6ra vi\u00f0 s\u00e9rhv\u00f6rn uxa, hr\u00fata, sau\u00f0i, l\u00f6mb og geitur. Eftir t\u00f6lu \u00feessara f\u00f3rna \u00fe\u00e1 skal og talan vera \u00e1 matoffrinu og so drykkjaroffrinu.<\/p>\n<p>\tS\u00e1 sem \u00fear er heima alinn hj\u00e1 y\u00f0ur hann skal soddan gj\u00f6ra, a\u00f0 hann f\u00e6ri Drottni offur til eins s\u00e6ts ilms. En ef \u00fear er nokkur framandi me\u00f0al y\u00f0ar e\u00f0a \u00e1 me\u00f0al y\u00f0ar \u00e6ttar og vill gj\u00f6ra Drottni eitt offur til eins s\u00e6ts ilms, hann skal gj\u00f6ra l\u00edka so sem \u00fe\u00e9r gj\u00f6ri\u00f0. <span class=\"athugasemd\" title=\"R\u00e9ttur \u00feess framanda eins sem hins innlenda\">[<\/span> Ein skikkan skal vera \u00f6llum s\u00f6fnu\u00f0i, b\u00e6\u00f0i hj\u00e1 y\u00f0ur og so hj\u00e1 \u00feeim fr\u00f6mundum. \u00dea\u00f0 skal vera ein \u00e6vinleg skikkan hj\u00e1 y\u00f0rum eftirkomendum og s\u00e1 inn framandi skal vera fyrir Drottni l\u00edka sem \u00fe\u00e9r. Eitt l\u00f6gm\u00e1l, eirn r\u00e9ttur skal vera, b\u00e6\u00f0i fyrir y\u00f0ur og so fyrir \u00fe\u00e1 framandi sem b\u00faa hj\u00e1 y\u00f0ur.&#8220;<\/p>\n<p>\tOg Drottinn tala\u00f0i vi\u00f0 M\u00f3sen og sag\u00f0i: &#8222;Tala \u00fe\u00fa vi\u00f0 \u00cdsraelissonu og seg \u00fe\u00fa til \u00feeirra: \u00de\u00e1 \u00fe\u00e9r komi\u00f0 \u00ed \u00fea\u00f0 land sem \u00e9g vil lei\u00f0a y\u00f0ur \u00fat\u00ed, \u00fe\u00e1 \u00fe\u00e9r eti\u00f0 af brau\u00f0inu \u00feess lands \u00fe\u00e1 skulu \u00fe\u00e9r gefa Drottni eitt upplyftingaroffur, sem er eina k\u00f6ku af y\u00f0ar fyrsta degi skulu \u00fe\u00e9r gefa til upplyftingar. <span class=\"athugasemd\" title=\"Exod. 23 \/ Deut. 8\">[<\/span> L\u00edka sem \u00fe\u00e9r f\u00e6r\u00f0u\u00f0 upplyftingarf\u00f3rn af y\u00f0ar kornhl\u00f6\u00f0u, so skulu \u00fe\u00e9r og hj\u00e1 y\u00f0ar eftirkomendum gefa Drottni \u00fea\u00f0 fyrsta af y\u00f0ar deigi til upplyftingar.<\/p>\n<p>\tOg \u00feegar \u00fe\u00e9r s\u00f6kum \u00f3visku gj\u00f6ri\u00f0 ekki nokku\u00f0 af \u00feessum bo\u00f0or\u00f0um sem Drottinn hefur tala\u00f0 til M\u00f3sen og allt \u00fea\u00f0 sem Herrann hefur bo\u00f0i\u00f0 y\u00f0ur fyrir M\u00f3sen, fr\u00e1 \u00feeim degi sem hann t\u00f3k fyrst til a\u00f0 skipa y\u00f0rum eftirkomendum: Ef alm\u00faginn gj\u00f6rir n\u00fa nokku\u00f0 me\u00f0 \u00f3viljaverki \u00fe\u00e1 skal allur alm\u00faginn taka eirn ungan uxa af f\u00e9na\u00f0inum til brennif\u00f3rnar, til eins s\u00e6ts ilms fyrir Drottni, me\u00f0 s\u00ednu matoffri og drykkjaroffri, so sem tilheyrir, og eirn kjarnhafur til syndaoffurs. <span class=\"athugasemd\" title=\"F\u00f3rnir fyrir \u00f3vitandi syndir \/ Levit. 4\">[<\/span> \u00de\u00e1 skal presturinn gj\u00f6ra eina forl\u00edkan fyrir allan alm\u00faga \u00cdsraelissona. So er \u00feeim \u00fea\u00f0 fyrirgefi\u00f0 \u00fev\u00ed \u00fea\u00f0 er \u00f3viljaverk. Og \u00feeir skulu bera Drottni \u00feessar s\u00ednar g\u00e1fur til eins offurs og \u00feeirra syndaoffur fyrir Drottni fyrir \u00feeirra gleymsku, svo ver\u00f0ur \u00fea\u00f0 \u00f6llum alm\u00faganum \u00cdsraelissona fyrirgefi\u00f0, so og l\u00edka \u00feeim fr\u00f6mundum sem a\u00f0 b\u00faa \u00e1 me\u00f0al y\u00f0ar me\u00f0 \u00fev\u00ed a\u00f0 allt f\u00f3lki\u00f0 er \u00ed svoddan \u00f3visku.<\/p>\n<p>\tEn \u00feegar ein s\u00e1l syndgar af f\u00e1visku, h\u00fan skal f\u00e6ra eina geit \u00e1rsgamla fram til eins syndaoffurs. Og presturinn skal forl\u00edka sl\u00edka \u00f3vitandi s\u00e1l me\u00f0 syndoffri fyrir \u00fe\u00e1 \u00f3visku fyrir Drottni, a\u00f0 hann forl\u00edki hana, so er \u00fea\u00f0 henni fyrirgefi\u00f0. Og \u00feetta skal vera eitt l\u00f6gm\u00e1l a\u00f0 \u00fe\u00e9r skulu\u00f0 gj\u00f6ra fyrir f\u00e1viskunni, b\u00e6\u00f0i fyrir \u00feeim innlenda \u00e1 me\u00f0al \u00cdsraelissona og \u00feeim framanda sem b\u00fdr \u00e1 me\u00f0al y\u00f0ar.<\/p>\n<p>\tEn \u00fe\u00e1 ein s\u00e1l gj\u00f6rir nokku\u00f0 af s\u00ednum metna\u00f0i, hvert sem h\u00fan er innlensk e\u00f0a framandi, s\u00fa hefur forakta\u00f0 Drottin. Soddan ein s\u00e1l skal afm\u00e1\u00f0 ver\u00f0a fr\u00e1 s\u00ednu f\u00f3lki fyrir \u00fev\u00ed h\u00fan fyrirleit Drottins or\u00f0 og forl\u00e9t hans bo\u00f0. H\u00fan skal me\u00f0 \u00f6llu afm\u00e1st, h\u00fan skal bera sitt rangl\u00e6ti.&#8220;<\/p>\n<p>\tOg \u00fea\u00f0 ske\u00f0i \u00fe\u00e1 \u00cdsraelssynir voru \u00ed ey\u00f0im\u00f6rkunni fundu \u00feeir einn mann hv\u00f6r e\u00f0 saman safna\u00f0i trj\u00e1m \u00e1 einum sabbatsdegi. <span class=\"athugasemd\" title=\"S\u00e1 gr\u00fdtist \u00ed hel sem las saman tr\u00e9 \u00e1 sabbatsdegi\">[<\/span> En \u00feeir sem fundu hann a\u00f0 \u00feessu verki trj\u00e1num a\u00f0 safna leiddu hann fyrir M\u00f3sen og Aron og fyrir allan s\u00f6fnu\u00f0inn. Og \u00feeir settu hann \u00ed fangelsi. \u00dev\u00ed \u00fea\u00f0 var enn ekki lj\u00f3st or\u00f0i\u00f0 hva\u00f0 \u00feeir skyldu gj\u00f6ra vi\u00f0 hann. En Drottinn sag\u00f0i til M\u00f3sen: &#8222;S\u00e1 ma\u00f0ur skal vissilega deyja, allur alm\u00faginn skal berja hann grj\u00f3ti til bana utan herb\u00fa\u00f0anna. \u00de\u00e1 f\u00e6r\u00f0i allur alm\u00faginn hann \u00fat yfir herb\u00fa\u00f0irnar og gr\u00fdttu hann \u00ed hel, eftir \u00fev\u00ed sem Drottinn haf\u00f0i bo\u00f0i\u00f0 M\u00f3se.<\/p>\n<p>\tOg Drottinn tala\u00f0i vi\u00f0 M\u00f3sen og sag\u00f0i: Tala vi\u00f0 \u00cdsraelissonu og seg til \u00feeirra a\u00f0 \u00feeir skulu gj\u00f6ra s\u00e9r fald \u00e1 l\u00f6fum \u00feeirra kyrtla, \u00e1 me\u00f0al allra y\u00f0ar eftirkomenda, og setja gula dregla yfir s\u00f6mu falda \u00e1 l\u00f6funum. Og s\u00f6mu dreglar skulu \u00fe\u00e9na y\u00f0ur \u00fear til a\u00f0 \u00fe\u00e9r skulu\u00f0 horfa \u00e1 \u00fe\u00e1 og minnast \u00e1 \u00f6ll bo\u00f0or\u00f0 Drottins og gj\u00f6ra \u00feau og ekki r\u00e9tta y\u00f0ur eftir hugbo\u00f0i y\u00f0ars hjarta og eigi heldur fremja h\u00f3rd\u00f3m eftir y\u00f0rum augum. \u00dear fyrir skulu \u00fe\u00e9r minnast \u00e1 og gj\u00f6ra \u00f6ll m\u00edn bo\u00f0 og vera heilagir fyrir y\u00f0rum Gu\u00f0i. \u00c9g Drottinn y\u00f0ar Gu\u00f0 sem hefur \u00fatleitt y\u00f0ur af Egyptalandi, svo a\u00f0 \u00e9g s\u00e9 y\u00f0ar Gu\u00f0. \u00c9g Drottinn y\u00f0ar Gu\u00f0.&#8220;<\/p>\n","protected":false},"excerpt":{"rendered":"<p>Og Drottinn tala\u00f0i vi\u00f0 M\u00f3sen og sag\u00f0i: &#8222;Tala vi\u00f0 \u00cdsraelssonu og seg\u00f0u til \u00feeirra: \u00de\u00e1 \u00fe\u00e9r komi\u00f0 \u00ed \u00fea\u00f0 land sem \u00fe\u00e9r skulu\u00f0 byggja, hvert a\u00f0 \u00e9g vil gefa y\u00f0ur, og \u00fe\u00e9r vilji\u00f0 gj\u00f6ra Drottni offur, hvert heldur \u00fea\u00f0 er eitt brennioffur e\u00f0a eitt offur fyrir nokkra s\u00e9rlega heitstrenging e\u00f0a er \u00fea\u00f0 eitt sj\u00e1lfviljugt offur e\u00f0a y\u00f0art h\u00e1t\u00ed\u00f0aoffur, so a\u00f0 \u00fe\u00e9r megi\u00f0 f\u00e6ra Drottni eirn s\u00e6tan ilm, af nautum e\u00f0a sau\u00f0um,[ hv\u00f6r sem n\u00fa vill offra Drottni s\u00edna g\u00e1fu hann skal f\u00e6ra matoffur \u00feann t\u00edunda part hveitimj\u00f6lssarla blanda\u00f0 vi\u00f0 fj\u00f3r\u00f0ung af h\u00edn vi\u00f0smj\u00f6rs og inn fj\u00f3r\u00f0a part af h\u00edn v\u00edns <a href=\"https:\/\/biblian.is\/gudbrandsbiblia\/fjorda-mosebok-15-kafli\/\"> [&#8230;]<\/a><\/p>\n","protected":false},"author":1,"featured_media":0,"parent":0,"menu_order":0,"comment_status":"open","ping_status":"open","template":"bibliukaflar.php","meta":{"footnotes":""},"class_list":["post-2824","page","type-page","status-publish","hentry"],"_links":{"self":[{"href":"https:\/\/biblian.is\/gudbrandsbiblia\/wp-json\/wp\/v2\/pages\/2824","targetHints":{"allow":["GET"]}}],"collection":[{"href":"https:\/\/biblian.is\/gudbrandsbiblia\/wp-json\/wp\/v2\/pages"}],"about":[{"href":"https:\/\/biblian.is\/gudbrandsbiblia\/wp-json\/wp\/v2\/types\/page"}],"author":[{"embeddable":true,"href":"https:\/\/biblian.is\/gudbrandsbiblia\/wp-json\/wp\/v2\/users\/1"}],"replies":[{"embeddable":true,"href":"https:\/\/biblian.is\/gudbrandsbiblia\/wp-json\/wp\/v2\/comments?post=2824"}],"version-history":[{"count":0,"href":"https:\/\/biblian.is\/gudbrandsbiblia\/wp-json\/wp\/v2\/pages\/2824\/revisions"}],"wp:attachment":[{"href":"https:\/\/biblian.is\/gudbrandsbiblia\/wp-json\/wp\/v2\/media?parent=2824"}],"curies":[{"name":"wp","href":"https:\/\/api.w.org\/{rel}","templated":true}]}}