{"id":2820,"date":"2017-12-18T18:31:50","date_gmt":"2017-12-18T18:31:50","guid":{"rendered":"http:\/\/biblian.is\/gudbrandsbiblia\/fjorda-mosebok-11-kafli\/"},"modified":"2017-12-18T18:31:50","modified_gmt":"2017-12-18T18:31:50","slug":"fjorda-mosebok-11-kafli","status":"publish","type":"page","link":"https:\/\/biblian.is\/gudbrandsbiblia\/fjorda-mosebok-11-kafli\/","title":{"rendered":"Fj\u00f3r\u00f0a M\u00f3seb\u00f3k 11. kafli"},"content":{"rendered":"<p>Og \u00fe\u00e1 l\u00fd\u00f0urinn var\u00f0 \u00f3\u00feolinm\u00f3\u00f0ur, \u00fea\u00f0 misl\u00edka\u00f0i fyrir eyrum Drottins. <span class=\"athugasemd\" title=\"M\u00f6gl f\u00f3lksins\">[<\/span> Og \u00feegar Drottinn heyr\u00f0i \u00fea\u00f0 var\u00f0 hann rei\u00f0ur og eldur Drottins kom upp \u00e1 me\u00f0al \u00feeirra og uppbrenndi \u00fe\u00e6r ystu herb\u00fa\u00f0ir. \u00de\u00e1 kalla\u00f0i f\u00f3lki\u00f0 til M\u00f3sen og M\u00f3ses ba\u00f0 til Drottins og so hvarf eldurinn. Og menn k\u00f6llu\u00f0u \u00feann sta\u00f0 Tabera, s\u00f6kum \u00feess a\u00f0 eldur Drottins uppkveiktist \u00e1 me\u00f0al \u00feeirra.<\/p>\n<p>\t\u00dev\u00ed alm\u00fagaf\u00f3lki\u00f0 \u00e1 me\u00f0al \u00feeirra \u00fea\u00f0 f\u00e9kk lysting og sat og gr\u00e9t me\u00f0 \u00cdsraelssonum og sag\u00f0i: &#8222;Hv\u00f6r vill gefa oss kj\u00f6t a\u00f0 eta? <span class=\"athugasemd\" title=\"Tabera\">[<\/span> V\u00e9r endurminnunst \u00feeirra fiska sem v\u00e9r \u00e1tum fyrir ekkert \u00ed Egyptalandi, cucumeres, repones, lauk og rau\u00f0lauk og hv\u00edtlauk. En n\u00fa eru andir vorar \u00fereyttar, \u00fev\u00ed vor augu sj\u00e1 ekkert anna\u00f0 utan \u00feetta man.&#8220;<\/p>\n<p>\tEn man var l\u00edka sem k\u00f3r\u00edanderfr\u00e6 og \u00fev\u00edl\u00edkast a\u00f0 sj\u00e1 sem bedell\u00edon. <span class=\"athugasemd\" title=\"Man \/ Exod. 16 \/ Psal. 78 \/ J\u00f3h. 6 \/ Sap. 16\">[<\/span> Og f\u00f3lki\u00f0 f\u00f3r hinga\u00f0 og \u00feanga\u00f0 og t\u00edndi \u00fea\u00f0 upp og m\u00f6lu\u00f0u \u00fea\u00f0 undir kvern og steyttu \u00fea\u00f0 \u00ed mort\u00e9li og su\u00f0u \u00fea\u00f0 \u00ed pottum og gj\u00f6r\u00f0u \u00fear af k\u00f6kur og \u00fe\u00e6r sm\u00f6kku\u00f0u sem v\u00e6ri \u00fe\u00e6r menga\u00f0ar me\u00f0 oleo. Og \u00feegar n\u00e1ttd\u00f6gg f\u00e9ll yfir herb\u00fa\u00f0irnar \u00fe\u00e1 f\u00e9ll og man \u00fear ofan me\u00f0.<\/p>\n<p>\t\u00de\u00e1 M\u00f3ses heyr\u00f0i n\u00fa a\u00f0 f\u00f3lki\u00f0 gr\u00e9t me\u00f0 s\u00ednum kynkv\u00edslum, hv\u00f6r \u00ed s\u00ednum tjalddyrum, \u00fe\u00e1 gramdist rei\u00f0i Drottins mj\u00f6g \u00feunglega og M\u00f3ses var\u00f0 og hryggur. \u00de\u00e1 sag\u00f0i M\u00f3ses til Drottins: &#8222;Hvar fyrir hrellir \u00fe\u00fa \u00feinn \u00fe\u00e9nara og \u00fev\u00ed finn \u00e9g ekki n\u00e1\u00f0 fyrir \u00fe\u00ednum augum, a\u00f0 \u00fe\u00fa leggur upp\u00e1 mig byr\u00f0i alls \u00feessa f\u00f3lks? Hefi \u00e9g n\u00fa geti\u00f0 e\u00f0a f\u00e6tt allt \u00feetta f\u00f3lk, so \u00fe\u00fa megir segja til m\u00edn: Ber \u00fe\u00e1 \u00ed \u00fe\u00ednum fa\u00f0mi (l\u00edka sem ein f\u00f3stra ber eitt barn) inn \u00ed \u00fea\u00f0 land sem \u00fe\u00fa lofa\u00f0 \u00feeirra fe\u00f0rum? <span class=\"athugasemd\" title=\"M\u00f3ses sturlast\">[<\/span> Hvar skal \u00e9g taka kj\u00f6t a\u00f0 gefa \u00f6llu \u00feessu f\u00f3lki? \u00dea\u00f0 \u00e6pir fyrir m\u00e9r og segir: Gef oss kj\u00f6t a\u00f0 eta. \u00c9g einnsaman get ekki bori\u00f0 allt \u00feetta f\u00f3lk, \u00fev\u00ed \u00fea\u00f0 er m\u00e9r of \u00feungt. Og viltu so gj\u00f6ra vi\u00f0 mig, \u00fe\u00e1 l\u00edfl\u00e1t mig heldur, hafi \u00e9g annars fundi\u00f0 n\u00e1\u00f0 fyrir \u00fe\u00ednum augum, a\u00f0 \u00e9g sj\u00e1i ekki svo m\u00edna \u00f3lukku.&#8220;<\/p>\n<p>\tOg Drottinn sag\u00f0i til M\u00f3sen: &#8222;Samansafna m\u00e9r sj\u00f6tygi m\u00f6nnum af \u00f6ldungum \u00cdsraels, sem \u00fe\u00fa veist a\u00f0 \u00feeir s\u00e9u elstir \u00e1 me\u00f0al f\u00f3lksins og \u00feeirra b\u00edfalningsmenn eru, og lei\u00f0 \u00fe\u00e1 fyrir vitnisbur\u00f0arins tjaldb\u00fa\u00f0 og skikka \u00fe\u00e1 \u00fear fram fyrir mig. <span class=\"athugasemd\" title=\"70 \u00f6ldungar \u00fatveljast\">[<\/span> So vil \u00e9g koma ofan og tala \u00fear vi\u00f0 \u00feig og taka af \u00feeim Anda sem er me\u00f0 \u00fe\u00e9r og leggja \u00e1 \u00fe\u00e1 so a\u00f0 \u00feeir beri f\u00f3lksins \u00feunga me\u00f0 \u00fe\u00e9r so \u00fe\u00fa skulir ekki einn bera hann.<\/p>\n<p>\tOg \u00fe\u00fa skalt segja til f\u00f3lksins: Helgi\u00f0 y\u00f0ur til morguns og munu \u00fe\u00e9r eta kj\u00f6t, \u00fev\u00ed y\u00f0ar gr\u00e1tur er kominn fyrir eyru Drottins, \u00fe\u00e9r sem segi\u00f0: Hver gefur oss kj\u00f6t a\u00f0 eta? \u00dev\u00ed \u00fea\u00f0 gekk oss vel \u00ed Egyptalandi. \u00dear fyrir mun Drottinn gefa y\u00f0ur kj\u00f6t a\u00f0 eta, ekki einn dag, ekki tvo, ekki fimm, ekki t\u00edu, e\u00f0a tuttugu um kring, heldur einn m\u00e1nu\u00f0, \u00feanga\u00f0 til \u00fea\u00f0 gengur \u00fat um y\u00f0ar nasir so y\u00f0ur velgi vi\u00f0 \u00fev\u00ed, fyrir \u00fev\u00ed \u00fe\u00e9r hafi\u00f0 \u00ed burtkasta\u00f0 Drottni sem \u00e1 me\u00f0al y\u00f0ar er og hafi\u00f0 gr\u00e1ti\u00f0 fyrir honum og sagt: Hvar fyrir erum v\u00e9r \u00fatgengnir af Egyptalandi?&#8220;<\/p>\n<p>\tOg M\u00f3ses sag\u00f0i: &#8222;\u00deetta f\u00f3lk er sex sinnum hundra\u00f0 \u00fe\u00fasund f\u00f3tg\u00f6nguli\u00f0ar, me\u00f0al hv\u00f6rra \u00e9g em, og \u00fe\u00fa segir: \u00c9g vil gefa y\u00f0ur kj\u00f6t a\u00f0 eta allan m\u00e1nu\u00f0 \u00ed gegnum. <span class=\"athugasemd\" title=\"M\u00f3ses er efasamur\">[<\/span> Skal nokku\u00f0 sl\u00e1 ni\u00f0ur naut og sau\u00f0i so a\u00f0 \u00feeim megi n\u00e6gjast? E\u00f0a skulu allir fiskar sj\u00f3arins safnast hinga\u00f0 so \u00feeir se\u00f0jist af?&#8220; Drottinn sag\u00f0i til M\u00f3sen: &#8222;Er \u00fe\u00e1 h\u00f6nd Drottins <span class=\"athugasemd\" title=\"sword \u00f3styrk\">[<\/span> stutt or\u00f0in? N\u00fa skaltu sj\u00e1 hvert m\u00edn or\u00f0 fyllast me\u00f0 verki e\u00f0ur ei.&#8220;<\/p>\n<p>\tOg M\u00f3ses gekk \u00fat og sag\u00f0i or\u00f0 Drottins fyrir f\u00f3lkinu. Og hann heimti saman \u00fe\u00e1 sj\u00f6tygi menn af \u00f6ldungum f\u00f3lksins og l\u00e9t \u00fe\u00e1 standa kringum tjaldb\u00fa\u00f0ina. <span class=\"athugasemd\" title=\"70 menn \u00fatvaldir til stj\u00f3rnara\">[<\/span> \u00de\u00e1 kom Drottinn ni\u00f0ur \u00ed sk\u00fdinu og tala\u00f0i vi\u00f0 hann. Og hann t\u00f3k af \u00feeim Anda sem var me\u00f0 honum og gaf hann \u00feeim sj\u00f6tygi \u00f6ldungum. Og \u00feegar Andinn hv\u00edldist yfir \u00feeim \u00fe\u00e1 sp\u00e1\u00f0u \u00feeir og l\u00e9tu ekki af.<\/p>\n<p>\tEn \u00fear voru tveir menn eftir \u00ed herb\u00fa\u00f0unum, einn h\u00e9t Eldad en annar Medad, og Andinn hv\u00edldist yfir \u00feeim, \u00fev\u00ed \u00feeir voru og so uppskrifa\u00f0ir en voru \u00fe\u00f3 ekki \u00fatgengnir til tjaldb\u00fa\u00f0arinnar, og \u00feeir sp\u00e1\u00f0u \u00ed herb\u00fa\u00f0unum. <span class=\"athugasemd\" title=\"Eldad \/ Medad\">[<\/span> \u00de\u00e1 hlj\u00f3p eitt ungmenni burt og undirv\u00edsa\u00f0i \u00fea\u00f0 M\u00f3se og sag\u00f0i: &#8222;Eldad og Medad sp\u00e1 \u00ed herb\u00fa\u00f0unum.&#8220; \u00de\u00e1 svara\u00f0i J\u00f3s\u00faa son N\u00fan, M\u00f3ses \u00fe\u00e9nari, sem hann haf\u00f0i \u00fatvali\u00f0, og sag\u00f0i: &#8222;M\u00f3ses, minn herra, fyrirbj\u00f3\u00f0 \u00fe\u00fa \u00feeim \u00fea\u00f0.&#8220; En M\u00f3ses sag\u00f0i til hans: &#8222;Vandl\u00e6tir \u00fe\u00fa minna vegna? G\u00e6fi Gu\u00f0 a\u00f0 allt f\u00f3lk Drottins sp\u00e1i og a\u00f0 Drotitnn vildi gefa sinn Anda yfir \u00fe\u00e1.&#8220; Og M\u00f3ses og \u00f6ldungarnir af \u00cdsrael komu aftur \u00ed herb\u00fa\u00f0irnar.<\/p>\n<p>\t\u00de\u00e1 gekk \u00fat vindur fr\u00e1 Drottni og l\u00e9t <span class=\"athugasemd\" title=\"sword Coturnices\">[<\/span> vaktela koma af sj\u00f3num og dreif\u00f0i \u00feeim yfir herb\u00fa\u00f0irnar umhverfis, svo v\u00edtt sem daglei\u00f0 v\u00e6ri. \u00deeir flugu tveggja \u00e1lna h\u00e1tt yfir j\u00f6r\u00f0unni. \u00de\u00e1 st\u00f3\u00f0 f\u00f3lki\u00f0 upp og safna\u00f0i vakteler allan \u00feann sama dag og alla \u00fe\u00e1 n\u00f3tt og allan annan daginn og s\u00e1 sem minnstu safna\u00f0i hann f\u00e9kk t\u00edu h\u00f3mor og \u00feeir festu \u00fe\u00e1 upp kringum allar herb\u00fa\u00f0irnar.<\/p>\n<p>\t\u00de\u00e1 kj\u00f6ti\u00f0 var enn n\u00fa \u00ed millum \u00feeirra tanna og \u00e1\u00f0ur en \u00fev\u00ed var loki\u00f0 \u00fe\u00e1 gramdist rei\u00f0i Drottins f\u00f3lkinu og sl\u00f3 \u00fea\u00f0 me\u00f0 eirni mj\u00f6g st\u00f3rri <span class=\"athugasemd\" title=\"sword Dreps\u00f3tt\">[<\/span> pl\u00e1gu. \u00dear af kallast s\u00e1 sta\u00f0ur Girndargrafir, s\u00f6kum \u00feess a\u00f0 \u00fea\u00f0 f\u00f3lk sem kj\u00f6t girntist var jar\u00f0a\u00f0 \u00ed \u00feeim sama sta\u00f0. <span class=\"athugasemd\" title=\"Girndargrafir\">[<\/span> F\u00f3lki\u00f0 f\u00f3r fr\u00e1 Girndargr\u00f6funum til Haser\u00f3t og voru \u00ed Haser\u00f3t.<\/p>\n","protected":false},"excerpt":{"rendered":"<p>Og \u00fe\u00e1 l\u00fd\u00f0urinn var\u00f0 \u00f3\u00feolinm\u00f3\u00f0ur, \u00fea\u00f0 misl\u00edka\u00f0i fyrir eyrum Drottins. [ Og \u00feegar Drottinn heyr\u00f0i \u00fea\u00f0 var\u00f0 hann rei\u00f0ur og eldur Drottins kom upp \u00e1 me\u00f0al \u00feeirra og uppbrenndi \u00fe\u00e6r ystu herb\u00fa\u00f0ir. \u00de\u00e1 kalla\u00f0i f\u00f3lki\u00f0 til M\u00f3sen og M\u00f3ses ba\u00f0 til Drottins og so hvarf eldurinn. Og menn k\u00f6llu\u00f0u \u00feann sta\u00f0 Tabera, s\u00f6kum \u00feess a\u00f0 eldur Drottins uppkveiktist \u00e1 me\u00f0al \u00feeirra. \u00dev\u00ed alm\u00fagaf\u00f3lki\u00f0 \u00e1 me\u00f0al \u00feeirra \u00fea\u00f0 f\u00e9kk lysting og sat og gr\u00e9t me\u00f0 \u00cdsraelssonum og sag\u00f0i: &#8222;Hv\u00f6r vill gefa oss kj\u00f6t a\u00f0 eta? [ V\u00e9r endurminnunst \u00feeirra fiska sem v\u00e9r \u00e1tum fyrir ekkert \u00ed Egyptalandi, cucumeres, repones, lauk og <a href=\"https:\/\/biblian.is\/gudbrandsbiblia\/fjorda-mosebok-11-kafli\/\"> [&#8230;]<\/a><\/p>\n","protected":false},"author":1,"featured_media":0,"parent":0,"menu_order":0,"comment_status":"open","ping_status":"open","template":"bibliukaflar.php","meta":{"footnotes":""},"class_list":["post-2820","page","type-page","status-publish","hentry"],"_links":{"self":[{"href":"https:\/\/biblian.is\/gudbrandsbiblia\/wp-json\/wp\/v2\/pages\/2820","targetHints":{"allow":["GET"]}}],"collection":[{"href":"https:\/\/biblian.is\/gudbrandsbiblia\/wp-json\/wp\/v2\/pages"}],"about":[{"href":"https:\/\/biblian.is\/gudbrandsbiblia\/wp-json\/wp\/v2\/types\/page"}],"author":[{"embeddable":true,"href":"https:\/\/biblian.is\/gudbrandsbiblia\/wp-json\/wp\/v2\/users\/1"}],"replies":[{"embeddable":true,"href":"https:\/\/biblian.is\/gudbrandsbiblia\/wp-json\/wp\/v2\/comments?post=2820"}],"version-history":[{"count":0,"href":"https:\/\/biblian.is\/gudbrandsbiblia\/wp-json\/wp\/v2\/pages\/2820\/revisions"}],"wp:attachment":[{"href":"https:\/\/biblian.is\/gudbrandsbiblia\/wp-json\/wp\/v2\/media?parent=2820"}],"curies":[{"name":"wp","href":"https:\/\/api.w.org\/{rel}","templated":true}]}}