{"id":2797,"date":"2017-12-18T18:31:47","date_gmt":"2017-12-18T18:31:47","guid":{"rendered":"http:\/\/biblian.is\/gudbrandsbiblia\/thridja-mosebok-15-kafli\/"},"modified":"2017-12-18T18:31:47","modified_gmt":"2017-12-18T18:31:47","slug":"thridja-mosebok-15-kafli","status":"publish","type":"page","link":"https:\/\/biblian.is\/gudbrandsbiblia\/thridja-mosebok-15-kafli\/","title":{"rendered":"\u00deri\u00f0ja M\u00f3seb\u00f3k 15. kafli"},"content":{"rendered":"<p>Og Drottinn tala\u00f0i vi\u00f0 M\u00f3sen og Aron og sag\u00f0i: &#8222;Segi\u00f0 \u00cdsraelssonum og tali\u00f0 so til \u00feeirra: N\u00e6r \u00fear rennur bl\u00f3\u00f0 af nokkurs manns holdi, hann er \u00f3hreinn. <span class=\"athugasemd\" title=\"L\u00edk\u00fer\u00e1 og \u00f6nnur fleiri saurugleiki mannsins l\u00edkama\">[<\/span> En \u00fe\u00e1 er hann \u00f3hreinn af \u00feeirri afr\u00e1s n\u00e6r hans hold v\u00e6gir e\u00f0a svellur \u00fear af. Allt \u00fea\u00f0 sem hann liggur \u00e1 og allt \u00fea\u00f0 hann situr \u00e1 ver\u00f0ur \u00f3hreint. Og hver sem snertur hans s\u00e6ng, hann skal \u00fevo s\u00edn f\u00f6t og lauga sig \u00ed vatni og vera \u00f3hreinn til kvelds. <\/p>\n<p>\tOg hv\u00f6r sem setur sig ni\u00f0ur \u00fear sem hann hefur \u00e1\u00f0ur seti\u00f0 hann skal \u00fevo s\u00edn kl\u00e6\u00f0i og lauga sig \u00ed vatni og vera \u00f3hreinn til kvelds. Hv\u00f6r sem snertur hans hold hann skal \u00fevo s\u00edn kl\u00e6\u00f0i og lauga sig \u00ed vatni og vera \u00f3hreinn til kvelds. Ef hann sp\u00fdtir upp\u00e1 nokkurn \u00feann sem er hreinn \u00fe\u00e1 skal s\u00e1 \u00fevo s\u00edn kl\u00e6\u00f0i og lauga sig \u00ed vatni og vera \u00f3hreinn til kvelds.<\/p>\n<p>\tOg s\u00e1 s\u00f6\u00f0ull sem hann r\u00ed\u00f0ur \u00ed ver\u00f0ur \u00f3hreinn. Og hv\u00f6r sem snertur nokku\u00f0 af \u00fev\u00ed sem hann hefur haft undir s\u00e9r s\u00e1 er \u00f3hreinn til kvelds. Og hv\u00f6r sem ber nokku\u00f0 svodan hann skal \u00fevo s\u00edn kl\u00e6\u00f0i og lauga sig \u00ed vatni og vera \u00f3hreinn til kvelds. Og hv\u00f6rn hann snertur \u00e1\u00f0ur en hann \u00fev\u00e6r s\u00e9r hann skal \u00fevo s\u00edn kl\u00e6\u00f0i og lauga sig \u00ed vatni og vera \u00f3hreinn til kvelds. N\u00e6r hann kemur vi\u00f0 nokku\u00f0 leirker \u00fe\u00e1 skal \u00fea\u00f0 brj\u00f3tast \u00ed sundur. En tr\u00e9ker skulu menn \u00fevo \u00ed vatni.<\/p>\n<p>\tEn \u00fe\u00e1 hann ver\u00f0ur hreinn af sinni bl\u00f3\u00f0r\u00e1s \u00fe\u00e1 skal hann telja sj\u00f6 daga fr\u00e1 \u00fev\u00ed hann er or\u00f0inn hreinn og \u00fevo s\u00edn kl\u00e6\u00f0i og lauga sitt hold \u00ed rennanda vatni, so er hann hreinn. Og \u00e1 \u00feeim \u00e1ttunda degi skal hann taka tv\u00e6r turtild\u00fafur e\u00f0a tvo d\u00fafuunga og bera \u00fe\u00e1 fram fyrir Drottin fyrir vitnisbur\u00f0arb\u00fa\u00f0ardyrnar og gefa \u00fe\u00e1 prestinum. Og presturinn skal gj\u00f6ra eitt syndaoffur af \u00f6\u00f0rum \u00feeirra en brennioffur af \u00f6\u00f0rum og <span class=\"athugasemd\" title=\"sword bi\u00f0ja fyrir honum\">[<\/span> forl\u00edka hann fyrir Drottni vegna hans bl\u00f3\u00f0r\u00e1sar.<\/p>\n<p>\tEf nokkurs manns s\u00e6\u00f0i fl\u00fdtur fr\u00e1 honum \u00ed svefni hann skal ba\u00f0a allan sinn l\u00edkama \u00ed vatni og vera \u00f3hreinn til kvelds. Og \u00f6ll \u00feau kl\u00e6\u00f0i og allt \u00fea\u00f0 skinn sem me\u00f0 \u00fev\u00edl\u00edku s\u00e6\u00f0i er saurga\u00f0 skal hann \u00fevo \u00ed vatni og \u00fea\u00f0 skal vera \u00f3hreinn til kvelds. Ein kvinna hj\u00e1 hv\u00f6rri \u00fev\u00edl\u00edkur ma\u00f0ur liggur \u00feau skulu ba\u00f0a sig \u00ed vatni og vera \u00f3hrein til kvelds.<\/p>\n<p>\tN\u00e6r ein kvinna hefur bl\u00f3\u00f0l\u00e1t \u00e1 s\u00ednum l\u00edkama h\u00fan skal vera fyrir sj\u00e1lfa sig \u00ed sj\u00f6 daga. <span class=\"athugasemd\" title=\"Kvinnan sem hefur sitt bl\u00f3\u00f0l\u00e1t\">[<\/span> Hver hana snertur hann er \u00f3hreinn til kvelds. Og allt \u00fea\u00f0 h\u00fan liggur \u00e1 svo lengi h\u00fan hefur sinn t\u00edma \u00fea\u00f0 er \u00f3hreint og \u00fea\u00f0 sem h\u00fan situr \u00e1 ver\u00f0ur \u00f3hreint. Og hver sem snertur hennar s\u00e6ng hann skal \u00fevo s\u00edn kl\u00e6\u00f0i og lauga sig \u00ed vatni og vera \u00f3hreinn til kvelds. Og hver sem snertur nokku\u00f0 af \u00fev\u00ed sem h\u00fan hefur seti\u00f0 \u00e1 hann skal \u00fevo s\u00edn kl\u00e6\u00f0i og lauga sig \u00ed vatni og vera \u00f3hreinn til kvelds. Og \u00feegar nokkur samrekkir henni og h\u00fan f\u00e6r sinn t\u00edma hj\u00e1 honum \u00fe\u00e1 ver\u00f0ur hann \u00f3hreinn \u00ed sj\u00f6 daga og s\u00fa s\u00e6ng sem hann l\u00e1 upp\u00e1 skal vera \u00f3hrein.<\/p>\n<p>\t\u00deegar nokkur kvinna hefur lengi sitt bl\u00f3\u00f0l\u00e1t, ekki alleinasta eftir venjulegum t\u00edma heldur og so yfir vanalegan t\u00edma, \u00fe\u00e1 skal h\u00fan vera \u00f3hrein so lengi sem h\u00fan hefur svoddan bl\u00f3\u00f0r\u00e1s. L\u00edka sem h\u00fan er \u00fe\u00e1 h\u00fan er yfir sig sj\u00e1lfa, so skal h\u00fan og h\u00e9r vera \u00f3hrein. Hv\u00f6r s\u00fa s\u00e6ng sem h\u00fan liggur upp\u00e1 alla \u00fe\u00e1 stund sem h\u00fan hefur \u00fea\u00f0 bl\u00f3\u00f0l\u00e1t skal vera l\u00edka sem s\u00fa s\u00e6ng \u00fe\u00e1 h\u00fan er fyrir sig sj\u00e1lfa. Og allt \u00fea\u00f0 h\u00fan situr \u00e1 ver\u00f0ur \u00f3hreint, l\u00edka sem s\u00e1 \u00f3hreinleiki er n\u00e6r h\u00fan er fyrir sig sj\u00e1lfa. Hv\u00f6r sem snertur nokku\u00f0 \u00fear af hann ver\u00f0ur \u00f3hreinn og skal \u00fevo s\u00edn kl\u00e6\u00f0i og lauga sig \u00ed vatni og vera \u00f3hreinn til kvelds.<\/p>\n<p>\tEn ver\u00f0i h\u00fan heil af s\u00ednu bl\u00f3\u00f0falli \u00fe\u00e1 skal h\u00fan telja sj\u00f6 daga, s\u00ed\u00f0an skal h\u00fan vera hrein. Og \u00e1 \u00feeim \u00e1ttunda degi skal h\u00fan taka tv\u00e6r turtild\u00fafur e\u00f0a tvo d\u00fafuunga og bera til prestsins fyrir vitnisbur\u00f0arins tjaldb\u00fa\u00f0ardyr. Og presturinn skal gj\u00f6ra eitt syndaoffur af \u00f6\u00f0rum \u00feeirra en eitt brennioffur af \u00f6\u00f0rum og skal <span class=\"athugasemd\" title=\"sword bi\u00f0ja fyrir henni\">[<\/span> forl\u00edka hana fyrir Drottni vegna henna \u00f3hreinindar\u00e1sar. <\/p>\n<p>\tSo skulu \u00fe\u00e9r vi\u00f0vara \u00cdsraelssonu vi\u00f0 \u00feeirra \u00f3hreinleika a\u00f0 \u00feeir deyi ekki \u00ed s\u00ednum saurindum n\u00e6r \u00feeir saurga m\u00edna tjaldb\u00fa\u00f0 sem er \u00e1 me\u00f0al \u00feeirra.&#8220;<\/p>\n<p>\t\u00deetta er l\u00f6gm\u00e1li\u00f0 um \u00feann sem hefur nokkra afr\u00e1s af s\u00ednum l\u00edkama og um \u00feann sem sitt s\u00e1\u00f0 l\u00e6tur fr\u00e1 s\u00e9r \u00ed svefni so hann ver\u00f0ur \u00f3hreinn \u00fear af og um hana sem hefur sitt bl\u00f3\u00f0fall, og hver sem hefur bl\u00f3\u00f0l\u00e1t, hv\u00f6rt \u00fea\u00f0 er heldur kallma\u00f0ur e\u00f0a kvinna, og \u00fe\u00e1 nokkur samrekkir \u00feeirri sem a\u00f0 er \u00f3hrein.<\/p>\n","protected":false},"excerpt":{"rendered":"<p>Og Drottinn tala\u00f0i vi\u00f0 M\u00f3sen og Aron og sag\u00f0i: &#8222;Segi\u00f0 \u00cdsraelssonum og tali\u00f0 so til \u00feeirra: N\u00e6r \u00fear rennur bl\u00f3\u00f0 af nokkurs manns holdi, hann er \u00f3hreinn. [ En \u00fe\u00e1 er hann \u00f3hreinn af \u00feeirri afr\u00e1s n\u00e6r hans hold v\u00e6gir e\u00f0a svellur \u00fear af. Allt \u00fea\u00f0 sem hann liggur \u00e1 og allt \u00fea\u00f0 hann situr \u00e1 ver\u00f0ur \u00f3hreint. Og hver sem snertur hans s\u00e6ng, hann skal \u00fevo s\u00edn f\u00f6t og lauga sig \u00ed vatni og vera \u00f3hreinn til kvelds. Og hv\u00f6r sem setur sig ni\u00f0ur \u00fear sem hann hefur \u00e1\u00f0ur seti\u00f0 hann skal \u00fevo s\u00edn kl\u00e6\u00f0i og lauga sig \u00ed <a href=\"https:\/\/biblian.is\/gudbrandsbiblia\/thridja-mosebok-15-kafli\/\"> [&#8230;]<\/a><\/p>\n","protected":false},"author":1,"featured_media":0,"parent":0,"menu_order":0,"comment_status":"open","ping_status":"open","template":"bibliukaflar.php","meta":{"footnotes":""},"class_list":["post-2797","page","type-page","status-publish","hentry"],"_links":{"self":[{"href":"https:\/\/biblian.is\/gudbrandsbiblia\/wp-json\/wp\/v2\/pages\/2797","targetHints":{"allow":["GET"]}}],"collection":[{"href":"https:\/\/biblian.is\/gudbrandsbiblia\/wp-json\/wp\/v2\/pages"}],"about":[{"href":"https:\/\/biblian.is\/gudbrandsbiblia\/wp-json\/wp\/v2\/types\/page"}],"author":[{"embeddable":true,"href":"https:\/\/biblian.is\/gudbrandsbiblia\/wp-json\/wp\/v2\/users\/1"}],"replies":[{"embeddable":true,"href":"https:\/\/biblian.is\/gudbrandsbiblia\/wp-json\/wp\/v2\/comments?post=2797"}],"version-history":[{"count":0,"href":"https:\/\/biblian.is\/gudbrandsbiblia\/wp-json\/wp\/v2\/pages\/2797\/revisions"}],"wp:attachment":[{"href":"https:\/\/biblian.is\/gudbrandsbiblia\/wp-json\/wp\/v2\/media?parent=2797"}],"curies":[{"name":"wp","href":"https:\/\/api.w.org\/{rel}","templated":true}]}}