{"id":2794,"date":"2017-12-18T18:31:47","date_gmt":"2017-12-18T18:31:47","guid":{"rendered":"http:\/\/biblian.is\/gudbrandsbiblia\/thridja-mosebok-12-kafli\/"},"modified":"2017-12-18T18:31:47","modified_gmt":"2017-12-18T18:31:47","slug":"thridja-mosebok-12-kafli","status":"publish","type":"page","link":"https:\/\/biblian.is\/gudbrandsbiblia\/thridja-mosebok-12-kafli\/","title":{"rendered":"\u00deri\u00f0ja M\u00f3seb\u00f3k 12. kafli"},"content":{"rendered":"<p>Og Drottinn tala\u00f0i vi\u00f0 M\u00f3sen og sag\u00f0i: &#8222;Tala vi\u00f0 \u00cdsraelssonu, segjandi: N\u00e6r ein kvinna f\u00e6r getna\u00f0 og f\u00e6\u00f0ir sveinbarn \u00fe\u00e1 skal h\u00fan vera sj\u00f6 daga \u00f3hrein, so lengi sem h\u00fan er \u00ed s\u00ednum sj\u00fakd\u00f3mi. <span class=\"athugasemd\" title=\"L\u00f6gm\u00e1l \u00feeirrar sem sveinbarn e\u00f0a meybarn f\u00e6\u00f0ir\">[<\/span> Og \u00e1 \u00e1ttunda degi skal umskera yfirh\u00fa\u00f0 \u00e1 \u00feess holdi. Og h\u00fan skal vera heima \u00ed \u00ferj\u00e1 og \u00ferj\u00e1tygi daga \u00ed bl\u00f3\u00f0i sinnar hreinsunar. H\u00fan skal ekki koma vi\u00f0 nokku\u00f0 \u00fea\u00f0 sem heilagt er og ekki skal h\u00fan koma til helgid\u00f3msins fyr en hennar hreinsunardagar eru enda\u00f0ir. En ef h\u00fan f\u00e6\u00f0ir eitt meybarn \u00fe\u00e1 skal h\u00fan vera \u00f3hrein tv\u00e6r vikur, so lengi sem h\u00fan er \u00ed s\u00ednum sj\u00fakd\u00f3mi. Og h\u00fan skal vera heima \u00ed s\u00ednu h\u00fasi sex og sextygu daga \u00ed bl\u00f3\u00f0i hennar hreinsunar.<\/p>\n<p>\tOg \u00fe\u00e1 hennar hreinsunardagar eru \u00fati fyrir son e\u00f0a fyrir d\u00f3ttur \u00fe\u00e1 skal h\u00fan bera fram eitt veturgamalt lamb til brennif\u00f3rnar og eina unga d\u00fafu e\u00f0a eina turtild\u00fafu til syndaoffurs til prestsins fyrir vitnisbur\u00f0arins tjaldb\u00fa\u00f0ardyrum. Hann skal offra \u00fev\u00ed fyrir Drottni og forl\u00edka hana. Og svo er h\u00fan hrein af s\u00ednum bl\u00f3\u00f0l\u00e1tsbrunni. \u00deetta er l\u00f6gm\u00e1l um \u00fe\u00e1 konu sem f\u00e6\u00f0ir son e\u00f0a d\u00f3ttir.<\/p>\n<p>\tEn hafi h\u00fan ekki til lambi\u00f0 \u00fe\u00e1 taki h\u00fan s\u00e9r tv\u00e6r turtild\u00fafur e\u00f0a tvo d\u00fafuunga, \u00feann eina til brennioffurs og \u00feann annan til forl\u00edkunaroffurs. So skal presturinn <span class=\"athugasemd\" title=\"sword bi\u00f0ja fyrir henni\">[<\/span> forl\u00edka hana so a\u00f0 h\u00fan ver\u00f0i hrein.&#8220;<\/p>\n","protected":false},"excerpt":{"rendered":"<p>Og Drottinn tala\u00f0i vi\u00f0 M\u00f3sen og sag\u00f0i: &#8222;Tala vi\u00f0 \u00cdsraelssonu, segjandi: N\u00e6r ein kvinna f\u00e6r getna\u00f0 og f\u00e6\u00f0ir sveinbarn \u00fe\u00e1 skal h\u00fan vera sj\u00f6 daga \u00f3hrein, so lengi sem h\u00fan er \u00ed s\u00ednum sj\u00fakd\u00f3mi. [ Og \u00e1 \u00e1ttunda degi skal umskera yfirh\u00fa\u00f0 \u00e1 \u00feess holdi. Og h\u00fan skal vera heima \u00ed \u00ferj\u00e1 og \u00ferj\u00e1tygi daga \u00ed bl\u00f3\u00f0i sinnar hreinsunar. H\u00fan skal ekki koma vi\u00f0 nokku\u00f0 \u00fea\u00f0 sem heilagt er og ekki skal h\u00fan koma til helgid\u00f3msins fyr en hennar hreinsunardagar eru enda\u00f0ir. En ef h\u00fan f\u00e6\u00f0ir eitt meybarn \u00fe\u00e1 skal h\u00fan vera \u00f3hrein tv\u00e6r vikur, so lengi sem h\u00fan er <a href=\"https:\/\/biblian.is\/gudbrandsbiblia\/thridja-mosebok-12-kafli\/\"> [&#8230;]<\/a><\/p>\n","protected":false},"author":1,"featured_media":0,"parent":0,"menu_order":0,"comment_status":"open","ping_status":"open","template":"bibliukaflar.php","meta":{"footnotes":""},"class_list":["post-2794","page","type-page","status-publish","hentry"],"_links":{"self":[{"href":"https:\/\/biblian.is\/gudbrandsbiblia\/wp-json\/wp\/v2\/pages\/2794","targetHints":{"allow":["GET"]}}],"collection":[{"href":"https:\/\/biblian.is\/gudbrandsbiblia\/wp-json\/wp\/v2\/pages"}],"about":[{"href":"https:\/\/biblian.is\/gudbrandsbiblia\/wp-json\/wp\/v2\/types\/page"}],"author":[{"embeddable":true,"href":"https:\/\/biblian.is\/gudbrandsbiblia\/wp-json\/wp\/v2\/users\/1"}],"replies":[{"embeddable":true,"href":"https:\/\/biblian.is\/gudbrandsbiblia\/wp-json\/wp\/v2\/comments?post=2794"}],"version-history":[{"count":0,"href":"https:\/\/biblian.is\/gudbrandsbiblia\/wp-json\/wp\/v2\/pages\/2794\/revisions"}],"wp:attachment":[{"href":"https:\/\/biblian.is\/gudbrandsbiblia\/wp-json\/wp\/v2\/media?parent=2794"}],"curies":[{"name":"wp","href":"https:\/\/api.w.org\/{rel}","templated":true}]}}