{"id":2786,"date":"2017-12-18T18:31:43","date_gmt":"2017-12-18T18:31:43","guid":{"rendered":"http:\/\/biblian.is\/gudbrandsbiblia\/thridja-mosebok-4-kafli\/"},"modified":"2017-12-18T18:31:43","modified_gmt":"2017-12-18T18:31:43","slug":"thridja-mosebok-4-kafli","status":"publish","type":"page","link":"https:\/\/biblian.is\/gudbrandsbiblia\/thridja-mosebok-4-kafli\/","title":{"rendered":"\u00deri\u00f0ja M\u00f3seb\u00f3k 4. kafli"},"content":{"rendered":"<p>Og Drottinn tala\u00f0i vi\u00f0 M\u00f3sen og sag\u00f0i: &#8222;Tala \u00fe\u00fa vi\u00f0 \u00cdsraelssonu, segjandi: \u00deegar nokkur s\u00e1l misgj\u00f6rir \u00f3vitandi \u00ed m\u00f3ti nokkru bo\u00f0or\u00f0i Drottins og gj\u00f6rir \u00fea\u00f0 h\u00fan ekki skyldi gj\u00f6ra, sem er ef einn prestur s\u00e1 sem smur\u00f0ur er syndgar so hann hneykslar f\u00f3lki\u00f0 \u00fe\u00e1 skal hann lei\u00f0a fram fyrir s\u00ednar syndir \u00fe\u00e6r hann hefur gj\u00f6rt eirn ungan uxa sem er \u00e1n l\u00fdta, til syndaoffurs fyrir Dottin. <span class=\"athugasemd\" title=\"Syndaoffur eins kennimanns\">[<\/span> Og hann skal lei\u00f0a \u00feann uxa fyrir vitnisbur\u00f0arb\u00fa\u00f0ardyrnar og leggja s\u00edna h\u00f6nd yfir hans h\u00f6fu\u00f0 og s\u00e6fa hann fyrir Drottni. Og presturinn s\u00e1 sem er smur\u00f0ur skal taka af uxans bl\u00f3\u00f0i og bera \u00fea\u00f0 inn \u00ed vitnisbur\u00f0arb\u00fa\u00f0ina. Og hann skal drepa s\u00ednum fingri \u00ed bl\u00f3\u00f0i\u00f0 og st\u00f6kkva sj\u00f6 sinnum \u00fear af fyrir Drottni, fram fyrir fortjaldi helgid\u00f3msins. Hann skal og l\u00e1ta af sama bl\u00f3\u00f0i upp\u00e1 reykaltarisins horn, sem stendur fyrir Drottni \u00ed vitnisbur\u00f0arb\u00fa\u00f0inni, og \u00f6llu bl\u00f3\u00f0inu skal hann \u00fathella hj\u00e1 brennif\u00f3rnaaltarisins f\u00e6ti, sem stendur fyrir vitnisbur\u00f0ardyrunum. En aullu \u00fev\u00ed inu feita af syndaoffrinu skal hann upplyfta, sem er innyflam\u00f6rinn, tv\u00f6 n\u00fdrun me\u00f0 \u00feeirra feiti sem \u00fear fylgir vi\u00f0 lendarnar, og lifranetjan me\u00f0 n\u00fdrunum, svo sem si\u00f0ur er a\u00f0 upplyfta \u00fev\u00ed af uxanum \u00feakkl\u00e6tisins offurs, og skal uppkveikja \u00fea\u00f0 \u00e1 brennif\u00f3rnaaltarinu. En skinni\u00f0 af uxanum me\u00f0 \u00f6llu kj\u00f6tinu og h\u00f6f\u00f0inu, beinunum, innyflunum og mykinni, \u00fea\u00f0 skal hann alltsaman bera \u00ed burt, \u00fat fyrir herb\u00fa\u00f0irnar \u00e1 eirn hreinan sta\u00f0, \u00feanga\u00f0 sem menn plaga a\u00f0 kasta \u00f6skunni, og skal uppbrenna \u00fea\u00f0 \u00e1 vi\u00f0num me\u00f0 eldi.<\/p>\n<p>\tEn \u00fe\u00e1 allur alm\u00faginn \u00ed \u00cdsrael misgj\u00f6rir en gj\u00f6rningurinn er hulinn fyrir \u00feeirra augum \u00fea\u00f0 \u00feeir hafa nokku\u00f0 vont gj\u00f6rt \u00e1 m\u00f3ti bo\u00f0i Drottins \u00fea\u00f0 \u00feeir \u00e1ttu ekki a\u00f0 gj\u00f6ra og eru so or\u00f0nir saka\u00f0ir, en kannast vi\u00f0 s\u00ed\u00f0an a\u00f0 \u00feeir hafa syndgast, \u00fe\u00e1 skulu \u00feeir framlei\u00f0a eirn ungan uxa til syndaoffurs og lei\u00f0a hann fyrir vitnisbur\u00f0arb\u00fa\u00f0ardyr. <span class=\"athugasemd\" title=\"Syndaoffur alls alm\u00fagans \/ Levit. 9 \/ Num. 15\">[<\/span> Og \u00feeir elstu af alm\u00faganum skulu leggja s\u00ednar hendur yfir hans h\u00f6fu\u00f0 fyrir Drottni og sl\u00e1tra uxanum fyrir Drottni. Og presturinn s\u00e1 sem er smur\u00f0ur skal bera af bl\u00f3\u00f0inu uxans inn \u00ed vitnisbur\u00f0arb\u00fa\u00f0ina og drepa s\u00ednum fingri \u00fear \u00ed og st\u00f6kkva \u00fev\u00ed sj\u00f6 reisur fyrir Drottni, fyrir framan fortjaldi\u00f0. Og hann skal l\u00e1ta bl\u00f3\u00f0i\u00f0 \u00e1 altarishornin sem stendur fyrir Drottni \u00ed vitnisbur\u00f0arb\u00fa\u00f0inni, en steypa \u00f6llu \u00f6\u00f0ru bl\u00f3\u00f0inu hj\u00e1 f\u00e6ti brennioffursins altaris, sem stendur fyrir tjaldb\u00fa\u00f0arvitnisbur\u00f0ardyrunum. En hans feiti skal hann upplyfta og upptendra hana \u00e1 altari\u00f0 og skal me\u00f0 uxann fara so sem hann f\u00f3r me\u00f0 syndaoffursins uxa. Og so skal kennima\u00f0urinn forl\u00edka \u00fe\u00e1 og so ver\u00f0ur \u00feeim \u00fea\u00f0 fyrirgefi\u00f0. Og \u00feeir skulu f\u00e6ra uxann \u00fat fyrir herb\u00fa\u00f0irnar og uppbrenna hann so sem hann uppbrenndi \u00feann annan uxann fyrri. \u00dea\u00f0 skal vera alm\u00fagans syndaoffur.<\/p>\n<p>\tEn \u00fe\u00e1 eirn h\u00f6f\u00f0ingi syndgast og gj\u00f6rir nokku\u00f0 \u00ed m\u00f3ti Drottins s\u00edns Gu\u00f0s bo\u00f0or\u00f0i sem hann skyldi ekki gj\u00f6ra og gj\u00f6rir \u00fea\u00f0 \u00f3forsynju so a\u00f0 hann er sekur or\u00f0inn og vi\u00f0kannast s\u00edna synd sem hann hefur gj\u00f6rt, hann skal lei\u00f0a fram eirn kjarnhafur til f\u00f3rnar sem er \u00e1n l\u00fdta og leggja s\u00edna h\u00f6nd \u00e1 hafursins h\u00f6fu\u00f0 og sl\u00e1tra honum \u00ed \u00feeim sta\u00f0 sem menn plaga a\u00f0 sl\u00e1tra brennif\u00f3rnum fyrir Drottni. <span class=\"athugasemd\" title=\"Syndaoffur eins h\u00f6f\u00f0ingja\">[<\/span> \u00dea\u00f0 skal vera hans syndaoffur. \u00de\u00e1 skal presturinn taka af \u00fev\u00ed syndaoffursbl\u00f3\u00f0i me\u00f0 s\u00ednum fingri og strj\u00faka \u00fev\u00ed \u00e1 hornin \u00e1 brennioffursins altari og hella \u00fev\u00ed \u00f6\u00f0ru ni\u00f0ur hj\u00e1 f\u00e6ti brennif\u00f3rnaraltaris. En allan hans m\u00f6r skal hann upptendra \u00e1 altarinu, l\u00edka sem m\u00f6rinn af \u00feakkl\u00e6tisoffrinu. Og so skal presturinn bi\u00f0ja fyrir honum og \u00fe\u00e1 er hans synd fyrirgefin.<\/p>\n<p>\tEn \u00fe\u00e1 nokkur s\u00e1l af alm\u00fagaf\u00f3lkinu misg\u00e1ir sig og syndgast svo h\u00fan br\u00fdtur nokku\u00f0 \u00ed m\u00f3ti einu Gu\u00f0s bo\u00f0or\u00f0i sem h\u00fan skyldi ekki gj\u00f6ra og ver\u00f0ur so sek og vi\u00f0kennist so s\u00edna synd sem h\u00fan hefur gj\u00f6rt, h\u00fan skal fram bera til f\u00f3rnar eina geit lastalausa, fyrir \u00fe\u00e1 synd sem h\u00fan hefur gj\u00f6rt. <span class=\"athugasemd\" title=\"Syndoffur s\u00e9rhvers af alm\u00fagaf\u00f3lki\">[<\/span> Og h\u00fan skal leggja s\u00edna h\u00f6nd \u00e1 syndaoffursins h\u00f6fu\u00f0 og sl\u00e1tra \u00fev\u00ed \u00e1 brennioffursins sta\u00f0. Og prestarnir skulu taka af bl\u00f3\u00f0inu me\u00f0 s\u00ednum fingri og strj\u00faka \u00fev\u00ed \u00e1 brennif\u00f3rnaaltaris horn en helli bl\u00f3\u00f0inu ni\u00f0ur hj\u00e1 altarisins f\u00e6ti. En allan m\u00f6r skal hann taka \u00fear af, l\u00edka sem hann t\u00f3k m\u00f6rinn af \u00feakkarf\u00f3rninni og hann skal uppkveikja hann \u00e1 altarinu til eins s\u00e6ts ilms fyrir Drottni. Og skal presturinn bi\u00f0ja fyrir henni og svo er \u00fea\u00f0 henni tilgefi\u00f0. <\/p>\n<p>\tEn ef hann ber eitt lamb fram til syndaoffurs \u00fe\u00e1 skal hann bera fram eitt gimbrarlamb \u00e1n l\u00fdta og leggja s\u00edna h\u00f6nd yfir syndoffursins h\u00f6fu\u00f0 og sl\u00e1tra \u00fev\u00ed til syndaoffurs, \u00ed \u00feeim sta\u00f0 sem menn plaga a\u00f0 sl\u00e1tra brennioffri. Og presturinn skal taka af bl\u00f3\u00f0inu me\u00f0 s\u00ednum fingri og strj\u00faka \u00fev\u00ed \u00e1 hornin brennif\u00f3rnaraltaris og steypi \u00f6llu bl\u00f3\u00f0inu ni\u00f0ur hj\u00e1 altarisins f\u00e6ti. En alla hennar feiti skal hann taka \u00fear af, l\u00edka sem hann t\u00f3k feitina af \u00feakkoffursins lambi, og skal upptendra hana \u00e1 altarinu til eins elds fyrir Drottni. Og so skal presturinn bi\u00f0ja fyrir honum og hans synd sem hann gj\u00f6r\u00f0i og so er honum \u00fea\u00f0 fyrirgefi\u00f0.<\/p>\n","protected":false},"excerpt":{"rendered":"<p>Og Drottinn tala\u00f0i vi\u00f0 M\u00f3sen og sag\u00f0i: &#8222;Tala \u00fe\u00fa vi\u00f0 \u00cdsraelssonu, segjandi: \u00deegar nokkur s\u00e1l misgj\u00f6rir \u00f3vitandi \u00ed m\u00f3ti nokkru bo\u00f0or\u00f0i Drottins og gj\u00f6rir \u00fea\u00f0 h\u00fan ekki skyldi gj\u00f6ra, sem er ef einn prestur s\u00e1 sem smur\u00f0ur er syndgar so hann hneykslar f\u00f3lki\u00f0 \u00fe\u00e1 skal hann lei\u00f0a fram fyrir s\u00ednar syndir \u00fe\u00e6r hann hefur gj\u00f6rt eirn ungan uxa sem er \u00e1n l\u00fdta, til syndaoffurs fyrir Dottin. [ Og hann skal lei\u00f0a \u00feann uxa fyrir vitnisbur\u00f0arb\u00fa\u00f0ardyrnar og leggja s\u00edna h\u00f6nd yfir hans h\u00f6fu\u00f0 og s\u00e6fa hann fyrir Drottni. Og presturinn s\u00e1 sem er smur\u00f0ur skal taka af uxans bl\u00f3\u00f0i og bera <a href=\"https:\/\/biblian.is\/gudbrandsbiblia\/thridja-mosebok-4-kafli\/\"> [&#8230;]<\/a><\/p>\n","protected":false},"author":1,"featured_media":0,"parent":0,"menu_order":0,"comment_status":"open","ping_status":"open","template":"bibliukaflar.php","meta":{"footnotes":""},"class_list":["post-2786","page","type-page","status-publish","hentry"],"_links":{"self":[{"href":"https:\/\/biblian.is\/gudbrandsbiblia\/wp-json\/wp\/v2\/pages\/2786","targetHints":{"allow":["GET"]}}],"collection":[{"href":"https:\/\/biblian.is\/gudbrandsbiblia\/wp-json\/wp\/v2\/pages"}],"about":[{"href":"https:\/\/biblian.is\/gudbrandsbiblia\/wp-json\/wp\/v2\/types\/page"}],"author":[{"embeddable":true,"href":"https:\/\/biblian.is\/gudbrandsbiblia\/wp-json\/wp\/v2\/users\/1"}],"replies":[{"embeddable":true,"href":"https:\/\/biblian.is\/gudbrandsbiblia\/wp-json\/wp\/v2\/comments?post=2786"}],"version-history":[{"count":0,"href":"https:\/\/biblian.is\/gudbrandsbiblia\/wp-json\/wp\/v2\/pages\/2786\/revisions"}],"wp:attachment":[{"href":"https:\/\/biblian.is\/gudbrandsbiblia\/wp-json\/wp\/v2\/media?parent=2786"}],"curies":[{"name":"wp","href":"https:\/\/api.w.org\/{rel}","templated":true}]}}