{"id":2784,"date":"2017-12-18T18:31:43","date_gmt":"2017-12-18T18:31:43","guid":{"rendered":"http:\/\/biblian.is\/gudbrandsbiblia\/thridja-mosebok-2-kafli\/"},"modified":"2017-12-18T18:31:43","modified_gmt":"2017-12-18T18:31:43","slug":"thridja-mosebok-2-kafli","status":"publish","type":"page","link":"https:\/\/biblian.is\/gudbrandsbiblia\/thridja-mosebok-2-kafli\/","title":{"rendered":"\u00deri\u00f0ja M\u00f3seb\u00f3k 2. kafli"},"content":{"rendered":"<p>\u00deegar ein \u00f6nd vill gj\u00f6ra Drottni matoffur \u00fe\u00e1 skal \u00fea\u00f0 gj\u00f6rast af hveitisarla og hann skal hella oleum \u00fear yfir og so leggja reykelsi\u00f0 \u00fear \u00e1 og bera \u00fea\u00f0 so til prestanna, Arons sona. <span class=\"athugasemd\" title=\"Matarf\u00f3rn\">[<\/span> \u00de\u00e1 skal presturinn taka s\u00edna h\u00f6nd fulla af \u00feeim sama hveitisarla og oleum, me\u00f0 \u00f6llusaman reykelsinu, og brenna \u00fea\u00f0 \u00e1 altarinu til eirnrar minningar. \u00dea\u00f0 er eldur eins s\u00e6tleiks ilms fyrir Drottni. En \u00fea\u00f0 sem gengur af matoffrinu \u00fea\u00f0 skal heyra til Aroni og hans sonum. \u00dea\u00f0 skal vera \u00fea\u00f0 allra helgasta af eldi Drottins.<\/p>\n<p>\tEn ef hann vill gj\u00f6ra mataroffur af \u00fev\u00ed sem baka\u00f0 er \u00ed ofni \u00fe\u00e1 skal hann taka \u00f3s\u00fdr\u00f0ar hveitisarlak\u00f6kur, menga\u00f0ar me\u00f0 vi\u00f0smj\u00f6ri, og \u00f3s\u00fdr\u00f0a \u00feunna leifa, smur\u00f0a me\u00f0 vi\u00f0smj\u00f6ri. <span class=\"athugasemd\" title=\"Matarf\u00f3rn af b\u00f6ku\u00f0u\">[<\/span> En s\u00e9 \u00feitt matoffur nokku\u00f0 af \u00fev\u00ed sem baka\u00f0 er \u00ed p\u00f6nnu \u00fe\u00e1 skal \u00fea\u00f0 vera af \u00f3s\u00fdr\u00f0um hveitisarla, meng\u00f6\u00f0um me\u00f0 vi\u00f0smj\u00f6ri. Og \u00fe\u00fa skalt skipta \u00fev\u00ed \u00ed stykki og hella oleum \u00fear yfir, \u00fe\u00e1 er \u00fea\u00f0 eitt matoffur. En s\u00e9 \u00feitt matoffur nokku\u00f0 sem steikt er \u00e1 rist \u00fe\u00e1 skalt \u00fe\u00fa gj\u00f6ra \u00fea\u00f0 af hveitisarla og vi\u00f0smj\u00f6ri. <span class=\"athugasemd\" title=\"Matarf\u00f3rn af steiktu\">[<\/span> Og \u00fea\u00f0 matoffur sem so gj\u00f6rist til Drottins skaltu bera til prestsins. Hann skal bera \u00fea\u00f0 til altarisins og upphefja \u00fea\u00f0 sama matoffur til eirnrar minningar og uppbrenna \u00fea\u00f0 \u00e1 altarinu. \u00dea\u00f0 er eldur eins s\u00e6tleiks ilms fyrir Drottni. En \u00fea\u00f0 sem afgengur skal heyra Aron og hans sonum til. Og \u00fea\u00f0 skal vera \u00fea\u00f0 allra helgasta af eldi Drottins.<\/p>\n<p>\tAllt \u00fea\u00f0 matoffur sem \u00fe\u00e9r vilji\u00f0 f\u00f3rnf\u00e6ra Drottni \u00fea\u00f0 l\u00e1ti\u00f0 vera \u00e1n s\u00fardeigs \u00fev\u00ed ekkert s\u00fardeig e\u00f0ur hunang skal vera vi\u00f0 \u00fea\u00f0 sem \u00fe\u00e9r vilji\u00f0 brenna til elds fyrir Drottni. En \u00ed f\u00f3rn fyrsta jar\u00f0ar\u00e1vaxtar skulu \u00fe\u00e9r bera \u00fea\u00f0 fyrir Drottni. En ekki skal \u00fea\u00f0 koma \u00e1 nokku\u00f0 altari til eins s\u00e6ts ilms. \u00de\u00fa skalt salta allt \u00feitt matoffur og \u00feitt matoffur skal aldrei vera utan \u00fe\u00edns Gu\u00f0s s\u00e1ttm\u00e1lasalts \u00fev\u00ed \u00fe\u00fa skalt offra salti \u00ed \u00f6llum \u00fe\u00ednum f\u00f3rnum.<\/p>\n<p>\tEn viljir \u00fe\u00fa gj\u00f6ra Drottni mataroffur af \u00fe\u00ednum fyrsta \u00e1vexti \u00fe\u00e1 skaltu \u00feurrka \u00fea\u00f0 gr\u00e6na axi\u00f0 vi\u00f0 eld og melja \u00fea\u00f0 sm\u00e1tt og offra so matoffri af \u00fe\u00ednum fyrsta \u00e1vexti. <span class=\"athugasemd\" title=\"Mataroffur af fyrsta \u00e1vexti\">[<\/span> Og \u00fe\u00fa skalt l\u00e1ta vi\u00f0smj\u00f6r \u00fear upp\u00e1 og leggja reykelsi \u00fear yfir, \u00fe\u00e1 er \u00fea\u00f0 eitt matoffur. Og presturinn skal brenna nokku\u00f0 af \u00fev\u00ed inu malda og af vi\u00f0smj\u00f6rinu, me\u00f0 \u00f6llu reykelsinu, til eirnrar minningar. \u00dea\u00f0 er eirn eldur fyrir Drottni.<\/p>\n","protected":false},"excerpt":{"rendered":"<p>\u00deegar ein \u00f6nd vill gj\u00f6ra Drottni matoffur \u00fe\u00e1 skal \u00fea\u00f0 gj\u00f6rast af hveitisarla og hann skal hella oleum \u00fear yfir og so leggja reykelsi\u00f0 \u00fear \u00e1 og bera \u00fea\u00f0 so til prestanna, Arons sona. [ \u00de\u00e1 skal presturinn taka s\u00edna h\u00f6nd fulla af \u00feeim sama hveitisarla og oleum, me\u00f0 \u00f6llusaman reykelsinu, og brenna \u00fea\u00f0 \u00e1 altarinu til eirnrar minningar. \u00dea\u00f0 er eldur eins s\u00e6tleiks ilms fyrir Drottni. En \u00fea\u00f0 sem gengur af matoffrinu \u00fea\u00f0 skal heyra til Aroni og hans sonum. \u00dea\u00f0 skal vera \u00fea\u00f0 allra helgasta af eldi Drottins. En ef hann vill gj\u00f6ra mataroffur af \u00fev\u00ed sem baka\u00f0 <a href=\"https:\/\/biblian.is\/gudbrandsbiblia\/thridja-mosebok-2-kafli\/\"> [&#8230;]<\/a><\/p>\n","protected":false},"author":1,"featured_media":0,"parent":0,"menu_order":0,"comment_status":"open","ping_status":"open","template":"bibliukaflar.php","meta":{"footnotes":""},"class_list":["post-2784","page","type-page","status-publish","hentry"],"_links":{"self":[{"href":"https:\/\/biblian.is\/gudbrandsbiblia\/wp-json\/wp\/v2\/pages\/2784","targetHints":{"allow":["GET"]}}],"collection":[{"href":"https:\/\/biblian.is\/gudbrandsbiblia\/wp-json\/wp\/v2\/pages"}],"about":[{"href":"https:\/\/biblian.is\/gudbrandsbiblia\/wp-json\/wp\/v2\/types\/page"}],"author":[{"embeddable":true,"href":"https:\/\/biblian.is\/gudbrandsbiblia\/wp-json\/wp\/v2\/users\/1"}],"replies":[{"embeddable":true,"href":"https:\/\/biblian.is\/gudbrandsbiblia\/wp-json\/wp\/v2\/comments?post=2784"}],"version-history":[{"count":0,"href":"https:\/\/biblian.is\/gudbrandsbiblia\/wp-json\/wp\/v2\/pages\/2784\/revisions"}],"wp:attachment":[{"href":"https:\/\/biblian.is\/gudbrandsbiblia\/wp-json\/wp\/v2\/media?parent=2784"}],"curies":[{"name":"wp","href":"https:\/\/api.w.org\/{rel}","templated":true}]}}