{"id":2783,"date":"2017-12-18T18:31:43","date_gmt":"2017-12-18T18:31:43","guid":{"rendered":"http:\/\/biblian.is\/gudbrandsbiblia\/thridja-mosebok-1-kafli\/"},"modified":"2017-12-18T18:31:43","modified_gmt":"2017-12-18T18:31:43","slug":"thridja-mosebok-1-kafli","status":"publish","type":"page","link":"https:\/\/biblian.is\/gudbrandsbiblia\/thridja-mosebok-1-kafli\/","title":{"rendered":"\u00deri\u00f0ja M\u00f3seb\u00f3k 1. kafli"},"content":{"rendered":"<p>Leviticus. III. M\u00f3seb\u00f3k<\/p>\n<p>Og Drottinn kalla\u00f0i M\u00f3sen og tala\u00f0i vi\u00f0 hann \u00far vitnisbur\u00f0arb\u00fa\u00f0inni og sag\u00f0i: &#8222;Tala \u00fe\u00fa vi\u00f0 \u00cdsraelssonu og seg \u00fe\u00fa til \u00feeirra: Hver af y\u00f0ur sem f\u00f3rn vill f\u00e6ra Drottni, hann f\u00e6ri hana af kvikf\u00e9, nautum og sau\u00f0um. <span class=\"athugasemd\" title=\"Brennif\u00f3rnir af f\u00e9na\u00f0i\">[<\/span> <\/p>\n<p>\tVilji nokkur offra brennif\u00f3rn af nautum \u00fe\u00e1 skal hann offra \u00fev\u00ed sem kallkyns er og vankalaust fyrir tjaldb\u00fa\u00f0arinnar vitnisbur\u00f0ardyrum, so \u00fea\u00f0 ver\u00f0i Drottni \u00feakkn\u00e6mt af hans hendi. <span class=\"athugasemd\" title=\"Brennif\u00f3rn af nautum \/ Exo. 26\">[<\/span> Og hann skal leggja s\u00edna h\u00f6nd yfir h\u00f6fu\u00f0 brennif\u00f3rnarinnar, \u00fe\u00e1 mun \u00fea\u00f0 ver\u00f0a \u00feakkn\u00e6mt og forl\u00edka hann. Hann skal s\u00e6fa \u00fea\u00f0 unga naut fyrir Drottni og prestarnir, Arons synir, skulu bera bl\u00f3\u00f0i\u00f0 fram og st\u00f6kkva \u00fev\u00ed \u00ed kringum altari\u00f0, \u00fea\u00f0 sem stendur fyrir dyrum vitnisbur\u00f0arb\u00fa\u00f0arinnar. Og h\u00fa\u00f0ina skulu \u00feeir fl\u00e1 af brennif\u00f3rninni, so skal f\u00f3rnin og h\u00f6ggvast \u00ed stykki. En Arons prests synir skulu gj\u00f6ra eirn eld \u00e1 altari\u00f0 og leggja \u00fear yfir vi\u00f0, s\u00ed\u00f0an skulu \u00feeir leggja stykkin \u00e1 vi\u00f0inn, sem er h\u00f6fu\u00f0i\u00f0 og m\u00f6rinn. En innyflin og l\u00e6rin skulu \u00feeir \u00fevo \u00ed vatni. Og presturinn skal brenna \u00fea\u00f0 alltsaman \u00e1 altarinu til brennioffurs. \u00dea\u00f0 er eirn eldur til s\u00e6tleiks ilms fyrir Drottni.<\/p>\n<p>\tEn vilji hann gj\u00f6ra eitt brennioffur af sau\u00f0um e\u00f0a geitum \u00fe\u00e1 skal hann offra \u00fev\u00ed sem er kallkyns og l\u00fdtalaust og skal sl\u00e1tra \u00fev\u00ed hj\u00e1 s\u00ed\u00f0u altarisins \u00ed nor\u00f0ur, fyrir Drottni. <span class=\"athugasemd\" title=\"Brennif\u00f3rn af sau\u00f0um og geitum\">[<\/span> Og prestarnir, Arons synir, skulu st\u00f6kkva bl\u00f3\u00f0inu kringum altari\u00f0. Og \u00fea\u00f0 skal h\u00f6ggvast \u00ed stykki og presturinn skal leggja h\u00f6fu\u00f0i\u00f0 og m\u00f6rinn upp\u00e1 vi\u00f0inn og eldinn \u00feann sem er \u00e1 altarinu. En innyflin og f\u00e6turna skal hann \u00fevo \u00ed vatni. Og presturinn skal offra \u00fev\u00ed og brenna \u00fea\u00f0 alltsaman \u00e1 altarinu til brennioffurs. \u00dea\u00f0 er eirn eldur til s\u00e6tleiks ilms fyrir Drottni. <\/p>\n<p>\tEn vilji hann offra Drottni brennioffri af fuglum \u00fe\u00e1 l\u00e1ti hann \u00fea\u00f0 vera af turtild\u00fafu e\u00f0a af d\u00fafuunga. <span class=\"athugasemd\" title=\"Brennif\u00f3rn af fuglum\">[<\/span> Og presturinn skal bera \u00fea\u00f0 til altarisins og klyppa h\u00f6fui\u00f0 \u00fear af so \u00fea\u00f0 s\u00e9 brennt \u00e1 altarinu og l\u00e1ta bl\u00f3\u00f0i\u00f0 renna ni\u00f0ur utan hj\u00e1 altarinu en kasta sarpinum og hans fj\u00f6\u00f0rum \u00ed \u00fe\u00e1 \u00f6skuhr\u00fagu fyrir austan til hj\u00e1 altarinu. Og hann skal klj\u00fafa v\u00e6ngina og brj\u00f3ta \u00fe\u00e1 ekki af. Og so skal presturinn kveikja \u00ed vi\u00f0num \u00e1 altarinu til brennioffurs. \u00dea\u00f0 er eldur til eins s\u00e6tleiks ilms fyrir Drottni.<\/p>\n","protected":false},"excerpt":{"rendered":"<p>Leviticus. III. M\u00f3seb\u00f3k Og Drottinn kalla\u00f0i M\u00f3sen og tala\u00f0i vi\u00f0 hann \u00far vitnisbur\u00f0arb\u00fa\u00f0inni og sag\u00f0i: &#8222;Tala \u00fe\u00fa vi\u00f0 \u00cdsraelssonu og seg \u00fe\u00fa til \u00feeirra: Hver af y\u00f0ur sem f\u00f3rn vill f\u00e6ra Drottni, hann f\u00e6ri hana af kvikf\u00e9, nautum og sau\u00f0um. [ Vilji nokkur offra brennif\u00f3rn af nautum \u00fe\u00e1 skal hann offra \u00fev\u00ed sem kallkyns er og vankalaust fyrir tjaldb\u00fa\u00f0arinnar vitnisbur\u00f0ardyrum, so \u00fea\u00f0 ver\u00f0i Drottni \u00feakkn\u00e6mt af hans hendi. [ Og hann skal leggja s\u00edna h\u00f6nd yfir h\u00f6fu\u00f0 brennif\u00f3rnarinnar, \u00fe\u00e1 mun \u00fea\u00f0 ver\u00f0a \u00feakkn\u00e6mt og forl\u00edka hann. Hann skal s\u00e6fa \u00fea\u00f0 unga naut fyrir Drottni og prestarnir, Arons synir, skulu bera <a href=\"https:\/\/biblian.is\/gudbrandsbiblia\/thridja-mosebok-1-kafli\/\"> [&#8230;]<\/a><\/p>\n","protected":false},"author":1,"featured_media":0,"parent":0,"menu_order":0,"comment_status":"open","ping_status":"open","template":"bibliukaflar.php","meta":{"footnotes":""},"class_list":["post-2783","page","type-page","status-publish","hentry"],"_links":{"self":[{"href":"https:\/\/biblian.is\/gudbrandsbiblia\/wp-json\/wp\/v2\/pages\/2783","targetHints":{"allow":["GET"]}}],"collection":[{"href":"https:\/\/biblian.is\/gudbrandsbiblia\/wp-json\/wp\/v2\/pages"}],"about":[{"href":"https:\/\/biblian.is\/gudbrandsbiblia\/wp-json\/wp\/v2\/types\/page"}],"author":[{"embeddable":true,"href":"https:\/\/biblian.is\/gudbrandsbiblia\/wp-json\/wp\/v2\/users\/1"}],"replies":[{"embeddable":true,"href":"https:\/\/biblian.is\/gudbrandsbiblia\/wp-json\/wp\/v2\/comments?post=2783"}],"version-history":[{"count":0,"href":"https:\/\/biblian.is\/gudbrandsbiblia\/wp-json\/wp\/v2\/pages\/2783\/revisions"}],"wp:attachment":[{"href":"https:\/\/biblian.is\/gudbrandsbiblia\/wp-json\/wp\/v2\/media?parent=2783"}],"curies":[{"name":"wp","href":"https:\/\/api.w.org\/{rel}","templated":true}]}}