{"id":2779,"date":"2017-12-18T18:31:43","date_gmt":"2017-12-18T18:31:43","guid":{"rendered":"http:\/\/biblian.is\/gudbrandsbiblia\/onnur-mosebok-37-kafli\/"},"modified":"2017-12-18T18:31:43","modified_gmt":"2017-12-18T18:31:43","slug":"onnur-mosebok-37-kafli","status":"publish","type":"page","link":"https:\/\/biblian.is\/gudbrandsbiblia\/onnur-mosebok-37-kafli\/","title":{"rendered":"\u00d6nnur M\u00f3seb\u00f3k 37. kafli"},"content":{"rendered":"<p>Svo gj\u00f6r\u00f0i Besaleel \u00f6rkina af trj\u00e1m set\u00edm, h\u00e1lfrar \u00feri\u00f0ju \u00e1lnar langa og h\u00e1lfrar annarrar \u00e1lnar a\u00f0 h\u00e6\u00f0 og breidd, og bj\u00f3 hana me\u00f0 kl\u00e1rt gull b\u00e6\u00f0i utan og innan, og gj\u00f6r\u00f0i eina gullk\u00f3r\u00f3nu ofan um hana, og steypti fj\u00f3ra gullhringa \u00ed hennar fj\u00f6gur horn, tvo \u00e1 hvora s\u00ed\u00f0u, og gj\u00f6r\u00f0i stengur af set\u00edmtrj\u00e1m og sl\u00f3 \u00fe\u00e6r me\u00f0 gulli og stakk \u00feeim \u00ed hringana vi\u00f0 s\u00ed\u00f0urnar \u00e1 aurkinni a\u00f0 bera hana me\u00f0. <span class=\"athugasemd\" title=\"\u00d6rkin\">[<\/span><\/p>\n<p>\tOg hann gj\u00f6r\u00f0i n\u00e1\u00f0arst\u00f3l af kl\u00e1ru gulli, h\u00e1lfrar \u00feri\u00f0ju \u00e1lnar langan og h\u00e1lfrar annarrar \u00e1lnar brei\u00f0an og gj\u00f6r\u00f0i tvo ker\u00fab\u00edm af smeltu gulli \u00e1 \u00feeim tveimur endum n\u00e1\u00f0arst\u00f3lsins, einn ker\u00fab\u00edm \u00e1 \u00feessum enda en annan \u00e1 \u00f6\u00f0rum. <span class=\"athugasemd\" title=\"N\u00e1\u00f0arst\u00f3llinn\">[<\/span> Og ker\u00fab\u00edm breiddi s\u00edna v\u00e6ngi \u00fat ofan yfir og huldu \u00fear me\u00f0 n\u00e1\u00f0arst\u00f3linn. Og \u00feeir horf\u00f0u hvor \u00ed m\u00f3ti \u00f6\u00f0rum og litu \u00e1 n\u00e1\u00f0arst\u00f3linn. <\/p>\n<p>\tHann gj\u00f6r\u00f0i bor\u00f0i\u00f0 af trj\u00e1m set\u00edm, tveggja \u00e1lna langt, eirnrar \u00e1lna breitt og h\u00e1lfrar annarrar \u00e1lnar h\u00e1tt, og lag\u00f0i \u00fea\u00f0 me\u00f0 kl\u00e1rt gull. <span class=\"athugasemd\" title=\"Bor\u00f0i\u00f0\">[<\/span> Hann gj\u00f6r\u00f0i og eirn krans af gulli \u00fear um kring og gj\u00f6r\u00f0i eina listu \u00fear umhverfis, einnar handbreiddar a\u00f0 h\u00e6\u00f0, og gj\u00f6r\u00f0i eirn gullkrans \u00ed kringum listuna, og steypti fj\u00f3ra gullhringa \u00fear til og setti \u00fe\u00e1 \u00ed \u00feau fj\u00f6gur h\u00f6rn \u00e1 \u00fees fj\u00f3rar f\u00e6tur, hartn\u00e6rri listunum, a\u00f0 stengurnar m\u00e6tti vera \u00fear \u00ed a\u00f0 bera bor\u00f0i\u00f0 me\u00f0, og gj\u00f6r\u00f0i stengurnar af trj\u00e1m set\u00edm og bj\u00f3 \u00fe\u00e6r me\u00f0 gull a\u00f0 bera bor\u00f0i\u00f0 me\u00f0. Og hann gj\u00f6r\u00f0i \u00f6ll kerin sem skyldu til bor\u00f0sins af kl\u00e1ru gulli, diska, bikara, k\u00f6nnur og sk\u00e1lir til a\u00f0 skenkja af og \u00e1.<\/p>\n<p>\tSo gj\u00f6r\u00f0i hann og kertistikuna af kl\u00e1ru og smeltu gulli. <span class=\"athugasemd\" title=\"Kertistikan\">[<\/span> \u00dear upp\u00e1 var stjakinn me\u00f0 p\u00edpunum, sk\u00e1lunum, hn\u00f6ppunum og liljunum. Sex p\u00edpur gengu \u00fat af hennar s\u00ed\u00f0u, \u00ferj\u00e1r \u00e1 hvora s\u00ed\u00f0u. \u00derj\u00e1r sk\u00e1lir voru \u00e1 hv\u00f6rri p\u00edpu me\u00f0 hn\u00f6ppum og liljum. En \u00e1 kertastikunni voru fj\u00f3rar sk\u00e1lir me\u00f0 hn\u00f6ppum og liljum, j\u00e1 eirn hnappur undir hverjum tveimur p\u00edpum, so a\u00f0 \u00fear gengu sex p\u00edpur \u00fat af henni og \u00feeirra hnappar og p\u00edpur \u00fear upp\u00e1. \u00dea\u00f0 var allt af smeltu gulli. Og hann gj\u00f6r\u00f0i sj\u00f6 lampa me\u00f0 \u00feeirra lj\u00f3sas\u00f6xum og skaraklofum lj\u00f3s a\u00f0 sl\u00f6kkva, af kl\u00e1ru gulli. Og hann gj\u00f6r\u00f0i hana me\u00f0 \u00f6llum s\u00ednum b\u00faningi af einu centener gulls.<\/p>\n<p>\tHann gj\u00f6r\u00f0i og reykelsisaltari\u00f0 af trj\u00e1m set\u00edm, eirnrar \u00e1lnar \u00e1 lengd og breidd, r\u00e9tt ferskeytt, og tveggja \u00e1lna h\u00e1tt, me\u00f0 s\u00ednum hornum. <span class=\"athugasemd\" title=\"Reykelsisaltari\u00f0\">[<\/span> Hann bj\u00f3 \u00fea\u00f0 ofan og \u00e1 allar s\u00ed\u00f0ur umhverfis me\u00f0 kl\u00e1ra gull, og so hornin me\u00f0. Og hann gj\u00f6r\u00f0i eirn gullkrans \u00ed kring um \u00fea\u00f0 og tvo gullhringa undir kransinn \u00e1 b\u00e1\u00f0ar s\u00ed\u00f0ur a\u00f0 stinga stengunum \u00ed \u00fe\u00e1 a\u00f0 bera \u00fea\u00f0 me\u00f0. En stengurnar gj\u00f6r\u00f0i hann af trj\u00e1m set\u00edm og bj\u00f3 \u00fe\u00e6r me\u00f0 gull. Og hann gj\u00f6r\u00f0i \u00feau helgu smyrsl og reykelsi\u00f0 af hreinum jurtum, eftir smyrslamakarans kunn\u00e1ttu. <span class=\"athugasemd\" title=\"\u00deau heil\u00f6gu smyrslin\">[<\/span><\/p>\n","protected":false},"excerpt":{"rendered":"<p>Svo gj\u00f6r\u00f0i Besaleel \u00f6rkina af trj\u00e1m set\u00edm, h\u00e1lfrar \u00feri\u00f0ju \u00e1lnar langa og h\u00e1lfrar annarrar \u00e1lnar a\u00f0 h\u00e6\u00f0 og breidd, og bj\u00f3 hana me\u00f0 kl\u00e1rt gull b\u00e6\u00f0i utan og innan, og gj\u00f6r\u00f0i eina gullk\u00f3r\u00f3nu ofan um hana, og steypti fj\u00f3ra gullhringa \u00ed hennar fj\u00f6gur horn, tvo \u00e1 hvora s\u00ed\u00f0u, og gj\u00f6r\u00f0i stengur af set\u00edmtrj\u00e1m og sl\u00f3 \u00fe\u00e6r me\u00f0 gulli og stakk \u00feeim \u00ed hringana vi\u00f0 s\u00ed\u00f0urnar \u00e1 aurkinni a\u00f0 bera hana me\u00f0. [ Og hann gj\u00f6r\u00f0i n\u00e1\u00f0arst\u00f3l af kl\u00e1ru gulli, h\u00e1lfrar \u00feri\u00f0ju \u00e1lnar langan og h\u00e1lfrar annarrar \u00e1lnar brei\u00f0an og gj\u00f6r\u00f0i tvo ker\u00fab\u00edm af smeltu gulli \u00e1 \u00feeim tveimur endum n\u00e1\u00f0arst\u00f3lsins, <a href=\"https:\/\/biblian.is\/gudbrandsbiblia\/onnur-mosebok-37-kafli\/\"> [&#8230;]<\/a><\/p>\n","protected":false},"author":1,"featured_media":0,"parent":0,"menu_order":0,"comment_status":"open","ping_status":"open","template":"bibliukaflar.php","meta":{"footnotes":""},"class_list":["post-2779","page","type-page","status-publish","hentry"],"_links":{"self":[{"href":"https:\/\/biblian.is\/gudbrandsbiblia\/wp-json\/wp\/v2\/pages\/2779","targetHints":{"allow":["GET"]}}],"collection":[{"href":"https:\/\/biblian.is\/gudbrandsbiblia\/wp-json\/wp\/v2\/pages"}],"about":[{"href":"https:\/\/biblian.is\/gudbrandsbiblia\/wp-json\/wp\/v2\/types\/page"}],"author":[{"embeddable":true,"href":"https:\/\/biblian.is\/gudbrandsbiblia\/wp-json\/wp\/v2\/users\/1"}],"replies":[{"embeddable":true,"href":"https:\/\/biblian.is\/gudbrandsbiblia\/wp-json\/wp\/v2\/comments?post=2779"}],"version-history":[{"count":0,"href":"https:\/\/biblian.is\/gudbrandsbiblia\/wp-json\/wp\/v2\/pages\/2779\/revisions"}],"wp:attachment":[{"href":"https:\/\/biblian.is\/gudbrandsbiblia\/wp-json\/wp\/v2\/media?parent=2779"}],"curies":[{"name":"wp","href":"https:\/\/api.w.org\/{rel}","templated":true}]}}