{"id":2777,"date":"2017-12-18T18:31:43","date_gmt":"2017-12-18T18:31:43","guid":{"rendered":"http:\/\/biblian.is\/gudbrandsbiblia\/onnur-mosebok-35-kafli\/"},"modified":"2017-12-18T18:31:43","modified_gmt":"2017-12-18T18:31:43","slug":"onnur-mosebok-35-kafli","status":"publish","type":"page","link":"https:\/\/biblian.is\/gudbrandsbiblia\/onnur-mosebok-35-kafli\/","title":{"rendered":"\u00d6nnur M\u00f3seb\u00f3k 35. kafli"},"content":{"rendered":"<p>Og M\u00f3ses samansafna\u00f0i alm\u00faganum \u00cdsraelssona og sag\u00f0i til \u00feeirra: &#8222;\u00deetta er \u00fea\u00f0 sem Drottinn hefur bo\u00f0i\u00f0 a\u00f0 \u00fe\u00e9r skyldu\u00f0 gj\u00f6ra. Sex daga skulu \u00fe\u00e9r erfi\u00f0a en \u00feann sj\u00f6unda dag skulu \u00fe\u00e9r helgan halda, eirn sabbatsdag, sem er hv\u00edld Drottins. <span class=\"athugasemd\" title=\"Sabbatum\">[<\/span> Hv\u00f6r sem gj\u00f6rir nokku\u00f0 erfi\u00f0i \u00e1 \u00feann dag hann skal deyja. \u00de\u00e9r skulu\u00f0 \u00f6ngvan eld gj\u00f6ra \u00ed \u00f6llum y\u00f0ar h\u00fdb\u00fdlum um sabbatsdaginn.&#8220; <span class=\"athugasemd\" title=\"Exo. 20; 23; 34\">[<\/span> Og M\u00f3ses sag\u00f0i til alls alm\u00fagans \u00cdsraelssona: &#8222;\u00deetta er \u00fea\u00f0 sem Drottinn hefur b\u00edfala\u00f0. Gefi\u00f0 Drottni upplyftingaroffur \u00e1 me\u00f0al y\u00f0ar so a\u00f0 hv\u00f6r beri Drottni eitt upplyft offur viljuglega: Gull, silfur, kopar, gult silki, skarlat, purpura, hv\u00edtt silki, og geitah\u00e1r, rau\u00f0lita\u00f0 hr\u00fataskinn, greifingjaskinn, og tr\u00e9 set\u00edm, oleum til lampanna og jurtir til smyrsla og til ilmanda reykelsis, og \u00f3nyx og innsetta steina til l\u00edfkyrtilsins og til brj\u00f3stskj\u00f6ldsins. <span class=\"athugasemd\" title=\"Upplyftingaroffur\">[<\/span> Hver af y\u00f0ur sem er forstandigur hann komi og gj\u00f6ri hva\u00f0 sem Drottinn hefur bo\u00f0i\u00f0, sem er b\u00fa\u00f0in me\u00f0 hennar tj\u00f6ldum og \u00feaki, hringarnir, fjalirnar, stengurnar, st\u00f3lparnir og f\u00e6turnir, aurkin me\u00f0 s\u00ednum st\u00f6ngum, n\u00e1\u00f0arst\u00f3llinn og fortjaldi\u00f0, bor\u00f0i\u00f0 me\u00f0 s\u00ednum st\u00f6ngum og \u00f6llum s\u00ednum verkf\u00e6rum, sko\u00f0unarbrau\u00f0in, kertistikan til a\u00f0 l\u00fdsa og hennar verkf\u00e6ri, lamparnir \u00fear til og oleum til lj\u00f3sanna, reykelsisaltari\u00f0 me\u00f0 s\u00ednum st\u00f6ngum, smyrslin og jurtirnar til eins s\u00e6tleiks ilms, kl\u00e6\u00f0i\u00f0 fyrir tjaldb\u00fa\u00f0arinnar dyrunum, brennif\u00f3rnaaltari\u00f0 me\u00f0 sinni kopargrind, stengum og \u00f6llum s\u00ednum umb\u00fana\u00f0i, vatnkeri\u00f0 me\u00f0 s\u00ednum f\u00e6ti, langtj\u00f6ldin tjaldb\u00fa\u00f0argar\u00f0sins me\u00f0 s\u00ednum st\u00f3lpum og f\u00f3tum, kl\u00e6\u00f0i\u00f0 \u00ed hli\u00f0i tjaldb\u00fa\u00f0argar\u00f0sins, h\u00e6larnir til tjaldb\u00fa\u00f0argar\u00f0sins me\u00f0 \u00feeirra st\u00f6gum, kl\u00e6\u00f0in sem heyra til \u00fej\u00f3nustugj\u00f6r\u00f0arinnar a\u00f0 \u00fej\u00f3na me\u00f0 \u00ed helgid\u00f3minum, Arons prestskl\u00e6\u00f0i og hans sona kl\u00e6\u00f0i, til prestaemb\u00e6ttisins.&#8220;<\/p>\n<p>\t\u00de\u00e1 gekk allur alm\u00fagi af \u00cdsraelssonum \u00fat fr\u00e1 M\u00f3se. Og allir \u00feeir sem g\u00e1fu gjarna og velviljuglega komu og b\u00e1ru upplyft offur til Drottins a\u00f0 gj\u00f6ra \u00fea\u00f0 sem tilheyr\u00f0i vitnisbur\u00f0arb\u00fa\u00f0inni og til allrar \u00feeirrar \u00fej\u00f3nustu og til \u00feeirra helgra kl\u00e6\u00f0a. So b\u00e1ru b\u00e6\u00f0i menn og kvinnur sem gj\u00f6r\u00f0u \u00fea\u00f0 velviljuglega armspangir, eyrnahringa, hringa og spengur og allrahanda gullker. \u00dear til bar hv\u00f6r ma\u00f0ur gull til <span class=\"athugasemd\" title=\"a \/ (Veifunar) \/ veifa og upplyfta. \u00deessi tv\u00f6 or\u00f0, a\u00f0 veifa og upplyfta hlj\u00f3tum v\u00e9r a\u00f0 l\u00e1ta r\u00e9ttilega a\u00f0 skilja \u00fev\u00ed a\u00f0 f\u00f3rn e\u00f0ur g\u00e1fa sem gefin var til Gu\u00f0s \u00fej\u00f3nustu kallast \u00fear fyrir upplyfting e\u00f0ur upplyftingaroffur, a\u00f0 menn h\u00f3fu hana \u00ed loft upp fyrir Drottni. En veifunaroffur kallast \u00fea\u00f0 \u00fear fyrir a\u00f0 \u00fea\u00f0 sem offra\u00f0 var, \u00fev\u00ed var veifa\u00f0 \u00ed fj\u00f3rar \u00e1ttir: \u00cd austur og vestur, nor\u00f0ur og su\u00f0ur\">[<\/span> upplyftingar fyrir Drottni. Og hv\u00f6r ma\u00f0ur sem haf\u00f0i gult silki, skarlat, purpura, hv\u00edtt silki, geitah\u00e1r, rau\u00f0ar hr\u00fatag\u00e6rur, og greifingjaskinn, \u00fea\u00f0 bar s\u00e1 fram. Og hver sem upplyfti silfri e\u00f0a kopar hann bar \u00fea\u00f0 fram til upplyftingar fyrir Drottni. Og hver sem fann tr\u00e9 set\u00edm hj\u00e1 s\u00e9r \u00fe\u00e1 bar hann \u00fea\u00f0 fram til allsh\u00e1tta\u00f0s sm\u00ed\u00f0is Gu\u00f0s\u00fej\u00f3nustu gj\u00f6r\u00f0ar.<\/p>\n<p>\tOg \u00fe\u00e6r konur sem voru forstandigar \u00fe\u00e6r spunnu me\u00f0 s\u00ednum h\u00f6ndum og framb\u00e1ru sinn verkna\u00f0 af gulu silki, skarlati, purpura, hv\u00edtu silki, og hverjar kvinnur soddan erfi\u00f0i kunnu og voru viljugar \u00fear til \u00fe\u00e6r spunnu geitah\u00e1r. En h\u00f6f\u00f0ingjarnir b\u00e1ru \u00f3nyx og greypta steina fram til l\u00edfkyrtilsins og brj\u00f3stskj\u00f6ldsins og jurtir og oleum til kertastikunnar og til smyrslanna og til ilmanda reyks. So b\u00e1ru \u00cdsraelssynir velviljuglega fram, b\u00e6\u00f0i menn og kvinnur, til allsh\u00e1tta\u00f0s gj\u00f6rnings sem Drottinn haf\u00f0i bo\u00f0i\u00f0 fyrir M\u00f3sen a\u00f0 gj\u00f6ra skyldi.<\/p>\n<p>\tOg M\u00f3ses sag\u00f0i til \u00cdsraelssona: &#8222;Sj\u00e1i\u00f0, Drottinn hefur kalla\u00f0 me\u00f0 nafni Besaleel \u00dar\u00edson, sonar H\u00far, af J\u00fada slekti, og hefur uppfyllt hann me\u00f0 Gu\u00f0s Anda svo a\u00f0 hann er v\u00eds, hygginn og skikkanlegur til allrahanda gj\u00f6rnings. Hann hefur hagleik a\u00f0 erfi\u00f0a \u00ed gulli, silfri og kopar og a\u00f0 \u00fatgrafa gimsteina og innsetja \u00fe\u00e1, a\u00f0 sm\u00ed\u00f0a tr\u00e9 og gj\u00f6ra allrahanda hagleiks gj\u00f6rning, og hefur gefi\u00f0 honum \u00ed hans hjarta hyggindi; l\u00edka so Ahal\u00edab syni Ah\u00edsamaks af \u00e6tt Dan. Hann hefur uppfyllt \u00feeirra hj\u00f6rtu me\u00f0 v\u00edsd\u00f3m til a\u00f0 gj\u00f6ra allrahanda gj\u00f6rning: A\u00f0 \u00fatskera, verka og sauma me\u00f0 gulu silki, skarlati, purpura og hv\u00edtu silki, og a\u00f0 vefa og a\u00f0 gj\u00f6ra allrahanda gj\u00f6rning og a\u00f0 upphugsa kostulegt erfi\u00f0i.&#8220;<\/p>\n","protected":false},"excerpt":{"rendered":"<p>Og M\u00f3ses samansafna\u00f0i alm\u00faganum \u00cdsraelssona og sag\u00f0i til \u00feeirra: &#8222;\u00deetta er \u00fea\u00f0 sem Drottinn hefur bo\u00f0i\u00f0 a\u00f0 \u00fe\u00e9r skyldu\u00f0 gj\u00f6ra. Sex daga skulu \u00fe\u00e9r erfi\u00f0a en \u00feann sj\u00f6unda dag skulu \u00fe\u00e9r helgan halda, eirn sabbatsdag, sem er hv\u00edld Drottins. [ Hv\u00f6r sem gj\u00f6rir nokku\u00f0 erfi\u00f0i \u00e1 \u00feann dag hann skal deyja. \u00de\u00e9r skulu\u00f0 \u00f6ngvan eld gj\u00f6ra \u00ed \u00f6llum y\u00f0ar h\u00fdb\u00fdlum um sabbatsdaginn.&#8220; [ Og M\u00f3ses sag\u00f0i til alls alm\u00fagans \u00cdsraelssona: &#8222;\u00deetta er \u00fea\u00f0 sem Drottinn hefur b\u00edfala\u00f0. Gefi\u00f0 Drottni upplyftingaroffur \u00e1 me\u00f0al y\u00f0ar so a\u00f0 hv\u00f6r beri Drottni eitt upplyft offur viljuglega: Gull, silfur, kopar, gult silki, skarlat, purpura, hv\u00edtt <a href=\"https:\/\/biblian.is\/gudbrandsbiblia\/onnur-mosebok-35-kafli\/\"> [&#8230;]<\/a><\/p>\n","protected":false},"author":1,"featured_media":0,"parent":0,"menu_order":0,"comment_status":"open","ping_status":"open","template":"bibliukaflar.php","meta":{"footnotes":""},"class_list":["post-2777","page","type-page","status-publish","hentry"],"_links":{"self":[{"href":"https:\/\/biblian.is\/gudbrandsbiblia\/wp-json\/wp\/v2\/pages\/2777","targetHints":{"allow":["GET"]}}],"collection":[{"href":"https:\/\/biblian.is\/gudbrandsbiblia\/wp-json\/wp\/v2\/pages"}],"about":[{"href":"https:\/\/biblian.is\/gudbrandsbiblia\/wp-json\/wp\/v2\/types\/page"}],"author":[{"embeddable":true,"href":"https:\/\/biblian.is\/gudbrandsbiblia\/wp-json\/wp\/v2\/users\/1"}],"replies":[{"embeddable":true,"href":"https:\/\/biblian.is\/gudbrandsbiblia\/wp-json\/wp\/v2\/comments?post=2777"}],"version-history":[{"count":0,"href":"https:\/\/biblian.is\/gudbrandsbiblia\/wp-json\/wp\/v2\/pages\/2777\/revisions"}],"wp:attachment":[{"href":"https:\/\/biblian.is\/gudbrandsbiblia\/wp-json\/wp\/v2\/media?parent=2777"}],"curies":[{"name":"wp","href":"https:\/\/api.w.org\/{rel}","templated":true}]}}