{"id":2773,"date":"2017-12-18T18:31:43","date_gmt":"2017-12-18T18:31:43","guid":{"rendered":"http:\/\/biblian.is\/gudbrandsbiblia\/onnur-mosebok-31-kafli\/"},"modified":"2017-12-18T18:31:43","modified_gmt":"2017-12-18T18:31:43","slug":"onnur-mosebok-31-kafli","status":"publish","type":"page","link":"https:\/\/biblian.is\/gudbrandsbiblia\/onnur-mosebok-31-kafli\/","title":{"rendered":"\u00d6nnur M\u00f3seb\u00f3k 31. kafli"},"content":{"rendered":"<p>Drottinn m\u00e6lti vi\u00f0 M\u00f3sen og sag\u00f0i: &#8222;Sj\u00e1, \u00e9g hefi kalla\u00f0 Besaleel, son \u00dar\u00ed, son H\u00far, af \u00e6tt J\u00fada, me\u00f0 nafni og hef uppfyllt hann me\u00f0 Gu\u00f0s Anda, me\u00f0 v\u00edsd\u00f3mi og skilningi og hagleik \u00ed allra handa sm\u00ed\u00f0i, meistarlega a\u00f0 erfi\u00f0a \u00ed gulli, silfri, kopar, kostulega a\u00f0 \u00fatgrafa og innsetja steina og kostulega a\u00f0 sm\u00ed\u00f0a \u00far tr\u00e9 og a\u00f0 sm\u00ed\u00f0a allrahanda sm\u00ed\u00f0i. <span class=\"athugasemd\" title=\"Besaleel\">[<\/span> Og sj\u00e1, \u00e9g hefi fengi\u00f0 honum f\u00e9laga, Ahal\u00edab, son Ah\u00edsamak af \u00e6tt Dan. <span class=\"athugasemd\" title=\"Ahal\u00edab\">[<\/span> Og \u00e9g hefi gefi\u00f0 \u00feeim allsh\u00e1tta\u00f0an v\u00edsd\u00f3m \u00ed \u00feeirra hj\u00f6rtu a\u00f0 \u00feeir skulu sm\u00ed\u00f0a allt \u00fea\u00f0 sem \u00e9g hefi bo\u00f0i\u00f0 \u00fe\u00e9r: Vitnisbur\u00f0arb\u00fa\u00f0ina, vitnisbur\u00f0ar\u00f6rkina, n\u00e1\u00f0arst\u00f3linn \u00fear upp\u00e1 og allan umb\u00fana\u00f0 tjaldb\u00fa\u00f0arinnar, bor\u00f0i\u00f0 me\u00f0 \u00feeim umb\u00fana\u00f0i sem \u00fear tilheyrir, \u00fe\u00e1 f\u00f6gru kertistiku me\u00f0 s\u00ednum \u00f6llum verkf\u00e6rum, reykelsisaltari\u00f0, brennif\u00f3rnaraltari\u00f0 me\u00f0 \u00f6llum s\u00ednum \u00fatb\u00fana\u00f0i, vatnkeri\u00f0 og \u00feess f\u00f3t, emb\u00e6ttiskl\u00e6\u00f0in og Arons kennimans helgu kl\u00e6\u00f0i og hans sona kl\u00e6\u00f0i til prestemb\u00e6ttisins, smurningaroleum og reykelsi til helgid\u00f3msins. Allt \u00fea\u00f0 sem \u00e9g hefi b\u00edfala\u00f0 \u00fe\u00e9r \u00fea\u00f0 skulu \u00feeir gj\u00f6ra.&#8220;<\/p>\n<p>\tOg Drottinn tala\u00f0i vi\u00f0 M\u00f3sen og sag\u00f0i: &#8222;Tala til \u00cdsraelssona og seg\u00f0u til \u00feeirra: Haldi\u00f0 minn \u00fevottdag \u00fev\u00ed a\u00f0 \u00fea\u00f0 sama er eitt teikn millum m\u00edn og y\u00f0ar og y\u00f0ra eftirkomenda, so \u00fe\u00e9r skulu\u00f0 vita a\u00f0 \u00e9g er Drottinn sem y\u00f0ur gj\u00f6rir heilaga. \u00dear fyrir haldi\u00f0 minn sabbatsdag \u00fev\u00ed hann skal vera y\u00f0ur helgur. Hver sem vanhelgar hann, s\u00e1 skal vissulega deyja. \u00dev\u00ed hv\u00f6r sem gj\u00f6rir nokku\u00f0 erfi\u00f0i \u00e1 honum, hans s\u00e1l skal afm\u00e1st fr\u00e1 s\u00ednu f\u00f3lki. Sex daga skulu menn erfi\u00f0a en sj\u00f6undi dagur er sabbatsdagur, Drottins heil\u00f6g hv\u00edld. Hver sem gj\u00f6rir nokku\u00f0 erfi\u00f0i \u00e1 sabbatsdegi hann skal vissulega deyja. \u00dear fyrir skulu \u00cdsraelssynir halda sabbatsdaginn a\u00f0 \u00feeir og \u00feeirra eftirkomendur haldi hann til eins eil\u00edfs s\u00e1ttm\u00e1la. Hann er eitt eil\u00edft teikn millum m\u00edn og \u00cdsraelssona. <span class=\"athugasemd\" title=\"Exod. 20 \/ Gen. 2\">[<\/span> \u00dev\u00ed Drottinn skapa\u00f0i himin og j\u00f6r\u00f0 \u00e1 sex d\u00f6gum en \u00e1 \u00feeim sj\u00f6unda degi hv\u00edldist hann og endurn\u00e6r\u00f0i sig.&#8220;  <\/p>\n<p>\tOg sem Drottinn haf\u00f0i enda\u00f0 \u00feessar r\u00e6\u00f0ur vi\u00f0 M\u00f3sen \u00e1 S\u00edna\u00edfjalli gaf hann honum tv\u00e6r vitnisbur\u00f0art\u00f6flur. \u00de\u00e6r voru af steini og skrifa\u00f0ar me\u00f0 Gu\u00f0s fingri.<\/p>\n","protected":false},"excerpt":{"rendered":"<p>Drottinn m\u00e6lti vi\u00f0 M\u00f3sen og sag\u00f0i: &#8222;Sj\u00e1, \u00e9g hefi kalla\u00f0 Besaleel, son \u00dar\u00ed, son H\u00far, af \u00e6tt J\u00fada, me\u00f0 nafni og hef uppfyllt hann me\u00f0 Gu\u00f0s Anda, me\u00f0 v\u00edsd\u00f3mi og skilningi og hagleik \u00ed allra handa sm\u00ed\u00f0i, meistarlega a\u00f0 erfi\u00f0a \u00ed gulli, silfri, kopar, kostulega a\u00f0 \u00fatgrafa og innsetja steina og kostulega a\u00f0 sm\u00ed\u00f0a \u00far tr\u00e9 og a\u00f0 sm\u00ed\u00f0a allrahanda sm\u00ed\u00f0i. [ Og sj\u00e1, \u00e9g hefi fengi\u00f0 honum f\u00e9laga, Ahal\u00edab, son Ah\u00edsamak af \u00e6tt Dan. [ Og \u00e9g hefi gefi\u00f0 \u00feeim allsh\u00e1tta\u00f0an v\u00edsd\u00f3m \u00ed \u00feeirra hj\u00f6rtu a\u00f0 \u00feeir skulu sm\u00ed\u00f0a allt \u00fea\u00f0 sem \u00e9g hefi bo\u00f0i\u00f0 \u00fe\u00e9r: Vitnisbur\u00f0arb\u00fa\u00f0ina, vitnisbur\u00f0ar\u00f6rkina, n\u00e1\u00f0arst\u00f3linn <a href=\"https:\/\/biblian.is\/gudbrandsbiblia\/onnur-mosebok-31-kafli\/\"> [&#8230;]<\/a><\/p>\n","protected":false},"author":1,"featured_media":0,"parent":0,"menu_order":0,"comment_status":"open","ping_status":"open","template":"bibliukaflar.php","meta":{"footnotes":""},"class_list":["post-2773","page","type-page","status-publish","hentry"],"_links":{"self":[{"href":"https:\/\/biblian.is\/gudbrandsbiblia\/wp-json\/wp\/v2\/pages\/2773","targetHints":{"allow":["GET"]}}],"collection":[{"href":"https:\/\/biblian.is\/gudbrandsbiblia\/wp-json\/wp\/v2\/pages"}],"about":[{"href":"https:\/\/biblian.is\/gudbrandsbiblia\/wp-json\/wp\/v2\/types\/page"}],"author":[{"embeddable":true,"href":"https:\/\/biblian.is\/gudbrandsbiblia\/wp-json\/wp\/v2\/users\/1"}],"replies":[{"embeddable":true,"href":"https:\/\/biblian.is\/gudbrandsbiblia\/wp-json\/wp\/v2\/comments?post=2773"}],"version-history":[{"count":0,"href":"https:\/\/biblian.is\/gudbrandsbiblia\/wp-json\/wp\/v2\/pages\/2773\/revisions"}],"wp:attachment":[{"href":"https:\/\/biblian.is\/gudbrandsbiblia\/wp-json\/wp\/v2\/media?parent=2773"}],"curies":[{"name":"wp","href":"https:\/\/api.w.org\/{rel}","templated":true}]}}

Önnur Mósebók 31. kafli

<p>Drottinn mælti við Mósen og sagði: &#8222;Sjá, ég hefi kallað Besaleel, son Úrí, son Húr, af ætt Júda, með nafni og hef uppfyllt hann með Guðs Anda, með vísdómi og skilningi og hagleik í allra handa smíði, meistarlega að erfiða í gulli, silfri, kopar, kostulega að útgrafa og innsetja steina og kostulega að smíða úr tré og að smíða allrahanda smíði. <span class="athugasemd" title="Besaleel">[</span> Og sjá, ég hefi fengið honum félaga, Ahalíab, son Ahísamak af ætt Dan. <span class="athugasemd" title="Ahalíab">[</span> Og ég hefi gefið þeim allsháttaðan vísdóm í þeirra hjörtu að þeir skulu smíða allt það sem ég hefi boðið þér: Vitnisburðarbúðina, vitnisburðarörkina, náðarstólinn þar uppá og allan umbúnað tjaldbúðarinnar, borðið með þeim umbúnaði sem þar tilheyrir, þá fögru kertistiku með sínum öllum verkfærum, reykelsisaltarið, brennifórnaraltarið með öllum sínum útbúnaði, vatnkerið og þess fót, embættisklæðin og Arons kennimans helgu klæði og hans sona klæði til prestembættisins, smurningaroleum og reykelsi til helgidómsins. Allt það sem ég hefi bífalað þér það skulu þeir gjöra.&#8220;</p>
<p>	Og Drottinn talaði við Mósen og sagði: &#8222;Tala til Ísraelssona og segðu til þeirra: Haldið minn þvottdag því að það sama er eitt teikn millum mín og yðar og yðra eftirkomenda, so þér skuluð vita að ég er Drottinn sem yður gjörir heilaga. Þar fyrir haldið minn sabbatsdag því hann skal vera yður helgur. Hver sem vanhelgar hann, sá skal vissulega deyja. Því hvör sem gjörir nokkuð erfiði á honum, hans sál skal afmást frá sínu fólki. Sex daga skulu menn erfiða en sjöundi dagur er sabbatsdagur, Drottins heilög hvíld. Hver sem gjörir nokkuð erfiði á sabbatsdegi hann skal vissulega deyja. Þar fyrir skulu Ísraelssynir halda sabbatsdaginn að þeir og þeirra eftirkomendur haldi hann til eins eilífs sáttmála. Hann er eitt eilíft teikn millum mín og Ísraelssona. <span class="athugasemd" title="Exod. 20 / Gen. 2">[</span> Því Drottinn skapaði himin og jörð á sex dögum en á þeim sjöunda degi hvíldist hann og endurnærði sig.&#8220;  </p>
<p>	Og sem Drottinn hafði endað þessar ræður við Mósen á Sínaífjalli gaf hann honum tvær vitnisburðartöflur. Þær voru af steini og skrifaðar með Guðs fingri.</p>

<p>Drottinn mælti við Mósen og sagði: &#8222;Sjá, ég hefi kallað Besaleel, son Úrí, son Húr, af ætt Júda, með nafni og hef uppfyllt hann með Guðs Anda, með vísdómi og skilningi og hagleik í allra handa smíði, meistarlega að erfiða í gulli, silfri, kopar, kostulega að útgrafa og innsetja steina og kostulega að smíða úr tré og að smíða allrahanda smíði. [ Og sjá, ég hefi fengið honum félaga, Ahalíab, son Ahísamak af ætt Dan. [ Og ég hefi gefið þeim allsháttaðan vísdóm í þeirra hjörtu að þeir skulu smíða allt það sem ég hefi boðið þér: Vitnisburðarbúðina, vitnisburðarörkina, náðarstólinn <a href="https://biblian.is/gudbrandsbiblia/onnur-mosebok-31-kafli/"> [&#8230;]</a></p>
