{"id":2767,"date":"2017-12-18T18:31:40","date_gmt":"2017-12-18T18:31:40","guid":{"rendered":"http:\/\/biblian.is\/gudbrandsbiblia\/onnur-mosebok-25-kafli\/"},"modified":"2017-12-18T18:31:40","modified_gmt":"2017-12-18T18:31:40","slug":"onnur-mosebok-25-kafli","status":"publish","type":"page","link":"https:\/\/biblian.is\/gudbrandsbiblia\/onnur-mosebok-25-kafli\/","title":{"rendered":"\u00d6nnur M\u00f3seb\u00f3k 25. kafli"},"content":{"rendered":"<p>Og Drottinn m\u00e6lti vi\u00f0 M\u00f3sen og sag\u00f0i: &#8222;Seg \u00fe\u00fa \u00cdsraelssonum a\u00f0 \u00feeir gefi m\u00e9r eitt upplyftingaroffur og taki \u00fea\u00f0 af s\u00e9rhverjum manni sem \u00fea\u00f0 gefur viljuglega. <span class=\"athugasemd\" title=\"Upplyftingaroffur\">[<\/span> \u00deetta er \u00fea\u00f0 upplyftingaroffur sem \u00fe\u00e9r skulu\u00f0 taka af \u00feeim: Gull, silfur, kopar, gult silki, skarlat, purpura, hv\u00edtt silki, geitah\u00e1r, rau\u00f0ar hr\u00fatag\u00e6rur, greifingjaskinn, \u00feau tr\u00e9 set\u00edm, vi\u00f0smj\u00f6r til lampanna, jurtir til smyrsla og til g\u00f3\u00f0s ilms, \u00f3nyxsteina og a\u00f0ra inngreyptasteina til l\u00edfkyrtilsins og til brj\u00f3stskj\u00f6ldsins.<\/p>\n<p>\t\tOg \u00feeir skulu gj\u00f6ra m\u00e9r eirn helgid\u00f3m so \u00e9g b\u00fai \u00e1 me\u00f0al \u00feeirra. \u00deann skulu \u00fe\u00e9r gj\u00f6ra eftir \u00feeirri tjaldb\u00fa\u00f0armynd me\u00f0 \u00f6llum s\u00ednum umb\u00fana\u00f0i svo sem \u00e9g mun v\u00edsa \u00fe\u00e9r.<\/p>\n<p>\tGj\u00f6ri\u00f0 eina \u00f6rk af trj\u00e1m set\u00edm. <span class=\"athugasemd\" title=\"Aurkin \/ Exod. 37\">[<\/span> H\u00fan skal vera h\u00e1lf \u00feri\u00f0ju \u00e1lnar \u00e1 lengd, h\u00e1lfrar annarrar \u00e1 breidd og h\u00e1lfrar annarrar \u00e1lnar \u00e1 h\u00e6\u00f0. Hana skulu\u00f0 \u00fe\u00e9r gylla me\u00f0 hreinu gulli, b\u00e6\u00f0i utan og innan. Gj\u00f6ra skaltu ofan um hana k\u00f3r\u00f3nu af gulli allt \u00ed kring. \u00de\u00fa skalt steypa fj\u00f3ra gullhringa og setja \u00ed fj\u00f6gur horn erkurinnar, tvo upp\u00e1 hvora s\u00ed\u00f0u. \u00de\u00fa skalt gj\u00f6ra stengur af trj\u00e1m set\u00edm og b\u00faa \u00fe\u00e6r utan me\u00f0 gull og stinga \u00feeim \u00ed hringana erkurinnar a\u00f0 bera hana me\u00f0. Og \u00fe\u00e6r skulu vera kyrrar \u00ed hringunum og ekki takast af \u00feeim. Og \u00fe\u00fa skalt leggja \u00ed \u00f6rkina \u00feann vitnisbur\u00f0 sem \u00e9g vil gefa \u00fe\u00e9r.<\/p>\n<p>\t\u00de\u00fa skalt og gj\u00f6ra einn n\u00e1\u00f0arst\u00f3l af sk\u00edragulli, h\u00e1lfrar \u00feri\u00f0ju \u00e1lnar langan og h\u00e1lfrar annarrar \u00e1lnar brei\u00f0an. <span class=\"athugasemd\" title=\"N\u00e1\u00f0arst\u00f3llinn\">[<\/span> Tvo ker\u00fab\u00edm skaltu gj\u00f6ra af slegnu gulli yfir b\u00e1\u00f0um endum n\u00e1\u00f0arst\u00f3lsins. <span class=\"athugasemd\" title=\"Ker\u00fab\u00edm\">[<\/span> S\u00e1 eini ker\u00fab\u00edm skal vera \u00e1 \u00f6\u00f0rum endanum en annar \u00e1 hinum \u00f6\u00f0rum, so \u00fear s\u00e9 tveir ker\u00fab\u00edm \u00e1 b\u00e1\u00f0um endum n\u00e1\u00f0arst\u00f3lsins. Og \u00feessir ker\u00fab\u00edm skulu \u00fatbrei\u00f0a s\u00edna v\u00e6ngi ofan fyrir so a\u00f0 \u00feeir hylji n\u00e1\u00f0arst\u00f3linn me\u00f0 s\u00ednum v\u00e6ngjum og hvers \u00feeirra andlit skal standa hvort \u00ed m\u00f3ti \u00f6\u00f0ru og \u00feeirra andlit skulu horfa \u00e1 n\u00e1\u00f0arst\u00f3linn. Og \u00fe\u00fa skalt setja n\u00e1\u00f0arst\u00f3linn ofan \u00e1 \u00f6rkina og leggja \u00feann vitnisbur\u00f0 \u00ed \u00f6rkina sem \u00e9g vil gefa \u00fe\u00e9r. \u00dar \u00feeim sta\u00f0 vil \u00e9g votta fyrir \u00fe\u00e9r og tala vi\u00f0 \u00feig, sem er af n\u00e1\u00f0arst\u00f3lnum milli \u00feeirra tveggja ker\u00fab\u00edm sem eru upp\u00e1 vitnisbur\u00f0ar\u00f6rkinni, allt \u00fea\u00f0 sem \u00e9g vil bj\u00f3\u00f0a \u00cdsraelissonum fyrir \u00fe\u00e9r. <\/p>\n<p>\t\u00de\u00fa skalt gj\u00f6ra eitt bor\u00f0 af trj\u00e1m set\u00edm, tveggja \u00e1lna langt og \u00e1lnar breitt og h\u00e1lfrar annarrar \u00e1lnar h\u00e1tt og b\u00faa \u00fea\u00f0 allt me\u00f0 hreinu gulli. <span class=\"athugasemd\" title=\"Bor\u00f0i\u00f0 \/ Exodi 37 \/ Ebre. 9\">[<\/span> Og \u00fe\u00fa skalt gj\u00f6ra gullk\u00f3r\u00f3nu \u00fear yfir ofan um kring og eina sp\u00f6ng um kring, eirnrar handar brei\u00f0a og a\u00f0ra gullk\u00f3r\u00f3nu ofan um kring sp\u00f6ngina. \u00de\u00fa skalt og gj\u00f6ra fj\u00f3ra gullhringa og setja \u00fe\u00e1 \u00ed \u00feau fj\u00f6gur horn bor\u00f0sins hj\u00e1 hj\u00e1 \u00feeim fj\u00f3rum f\u00f3tum, hart n\u00e6r upp undir sp\u00f6ngina skulu hringarnir vera, a\u00f0 stinga st\u00f6ngunum \u00fear \u00ed og a\u00f0 bera bor\u00f0i\u00f0 me\u00f0. Og \u00fe\u00fa skalt gj\u00f6ra stengurnar af trj\u00e1m set\u00edm og b\u00faa \u00fe\u00e6r utan me\u00f0 gull, a\u00f0 bera bor\u00f0i\u00f0 me\u00f0. \u00de\u00fa skalt gj\u00f6ra f\u00f6tin, bikarana, k\u00f6nnurnar, sk\u00e1lirnar af kl\u00e1ru gulli, af hverjum drykkjaroffri\u00f0 skal offrast. Og \u00fe\u00fa skalt allt\u00ed\u00f0 leggja sko\u00f0unarbrau\u00f0 \u00e1 bor\u00f0i\u00f0 fyrir m\u00e9r. <span class=\"athugasemd\" title=\"Sko\u00f0unarbrau\u00f0in\">[<\/span> <\/p>\n<p>\t\u00de\u00fa skalt og gj\u00f6ra eina kertistiku af slegnu gulli. <span class=\"athugasemd\" title=\"Kertastikan \/ Exo. 37\">[<\/span> \u00dear skal vera \u00e1 stjaki, p\u00edpur, sk\u00e1lir, knappar og r\u00f3sir. Sex p\u00edpur skulu ganga \u00fat af kertistikunni, \u00ferj\u00e1r \u00e1 hvora s\u00ed\u00f0u. Og hv\u00f6r p\u00edpa skal hafa \u00ferj\u00fa ker vaxin sem hnot, knappa og r\u00f3sir. \u00dear skulu vera sex p\u00edpur \u00e1 kertistikunni. En stjakinn skal hafa fj\u00f6gur opin ker me\u00f0 kn\u00f6ppum og r\u00f3sunum. Og eirn knapp undir hverjum tveimur p\u00edpum, hv\u00f6rjar sex a\u00f0 ganga \u00fat af stjakanum. Og b\u00e6\u00f0i knapparnir og p\u00edpurnar skulu ganga \u00fat af honum. Og allt saman \u00feetta skal vera af kl\u00e1ru slegnu gulli.<\/p>\n<p>\t\u00de\u00fa skalt og gj\u00f6ra sj\u00f6 lampa \u00fear ofan \u00e1, so a\u00f0 \u00feeir l\u00fdsi hver \u00ed gegn \u00f6\u00f0rum, og lj\u00f3sas\u00f6x og skaraklofa lj\u00f3sin a\u00f0 sl\u00f6kkva, allt af kl\u00e1ru gulli. <span class=\"athugasemd\" title=\"Lamparnir \/ Ebreos 8 \/ Act. 7\">[<\/span> Og \u00fe\u00fa skalt gj\u00f6ra \u00fea\u00f0 af einu <span class=\"athugasemd\" title=\"a (Centener) \/ xxx pund gulls\">[<\/span> centener kl\u00e1rs gulls me\u00f0 \u00f6llu \u00fev\u00ed sem \u00fear heyrir til. Og sj\u00e1 til a\u00f0 \u00fe\u00fa gj\u00f6rir \u00fea\u00f0 eftir \u00feeirri mynd sem \u00fe\u00fa s\u00e1st \u00e1 fjallinu.<\/p>\n","protected":false},"excerpt":{"rendered":"<p>Og Drottinn m\u00e6lti vi\u00f0 M\u00f3sen og sag\u00f0i: &#8222;Seg \u00fe\u00fa \u00cdsraelssonum a\u00f0 \u00feeir gefi m\u00e9r eitt upplyftingaroffur og taki \u00fea\u00f0 af s\u00e9rhverjum manni sem \u00fea\u00f0 gefur viljuglega. [ \u00deetta er \u00fea\u00f0 upplyftingaroffur sem \u00fe\u00e9r skulu\u00f0 taka af \u00feeim: Gull, silfur, kopar, gult silki, skarlat, purpura, hv\u00edtt silki, geitah\u00e1r, rau\u00f0ar hr\u00fatag\u00e6rur, greifingjaskinn, \u00feau tr\u00e9 set\u00edm, vi\u00f0smj\u00f6r til lampanna, jurtir til smyrsla og til g\u00f3\u00f0s ilms, \u00f3nyxsteina og a\u00f0ra inngreyptasteina til l\u00edfkyrtilsins og til brj\u00f3stskj\u00f6ldsins. Og \u00feeir skulu gj\u00f6ra m\u00e9r eirn helgid\u00f3m so \u00e9g b\u00fai \u00e1 me\u00f0al \u00feeirra. \u00deann skulu \u00fe\u00e9r gj\u00f6ra eftir \u00feeirri tjaldb\u00fa\u00f0armynd me\u00f0 \u00f6llum s\u00ednum umb\u00fana\u00f0i svo sem \u00e9g mun <a href=\"https:\/\/biblian.is\/gudbrandsbiblia\/onnur-mosebok-25-kafli\/\"> [&#8230;]<\/a><\/p>\n","protected":false},"author":1,"featured_media":0,"parent":0,"menu_order":0,"comment_status":"open","ping_status":"open","template":"bibliukaflar.php","meta":{"footnotes":""},"class_list":["post-2767","page","type-page","status-publish","hentry"],"_links":{"self":[{"href":"https:\/\/biblian.is\/gudbrandsbiblia\/wp-json\/wp\/v2\/pages\/2767","targetHints":{"allow":["GET"]}}],"collection":[{"href":"https:\/\/biblian.is\/gudbrandsbiblia\/wp-json\/wp\/v2\/pages"}],"about":[{"href":"https:\/\/biblian.is\/gudbrandsbiblia\/wp-json\/wp\/v2\/types\/page"}],"author":[{"embeddable":true,"href":"https:\/\/biblian.is\/gudbrandsbiblia\/wp-json\/wp\/v2\/users\/1"}],"replies":[{"embeddable":true,"href":"https:\/\/biblian.is\/gudbrandsbiblia\/wp-json\/wp\/v2\/comments?post=2767"}],"version-history":[{"count":0,"href":"https:\/\/biblian.is\/gudbrandsbiblia\/wp-json\/wp\/v2\/pages\/2767\/revisions"}],"wp:attachment":[{"href":"https:\/\/biblian.is\/gudbrandsbiblia\/wp-json\/wp\/v2\/media?parent=2767"}],"curies":[{"name":"wp","href":"https:\/\/api.w.org\/{rel}","templated":true}]}}