{"id":2766,"date":"2017-12-18T18:31:40","date_gmt":"2017-12-18T18:31:40","guid":{"rendered":"http:\/\/biblian.is\/gudbrandsbiblia\/onnur-mosebok-24-kafli\/"},"modified":"2017-12-18T18:31:40","modified_gmt":"2017-12-18T18:31:40","slug":"onnur-mosebok-24-kafli","status":"publish","type":"page","link":"https:\/\/biblian.is\/gudbrandsbiblia\/onnur-mosebok-24-kafli\/","title":{"rendered":"\u00d6nnur M\u00f3seb\u00f3k 24. kafli"},"content":{"rendered":"<p>Og hann sag\u00f0i til M\u00f3sen: &#8222;Gakk upp til Drottins, \u00fe\u00fa og Aron, Nadab og Ab\u00edh\u00fa og \u00feeir sj\u00f6tygi \u00f6ldungar \u00ed \u00cdsrael, og falli\u00f0 fram langt fr\u00e1. En M\u00f3ses skal eirnsaman uppst\u00edga til Drottins en \u00feeir a\u00f0rir skulu ekki koma \u00fear \u00ed n\u00e1nd. F\u00f3lki\u00f0 skal og ekki heldur koma upp me\u00f0 honum.&#8220; <span class=\"athugasemd\" title=\"Exodi 19\">[<\/span> <\/p>\n<p>\tM\u00f3ses kom og sag\u00f0i \u00f6ll or\u00f0 Drottins og allan lagar\u00e9ttinn fyrir f\u00f3lkinu. \u00de\u00e1 svara\u00f0i allt f\u00f3lki\u00f0 me\u00f0 eirni r\u00f6ddu og sag\u00f0i: &#8222;V\u00e9r viljum gj\u00f6ra eftir \u00f6llum \u00feeim or\u00f0um sem Drottinn hefur sagt.&#8220; \u00de\u00e1 skrifa\u00f0i M\u00f3ses \u00f6ll Drottins or\u00f0 og hann st\u00f3\u00f0 snemma upp um morguninn og bygg\u00f0i eitt altari undir fjallinu me\u00f0 t\u00f3lf st\u00f3lpum eftir t\u00f6lu t\u00f3lf kynkv\u00edsla \u00cdsraels og sendi unga men \u00feanga\u00f0 af \u00cdsraelssonum a\u00f0 \u00feeir skyldu f\u00f3rnf\u00e6ra Drottni brennif\u00f3rnir og \u00feakkl\u00e6tisf\u00f3rnir af nautum.<\/p>\n<p>\tOg M\u00f3ses t\u00f3k h\u00e1lfpart af bl\u00f3\u00f0inu og l\u00e9t \u00fea\u00f0 \u00ed eina mundlaug og \u00f6\u00f0rum helmingnum hellti hann yfir altari\u00f0. Hann t\u00f3k og s\u00e1ttm\u00e1lans b\u00f3k og las hana fyrir f\u00f3lkinu. Og \u00fe\u00e1 \u00fea\u00f0 svara\u00f0i: &#8222;V\u00e9r viljum gj\u00f6ra allt \u00fea\u00f0 sem Drottinn hefur bo\u00f0i\u00f0 og vera honum hl\u00fd\u00f0ugir&#8220; \u00fe\u00e1 t\u00f3k M\u00f3ses bl\u00f3\u00f0i\u00f0 og st\u00f6kkti \u00fev\u00ed \u00e1 f\u00f3lki\u00f0 og sag\u00f0i: &#8222;Sj\u00e1i\u00f0, \u00feetta er bl\u00f3\u00f0 s\u00e1ttm\u00e1lans hvern Drottinn hefur gj\u00f6rt vi\u00f0 y\u00f0ur yfir \u00f6llum \u00feessum or\u00f0um.&#8220;<\/p>\n<p>\tOg M\u00f3ses, Aron, Nadab, Ab\u00edh\u00fa og \u00feeir sj\u00f6tygi \u00f6ldungar af \u00cdsrael gengu upp og s\u00e1u Gu\u00f0 \u00cdsraels. Undir hans f\u00f3tum var a\u00f0 sj\u00e1 \u00fev\u00ed l\u00edkast sem fagur saf\u00edrus og so sem himinn \u00fe\u00e1 hann er kl\u00e1r. Og hann r\u00e9tti ei s\u00edna <span class=\"athugasemd\" title=\"a \/ (H\u00f6nd) \/ Hann skelfdi \u00fe\u00e1 ekki me\u00f0 rei\u00f0ar\u00ferumum og eldingum so sem f\u00f3lki\u00f0 \/ Supra kap. Xx\">[<\/span> h\u00f6nd yfir \u00f6ldunga af \u00cdsrael. Og \u00fe\u00e1 \u00feeir h\u00f6f\u00f0u sko\u00f0a\u00f0 Gu\u00f0 \u00e1tu \u00feeir og drukku. Og Drottinn sag\u00f0i til M\u00f3se: &#8222;Kom upp\u00e1 fjalli\u00f0 til m\u00edn og vert \u00fear og \u00e9g vil gefa \u00fe\u00e9r steinspj\u00f6ld og l\u00f6gm\u00e1li\u00f0 og bo\u00f0or\u00f0in sem \u00e9g hefi skrifa\u00f0, \u00feau sem \u00fe\u00fa skalt kenna \u00feeim.&#8220; \u00de\u00e1 st\u00f3\u00f0 M\u00f3ses upp og gekk upp\u00e1 Gu\u00f0s fjall og hans \u00fe\u00e9nari J\u00f3s\u00faa me\u00f0 honum og sag\u00f0i til \u00f6ldunganna: &#8222;Veri\u00f0 h\u00e9r \u00fear til vi\u00f0 komum aftur til y\u00f0ar. Sj\u00e1, Aron og H\u00far er hj\u00e1 y\u00f0ur. Falli nokkur m\u00e1l til \u00fe\u00e1 l\u00e1ti\u00f0 \u00feau koma fyrir \u00fe\u00e1.&#8220;<\/p>\n<p>\tEn sem a\u00f0 M\u00f3ses kom upp\u00e1 fjalli\u00f0 \u00fe\u00e1 huldi sk\u00fdi\u00f0 fjalli\u00f0 og Gu\u00f0s d\u00fdr\u00f0 bygg\u00f0i upp \u00e1 fjallinu S\u00edna\u00ed og huldi \u00fea\u00f0 \u00ed sex daga me\u00f0 sk\u00fdinu og kalla\u00f0i \u00feann sj\u00f6unda dag af sk\u00fdinu \u00e1 M\u00f3sen. Og d\u00fdr\u00f0 Drottins var a\u00f0 sj\u00e1 \u00fev\u00ed l\u00edkast sem eirn brennandi eldur efst \u00e1 fjallinu fyrir augliti \u00cdsraelssona. Og M\u00f3ses gekk mitt inn \u00ed sk\u00fdi\u00f0 og st\u00e9 upp\u00e1 fjalli\u00f0 og var \u00e1 fjallinu fj\u00f6rutygi daga og fj\u00f6rutygi n\u00e1tta. <span class=\"athugasemd\" title=\"M\u00f3ses er \u00e1 fjallinu \u00ed xl daga \/ Exod. 34; 35\">[<\/span><\/p>\n","protected":false},"excerpt":{"rendered":"<p>Og hann sag\u00f0i til M\u00f3sen: &#8222;Gakk upp til Drottins, \u00fe\u00fa og Aron, Nadab og Ab\u00edh\u00fa og \u00feeir sj\u00f6tygi \u00f6ldungar \u00ed \u00cdsrael, og falli\u00f0 fram langt fr\u00e1. En M\u00f3ses skal eirnsaman uppst\u00edga til Drottins en \u00feeir a\u00f0rir skulu ekki koma \u00fear \u00ed n\u00e1nd. F\u00f3lki\u00f0 skal og ekki heldur koma upp me\u00f0 honum.&#8220; [ M\u00f3ses kom og sag\u00f0i \u00f6ll or\u00f0 Drottins og allan lagar\u00e9ttinn fyrir f\u00f3lkinu. \u00de\u00e1 svara\u00f0i allt f\u00f3lki\u00f0 me\u00f0 eirni r\u00f6ddu og sag\u00f0i: &#8222;V\u00e9r viljum gj\u00f6ra eftir \u00f6llum \u00feeim or\u00f0um sem Drottinn hefur sagt.&#8220; \u00de\u00e1 skrifa\u00f0i M\u00f3ses \u00f6ll Drottins or\u00f0 og hann st\u00f3\u00f0 snemma upp um morguninn og bygg\u00f0i eitt <a href=\"https:\/\/biblian.is\/gudbrandsbiblia\/onnur-mosebok-24-kafli\/\"> [&#8230;]<\/a><\/p>\n","protected":false},"author":1,"featured_media":0,"parent":0,"menu_order":0,"comment_status":"open","ping_status":"open","template":"bibliukaflar.php","meta":{"footnotes":""},"class_list":["post-2766","page","type-page","status-publish","hentry"],"_links":{"self":[{"href":"https:\/\/biblian.is\/gudbrandsbiblia\/wp-json\/wp\/v2\/pages\/2766","targetHints":{"allow":["GET"]}}],"collection":[{"href":"https:\/\/biblian.is\/gudbrandsbiblia\/wp-json\/wp\/v2\/pages"}],"about":[{"href":"https:\/\/biblian.is\/gudbrandsbiblia\/wp-json\/wp\/v2\/types\/page"}],"author":[{"embeddable":true,"href":"https:\/\/biblian.is\/gudbrandsbiblia\/wp-json\/wp\/v2\/users\/1"}],"replies":[{"embeddable":true,"href":"https:\/\/biblian.is\/gudbrandsbiblia\/wp-json\/wp\/v2\/comments?post=2766"}],"version-history":[{"count":0,"href":"https:\/\/biblian.is\/gudbrandsbiblia\/wp-json\/wp\/v2\/pages\/2766\/revisions"}],"wp:attachment":[{"href":"https:\/\/biblian.is\/gudbrandsbiblia\/wp-json\/wp\/v2\/media?parent=2766"}],"curies":[{"name":"wp","href":"https:\/\/api.w.org\/{rel}","templated":true}]}}