{"id":2761,"date":"2017-12-18T18:31:40","date_gmt":"2017-12-18T18:31:40","guid":{"rendered":"http:\/\/biblian.is\/gudbrandsbiblia\/onnur-mosebok-19-kafli\/"},"modified":"2017-12-18T18:31:40","modified_gmt":"2017-12-18T18:31:40","slug":"onnur-mosebok-19-kafli","status":"publish","type":"page","link":"https:\/\/biblian.is\/gudbrandsbiblia\/onnur-mosebok-19-kafli\/","title":{"rendered":"\u00d6nnur M\u00f3seb\u00f3k 19. kafli"},"content":{"rendered":"<p>\u00c1 \u00feri\u00f0ja m\u00e1na\u00f0i eftir \u00fea\u00f0 sem \u00cdsraelssynir voru \u00fatgengnir af Egyptalandi \u00fe\u00e1 komu \u00feeir \u00e1 \u00feeim degi \u00ed ey\u00f0im\u00f6rku S\u00edna\u00ed. <span class=\"athugasemd\" title=\"\u00cdsrael \u00ed ey\u00f0im\u00f6rku S\u00edna\u00ed\">[<\/span> \u00dev\u00ed \u00feeir fer\u00f0u\u00f0ust af Raf\u00edd\u00edm og vildu til ey\u00f0imerkur S\u00edna\u00ed og \u00feeir settu s\u00ednar herb\u00fa\u00f0ir \u00ed \u00feeim sama sta\u00f0 \u00ed ey\u00f0im\u00f6rkinni gegnt fjallinu. En M\u00f3ses gekk upp til Gu\u00f0s. Og Drottinn kalla\u00f0i hann af fjallinu og sag\u00f0i: &#8222;So skalt \u00fe\u00fa segja til Jakobs h\u00fass og kunngj\u00f6ra \u00cdsraelssonum: \u00de\u00e9r hafi\u00f0 s\u00e9\u00f0 hva\u00f0 \u00e9g gj\u00f6r\u00f0a \u00feeim egypsku og hvernin \u00e9g hefi bori\u00f0 y\u00f0ur \u00e1 arnarv\u00e6ngjum og teki\u00f0 y\u00f0ur til m\u00edn. Ef \u00fe\u00e9r vilji\u00f0 hl\u00fd\u00f0a minni r\u00f6ddu og halda minn s\u00e1ttm\u00e1la \u00fe\u00e1 skulu \u00fe\u00e9r vera m\u00edn eigin eign af \u00f6llu f\u00f3lki, \u00fev\u00ed \u00f6ll j\u00f6r\u00f0in er m\u00edn, og \u00fe\u00e9r skulu\u00f0 vera m\u00e9r eitt kennimannlegt konungsr\u00edki og eitt heilagt f\u00f3lk. \u00deessi eru \u00feau or\u00f0 sem \u00fe\u00fa skalt segja \u00cdsraelssonum.&#8220;<\/p>\n<p>\tM\u00f3ses kom og kalla\u00f0i saman \u00f6ldunga l\u00fd\u00f0sins og lag\u00f0i fram fyrir \u00fe\u00e1 \u00f6ll \u00feessi or\u00f0 sem Drottinn haf\u00f0i bo\u00f0i\u00f0. \u00de\u00e1 svara\u00f0i allur l\u00fd\u00f0urinn undireins og sag\u00f0i: &#8222;Allt \u00fea\u00f0 sem Drottinn hefur sagt \u00fea\u00f0 viljum v\u00e9r gj\u00f6ra.&#8220; Og M\u00f3ses sag\u00f0i Drottni aftur or\u00f0 f\u00f3lksins. \u00de\u00e1 sag\u00f0i Drottinn til M\u00f3se: &#8222;Sj\u00e1, \u00e9g vil koma til \u00fe\u00edn \u00ed einu \u00feykku sk\u00fdi upp\u00e1 \u00fea\u00f0 a\u00f0 f\u00f3lki\u00f0 megi heyra m\u00edn or\u00f0 \u00feau sem \u00e9g tala vi\u00f0 \u00feig og tr\u00fai \u00fe\u00e9r \u00e6vinlega s\u00ed\u00f0an.&#8220; Og M\u00f3ses sag\u00f0i Drottni fr\u00e1 or\u00f0um l\u00fd\u00f0sins.<\/p>\n<p>\tOg Drottinn m\u00e6lti vi\u00f0 M\u00f3sen: &#8222;Far til f\u00f3lksins og helga\u00f0u \u00fea\u00f0 \u00ed dag og \u00e1 morgun, a\u00f0 \u00feeir \u00fevoi s\u00edn kl\u00e6\u00f0i og s\u00e9 b\u00fanir \u00e1 \u00feri\u00f0ja degi. <span class=\"athugasemd\" title=\"M\u00f3ses helgar f\u00f3lki\u00f0\">[<\/span> \u00dev\u00ed a\u00f0 \u00e1 \u00feeim \u00feri\u00f0ja degi mun Drottinn ofanst\u00edga yfir S\u00edna\u00edfjall fyrir \u00f6llu f\u00f3lki. Settu f\u00f3lkinu eitt takmark umhverfis fjalli\u00f0 og seg \u00fe\u00fa til \u00feeirra: Vari\u00f0 y\u00f0ur a\u00f0 \u00fe\u00e9r gangi\u00f0 ekki upp\u00e1 fjalli\u00f0 og komi\u00f0 ekki heldur vi\u00f0 \u00fea\u00f0 ne\u00f0sta \u00e1 \u00fev\u00ed, \u00fev\u00ed hver sem kemur vi\u00f0 fjalli\u00f0 hann skal dau\u00f0a deyja. Engin mannsh\u00f6nd skal snerta hann heldur skal hann me\u00f0 grj\u00f3ti lemjast e\u00f0a me\u00f0 skotum \u00ed hel skj\u00f3tast, hvort \u00fea\u00f0 er heldur ma\u00f0ur e\u00f0ur kvikindi \u00fe\u00e1 skal \u00fea\u00f0 ekki lifa. En \u00feegar bl\u00e1si\u00f0 er \u00ed b\u00e1s\u00fani\u00f0 \u00fe\u00e1 skulu \u00feeir fara til fjallsins.&#8220; Og M\u00f3ses gekk ofan af fjallinu til f\u00f3lksins og helga\u00f0i \u00fea\u00f0 og \u00feeir \u00fevo\u00f0u s\u00edn kl\u00e6\u00f0i. Hann sag\u00f0i til \u00feeirra: &#8222;Veri\u00f0 b\u00fanir \u00e1 \u00feeim \u00feri\u00f0ja degi og komi\u00f0 ekki \u00ed n\u00e1nd y\u00f0rum kvinnum.&#8220;<\/p>\n<p>\tOg \u00feegar s\u00e1 \u00feri\u00f0ji dagur kom og lj\u00f3st var or\u00f0i\u00f0 \u00fe\u00e1 t\u00f3ku a\u00f0 heyrast rei\u00f0ar\u00ferumur og eldingar a\u00f0 sj\u00e1st og eitt \u00feykkt sk\u00fd huldi fjalli\u00f0 og l\u00fa\u00f0ursins hlj\u00f3\u00f0 var\u00f0 \u00e1kaflega sterkt so a\u00f0 allt f\u00f3lki\u00f0 var\u00f0 hr\u00e6tt \u00fea\u00f0 sem var \u00ed herb\u00fa\u00f0unum. <span class=\"athugasemd\" title=\"L\u00f6gm\u00e1l verkar rei\u00f0i \/ R\u00f3m. 4\">[<\/span> Og M\u00f3ses leiddi f\u00f3lki\u00f0 \u00fat af herb\u00fa\u00f0unum \u00ed m\u00f3ts vi\u00f0 Gu\u00f0 og \u00fea\u00f0 st\u00f3\u00f0 undir fjallinu. En allt S\u00edna\u00edfjall rauk \u00fev\u00ed a\u00f0 Drottinn f\u00f3r ofan yfir fjalli\u00f0 me\u00f0 eldi og eirn reykur gekk upp af \u00fev\u00ed, so sem reykur af ofni, og allt fjalli\u00f0 skalf \u00f3gurlega. <span class=\"athugasemd\" title=\"Ebre. 12 \/ Deutro. 4 \/ Psalmo 68\">[<\/span> Og l\u00fa\u00f0ursins hlj\u00f3\u00f0 var\u00f0 st\u00e6rra og st\u00e6rra. M\u00f3ses tala\u00f0i og Gu\u00f0 svara\u00f0i honum h\u00e1tt.<\/p>\n<p>\tOg sem Drottinn var ofan kominn yfir fjalli\u00f0 S\u00edna\u00ed \u00e1 efsta hvirfil fjallsins \u00fe\u00e1 kalla\u00f0i hann M\u00f3sen efst upp\u00e1 fjalli\u00f0. Og M\u00f3ses gekk upp. \u00de\u00e1 sag\u00f0i Drottinn til hans: &#8222;Far \u00fe\u00fa ofan og vitna fyrir f\u00f3lkinu a\u00f0 \u00fea\u00f0 brj\u00f3tist ekki hinga\u00f0 til Drottins a\u00f0 sj\u00e1 hann so a\u00f0 ei falli fj\u00f6ldi af \u00feeim. En prestarnir sem ganga til Drottins, \u00feeir skulu helga sig so a\u00f0 Drottinn lj\u00f3sti \u00fe\u00e1 ekki.&#8220;<\/p>\n<p>\tOg M\u00f3ses sag\u00f0i til Drottins: &#8222;F\u00f3lki\u00f0 m\u00e1 ekki st\u00edga upp\u00e1 S\u00edna\u00edfjalli\u00f0 \u00fev\u00ed a\u00f0 \u00fe\u00fa votta\u00f0ir fyrir oss og sag\u00f0ir: Settu eitt takmark umhverfis fjalli\u00f0 og helga \u00fea\u00f0.&#8220; Drottinn sag\u00f0i til hans: &#8222;Far og st\u00edg ofan, \u00fe\u00fa og Aron me\u00f0 \u00fe\u00e9r skulu\u00f0 st\u00edga upp. En kennimennirnir og f\u00f3lki\u00f0 skulu ekki yfir takmarki\u00f0 st\u00edga til Drottins svo hann ekki sl\u00e1i \u00fe\u00e1 \u00ed hel.&#8220; Og M\u00f3ses gekk ofan til f\u00f3lksins og bo\u00f0a\u00f0i \u00fev\u00ed \u00feetta.<\/p>\n","protected":false},"excerpt":{"rendered":"<p>\u00c1 \u00feri\u00f0ja m\u00e1na\u00f0i eftir \u00fea\u00f0 sem \u00cdsraelssynir voru \u00fatgengnir af Egyptalandi \u00fe\u00e1 komu \u00feeir \u00e1 \u00feeim degi \u00ed ey\u00f0im\u00f6rku S\u00edna\u00ed. [ \u00dev\u00ed \u00feeir fer\u00f0u\u00f0ust af Raf\u00edd\u00edm og vildu til ey\u00f0imerkur S\u00edna\u00ed og \u00feeir settu s\u00ednar herb\u00fa\u00f0ir \u00ed \u00feeim sama sta\u00f0 \u00ed ey\u00f0im\u00f6rkinni gegnt fjallinu. En M\u00f3ses gekk upp til Gu\u00f0s. Og Drottinn kalla\u00f0i hann af fjallinu og sag\u00f0i: &#8222;So skalt \u00fe\u00fa segja til Jakobs h\u00fass og kunngj\u00f6ra \u00cdsraelssonum: \u00de\u00e9r hafi\u00f0 s\u00e9\u00f0 hva\u00f0 \u00e9g gj\u00f6r\u00f0a \u00feeim egypsku og hvernin \u00e9g hefi bori\u00f0 y\u00f0ur \u00e1 arnarv\u00e6ngjum og teki\u00f0 y\u00f0ur til m\u00edn. Ef \u00fe\u00e9r vilji\u00f0 hl\u00fd\u00f0a minni r\u00f6ddu og halda minn s\u00e1ttm\u00e1la \u00fe\u00e1 <a href=\"https:\/\/biblian.is\/gudbrandsbiblia\/onnur-mosebok-19-kafli\/\"> [&#8230;]<\/a><\/p>\n","protected":false},"author":1,"featured_media":0,"parent":0,"menu_order":0,"comment_status":"open","ping_status":"open","template":"bibliukaflar.php","meta":{"footnotes":""},"class_list":["post-2761","page","type-page","status-publish","hentry"],"_links":{"self":[{"href":"https:\/\/biblian.is\/gudbrandsbiblia\/wp-json\/wp\/v2\/pages\/2761","targetHints":{"allow":["GET"]}}],"collection":[{"href":"https:\/\/biblian.is\/gudbrandsbiblia\/wp-json\/wp\/v2\/pages"}],"about":[{"href":"https:\/\/biblian.is\/gudbrandsbiblia\/wp-json\/wp\/v2\/types\/page"}],"author":[{"embeddable":true,"href":"https:\/\/biblian.is\/gudbrandsbiblia\/wp-json\/wp\/v2\/users\/1"}],"replies":[{"embeddable":true,"href":"https:\/\/biblian.is\/gudbrandsbiblia\/wp-json\/wp\/v2\/comments?post=2761"}],"version-history":[{"count":0,"href":"https:\/\/biblian.is\/gudbrandsbiblia\/wp-json\/wp\/v2\/pages\/2761\/revisions"}],"wp:attachment":[{"href":"https:\/\/biblian.is\/gudbrandsbiblia\/wp-json\/wp\/v2\/media?parent=2761"}],"curies":[{"name":"wp","href":"https:\/\/api.w.org\/{rel}","templated":true}]}}