{"id":2760,"date":"2017-12-18T18:31:40","date_gmt":"2017-12-18T18:31:40","guid":{"rendered":"http:\/\/biblian.is\/gudbrandsbiblia\/onnur-mosebok-18-kafli\/"},"modified":"2017-12-18T18:31:40","modified_gmt":"2017-12-18T18:31:40","slug":"onnur-mosebok-18-kafli","status":"publish","type":"page","link":"https:\/\/biblian.is\/gudbrandsbiblia\/onnur-mosebok-18-kafli\/","title":{"rendered":"\u00d6nnur M\u00f3seb\u00f3k 18. kafli"},"content":{"rendered":"<p>Og sem Jetr\u00f3 kennima\u00f0ur af Mad\u00edan, m\u00e1gur M\u00f3se, heyr\u00f0i allt \u00fea\u00f0 sem Gu\u00f0 haf\u00f0i gj\u00f6rt M\u00f3se og s\u00ednu f\u00f3lki \u00cdsrael, hversu a\u00f0 Drottinn haf\u00f0i \u00fatleitt \u00cdsrael af Egyptalandi, \u00fe\u00e1 t\u00f3k hann Sipp\u00f3ra, M\u00f3ses kvinnu, hverja hann haf\u00f0i aftur sent, og tvo hennar sonu. <span class=\"athugasemd\" title=\"Jetr\u00f3 fer til fundar vi\u00f0 M\u00f3se m\u00e1g sinn\">[<\/span> En fyrsti h\u00e9t Gerson \u00fev\u00ed hann sag\u00f0i: &#8222;\u00c9g var eirn gestur \u00ed framandi landi&#8220; og s\u00e1 annar El\u00edeser \u00fev\u00ed hann sag\u00f0i: &#8222;M\u00edns f\u00f6\u00f0urs Gu\u00f0 hefur veri\u00f0 m\u00edn hj\u00e1lp og hefur var\u00f0veitt mig fr\u00e1 sver\u00f0i fara\u00f3nis.&#8220;<\/p>\n<p>\tOg sem Jetr\u00f3 m\u00e1gur M\u00f3ses kom og hans synir og kvinna \u00ed ey\u00f0im\u00f6rkina til hans \u00fear sem hann haf\u00f0i sett s\u00ednar herb\u00fa\u00f0ir hj\u00e1 Gu\u00f0s fjalli, \u00fe\u00e1 l\u00e9t hann segja M\u00f3se: &#8222;\u00c9g Jetr\u00f3 m\u00e1gur \u00feinn er kominn til \u00fe\u00edn og \u00fe\u00edn kvinna og b\u00e1\u00f0ir hennar synir me\u00f0 henni.&#8220; \u00de\u00e1 gekk M\u00f3ses \u00fat \u00ed m\u00f3t honum og laut honum og minntist vi\u00f0 hann. Og er \u00feeir h\u00f6f\u00f0u heilsast \u00fe\u00e1 gengu \u00feeir inn \u00ed tjaldb\u00fa\u00f0ina. M\u00f3ses kunngj\u00f6r\u00f0i s\u00ednum m\u00e1gi allt \u00fea\u00f0 sem Drottinn haf\u00f0i gj\u00f6rt fara\u00f3ne og \u00feeim egypsku fyrir \u00cdsraels skuld og so allt \u00fea\u00f0 erfi\u00f0i sem \u00feeir h\u00f6f\u00f0u haft \u00ed fer\u00f0inni og hvernin Drottinn haf\u00f0i frelsa\u00f0 \u00fe\u00e1.<\/p>\n<p>\t\u00de\u00e1 gladdist Jetr\u00f3 fyrir alla \u00feessa g\u00f3\u00f0a hluti sem Drottinn haf\u00f0i gj\u00f6rt \u00cdsrael og frelsa\u00f0 \u00fe\u00e1 af egypskra manna hendi. <span class=\"athugasemd\" title=\"Jetr\u00f3 lofar Gu\u00f0 vegna \u00cdsraels\">[<\/span> Og Jetr\u00f3 sag\u00f0i: &#8222;Blessa\u00f0ur s\u00e9 Drottinn sem a\u00f0 frelsa\u00f0i y\u00f0ur af egypskra manna hendi og af hendi fara\u00f3nis, hann kann a\u00f0 frelsa sitt f\u00f3lk a\u00f0 egypskra manna hendi. N\u00fa veit \u00e9g a\u00f0 Drottinn er meiri en allir a\u00f0rir gu\u00f0ir \u00fear fyrir a\u00f0 \u00feeir fr\u00f6mdu drambsemi m\u00f3t \u00feeim.&#8220; Og Jetr\u00f3, M\u00f3se m\u00e1gur, t\u00f3k brennif\u00f3rnir og offra\u00f0i Gu\u00f0i. \u00de\u00e1 kom Aron og \u00feeir allir \u00f6ldungar \u00cdsrael a\u00f0 eta brau\u00f0 me\u00f0 m\u00e1gi M\u00f3si fyrir Gu\u00f0i.<\/p>\n<p>\tOg annars dags setti sig M\u00f3ses til a\u00f0 d\u00e6ma f\u00f3lki\u00f0. Og f\u00f3lki\u00f0 st\u00f3\u00f0 fyrir honum fr\u00e1 morgni til aftans. \u00deegar hans m\u00e1gur s\u00e1 allt \u00fea\u00f0 hann gj\u00f6r\u00f0i vi\u00f0 f\u00f3lki\u00f0 \u00fe\u00e1 sag\u00f0i hann: &#8222;Hva\u00f0 er \u00fea\u00f0 \u00fe\u00fa gj\u00f6rir vi\u00f0 f\u00f3lki\u00f0? \u00dev\u00ed situr \u00fe\u00fa alleina og allt f\u00f3lki\u00f0 stendur fyrir \u00fe\u00e9r fr\u00e1 morni til kv\u00f6lds?&#8220; M\u00f3ses svara\u00f0i honum: &#8222;F\u00f3lki\u00f0 kemur til m\u00edn og leitar Gu\u00f0s atkv\u00e6\u00f0is. \u00dev\u00ed n\u00e6r nokkur m\u00e1l gj\u00f6rast \u00feeirra \u00e1 milli \u00fe\u00e1 koma \u00feeir til m\u00edn a\u00f0 \u00e9g d\u00e6mi um \u00fe\u00e6r sakir sem til falla \u00e1 milli s\u00e9rhvers manns og hans n\u00e1unga og a\u00f0 \u00e9g kenni \u00feeim Gu\u00f0s setninga og hans l\u00f6gm\u00e1l.&#8220;<\/p>\n<p>\tHans m\u00e1gur m\u00e6lti til hans: &#8222;\u00dea\u00f0 er ei gott sem \u00fe\u00fa gj\u00f6rir, \u00feetta erfi\u00f0i gj\u00f6rir \u00feig \u00fereyttan og \u00fea\u00f0 f\u00f3lk sem me\u00f0 \u00fe\u00e9r er, \u00fea\u00f0 er \u00fe\u00e9r of \u00feungt, \u00fe\u00fa m\u00e1tt \u00fea\u00f0 ekki eirnsaman bera. <span class=\"athugasemd\" title=\"Jetr\u00f3 r\u00e1\u00f0 \/ Deutro. 1 1\">[<\/span> \u00dear fyrir hl\u00fd\u00f0 minni r\u00f6ddu og haf m\u00edn r\u00e1\u00f0 og mun Gu\u00f0 vera me\u00f0 \u00fe\u00e9r: Annast \u00fe\u00fa f\u00f3lki\u00f0 \u00ed \u00fev\u00ed sem Gu\u00f0i tilkemur og ber fram \u00feeirra m\u00e1lefni fyrir Gu\u00f0. Set \u00feeim l\u00f6g og r\u00e9tt, kenn \u00feeim veginn sem \u00feeir skulu ganga og \u00feau verk sem \u00feeir skulu gj\u00f6ra.<\/p>\n<p>\tEn sj\u00e1 \u00feig um \u00e1 me\u00f0al f\u00f3lksins eftir nokkrum valinkunnum m\u00f6nnum sem \u00f3ttast Gu\u00f0 og eru sanns\u00fdnir og hata \u00e1girnd og set \u00feessa yfir \u00fe\u00e1, suma yfir \u00fe\u00fasund, suma yfir hundra\u00f0, suma yfir fimmtygi og suma yfir t\u00edu, a\u00f0 \u00feeir \u00e6t\u00ed\u00f0 d\u00e6mi f\u00f3lki\u00f0. En s\u00e9 \u00fear nokkur st\u00f3r m\u00e1l, \u00fe\u00e1 l\u00e1t \u00feau koma fyrir \u00feig en l\u00e1t \u00fe\u00e1 d\u00e6ma \u00f6ll \u00f6nnur sm\u00e6rri m\u00e1l. Svo ver\u00f0ur \u00fe\u00e9r \u00feetta l\u00e9ttb\u00e6rara \u00feegar \u00feeir bera me\u00f0 \u00fe\u00e9r. Ef \u00fe\u00fa vilt n\u00fa \u00feetta gj\u00f6ra \u00fe\u00e1 kanntu a\u00f0 framkv\u00e6ma \u00fea\u00f0 sem Gu\u00f0 b\u00fd\u00f0ur \u00fe\u00e9r, so m\u00e1 og allt \u00feetta f\u00f3lk koma me\u00f0 fri\u00f0i til sinna heimkynna.&#8220;<\/p>\n<p>\tM\u00f3ses hl\u00fdddi or\u00f0um s\u00edns m\u00e1gs og gj\u00f6r\u00f0i allt \u00fea\u00f0 sem hann sag\u00f0i og \u00fatvaldi fr\u00f3ma menn af \u00f6llum \u00cdsrael og setti \u00fe\u00e1 til h\u00f6f\u00f0ingja yfir f\u00f3lki\u00f0, suma yfir \u00fe\u00fasund, suma yfir hundra\u00f0, suma yfir fimmtygi og suma yfir t\u00edu, a\u00f0 \u00feeir skyldu allt\u00ed\u00f0 sitja d\u00f3ma yfir f\u00f3lkinu. En \u00f6llum st\u00f3rm\u00e1lum skyldu \u00feeir skj\u00f3ta fyrir M\u00f3sen, en \u00feeir sj\u00e1lfir skyldu d\u00e6ma \u00f6ll sm\u00e6rri m\u00e1l. So l\u00e9t M\u00f3ses sinn m\u00e1g fer\u00f0ast heim aftur \u00ed sitt land.<\/p>\n","protected":false},"excerpt":{"rendered":"<p>Og sem Jetr\u00f3 kennima\u00f0ur af Mad\u00edan, m\u00e1gur M\u00f3se, heyr\u00f0i allt \u00fea\u00f0 sem Gu\u00f0 haf\u00f0i gj\u00f6rt M\u00f3se og s\u00ednu f\u00f3lki \u00cdsrael, hversu a\u00f0 Drottinn haf\u00f0i \u00fatleitt \u00cdsrael af Egyptalandi, \u00fe\u00e1 t\u00f3k hann Sipp\u00f3ra, M\u00f3ses kvinnu, hverja hann haf\u00f0i aftur sent, og tvo hennar sonu. [ En fyrsti h\u00e9t Gerson \u00fev\u00ed hann sag\u00f0i: &#8222;\u00c9g var eirn gestur \u00ed framandi landi&#8220; og s\u00e1 annar El\u00edeser \u00fev\u00ed hann sag\u00f0i: &#8222;M\u00edns f\u00f6\u00f0urs Gu\u00f0 hefur veri\u00f0 m\u00edn hj\u00e1lp og hefur var\u00f0veitt mig fr\u00e1 sver\u00f0i fara\u00f3nis.&#8220; Og sem Jetr\u00f3 m\u00e1gur M\u00f3ses kom og hans synir og kvinna \u00ed ey\u00f0im\u00f6rkina til hans \u00fear sem hann haf\u00f0i sett s\u00ednar <a href=\"https:\/\/biblian.is\/gudbrandsbiblia\/onnur-mosebok-18-kafli\/\"> [&#8230;]<\/a><\/p>\n","protected":false},"author":1,"featured_media":0,"parent":0,"menu_order":0,"comment_status":"open","ping_status":"open","template":"bibliukaflar.php","meta":{"footnotes":""},"class_list":["post-2760","page","type-page","status-publish","hentry"],"_links":{"self":[{"href":"https:\/\/biblian.is\/gudbrandsbiblia\/wp-json\/wp\/v2\/pages\/2760","targetHints":{"allow":["GET"]}}],"collection":[{"href":"https:\/\/biblian.is\/gudbrandsbiblia\/wp-json\/wp\/v2\/pages"}],"about":[{"href":"https:\/\/biblian.is\/gudbrandsbiblia\/wp-json\/wp\/v2\/types\/page"}],"author":[{"embeddable":true,"href":"https:\/\/biblian.is\/gudbrandsbiblia\/wp-json\/wp\/v2\/users\/1"}],"replies":[{"embeddable":true,"href":"https:\/\/biblian.is\/gudbrandsbiblia\/wp-json\/wp\/v2\/comments?post=2760"}],"version-history":[{"count":0,"href":"https:\/\/biblian.is\/gudbrandsbiblia\/wp-json\/wp\/v2\/pages\/2760\/revisions"}],"wp:attachment":[{"href":"https:\/\/biblian.is\/gudbrandsbiblia\/wp-json\/wp\/v2\/media?parent=2760"}],"curies":[{"name":"wp","href":"https:\/\/api.w.org\/{rel}","templated":true}]}}