{"id":2749,"date":"2017-12-18T18:31:36","date_gmt":"2017-12-18T18:31:36","guid":{"rendered":"http:\/\/biblian.is\/gudbrandsbiblia\/onnur-mosebok-7-kafli\/"},"modified":"2017-12-18T18:31:36","modified_gmt":"2017-12-18T18:31:36","slug":"onnur-mosebok-7-kafli","status":"publish","type":"page","link":"https:\/\/biblian.is\/gudbrandsbiblia\/onnur-mosebok-7-kafli\/","title":{"rendered":"\u00d6nnur M\u00f3seb\u00f3k 7. kafli"},"content":{"rendered":"<p>Og Drottinn sag\u00f0i til M\u00f3sen: &#8222;Sj\u00e1, \u00e9g hefi sett \u00feig til eins Gu\u00f0s yfir fara\u00f3nem og Aron \u00feinn br\u00f3\u00f0ir skal vera \u00feinn profete. <span class=\"athugasemd\" title=\"Exo. 4\">[<\/span> \u00de\u00fa skalt tala allt \u00fea\u00f0 \u00e9g b\u00fd\u00f0 \u00fe\u00e9r. En Aron \u00feinn br\u00f3\u00f0ir skal tala \u00fea\u00f0 fyrir fara\u00f3ne a\u00f0 hann leyfi \u00cdsraelssonum a\u00f0 fara af s\u00ednu landi. En \u00e9g vil forher\u00f0a fara\u00f3nis hjarta svo a\u00f0 \u00e9g gj\u00f6ri m\u00f6rg t\u00e1kn og st\u00f3rmerki \u00ed Egyptalandi. Og fara\u00f3 mun ekki hl\u00fd\u00f0a y\u00f0ur, upp\u00e1 \u00fea\u00f0 \u00e9g leggi m\u00edna h\u00f6nd yfir Egyptaland og lei\u00f0i minn her, mitt f\u00f3lk \u00cdsraelssonu, af Egyptalandi me\u00f0 st\u00f3rum d\u00f3mi. Og \u00feeir egypsku skulu f\u00e1 a\u00f0 vita a\u00f0 \u00e9g er Drottinn n\u00e6r \u00e9g n\u00fa \u00fatr\u00e9tti m\u00edna h\u00f6nd yfir Egyptaland og lei\u00f0i \u00cdsraelissonu burt fr\u00e1 \u00feeim.&#8220;<\/p>\n<p>\tM\u00f3ses og Aron gj\u00f6r\u00f0u so sem Drottinn bau\u00f0 \u00feeim. Og M\u00f3ses var \u00e1ttatygi \u00e1ra gamall en Aron \u00feriggja og \u00e1ttatygi \u00e1ra gamall \u00fe\u00e1 \u00feeir t\u00f6lu\u00f0u vi\u00f0 fara\u00f3nem. <span class=\"athugasemd\" title=\"Aldur M\u00f3ses og Arons\">[<\/span> Og Drottinn sag\u00f0i til M\u00f3ses og Aron: &#8222;\u00deegar n\u00fa a\u00f0 fara\u00f3 segir til y\u00f0ar: S\u00fdni\u00f0 y\u00f0ar teikn, \u00fe\u00e1 skaltu segja til Arons: Tak \u00feinn v\u00f6nd og kasta honum fram fyrir fara\u00f3nem og mun hann ver\u00f0a a\u00f0 h\u00f6ggormi.&#8220; \u00de\u00e1 gengu \u00feeir M\u00f3ses og Aron inn fyrir fara\u00f3nem og gj\u00f6r\u00f0u so sem Drottinn haf\u00f0i bo\u00f0i\u00f0 \u00feeim. Og Aron kasta\u00f0i s\u00ednum vendi ni\u00f0ur fyrir fara\u00f3ne og fyrir hans \u00fe\u00e9nurum og hann var\u00f0 a\u00f0 einum h\u00f6ggormi. <span class=\"athugasemd\" title=\"M\u00f3ses v\u00f6ndur ver\u00f0ur a\u00f0 h\u00f6ggormi\">[<\/span> \u00de\u00e1 kalla\u00f0i fara\u00f3 \u00e1 s\u00edna spekinga og s\u00edna galdramenn. Og \u00feeir egypsku galdramenn gj\u00f6r\u00f0u eirnin l\u00edka so me\u00f0 s\u00ednum s\u00e6ringum. Og hver eirn kasta\u00f0i s\u00ednum vendi fr\u00e1 s\u00e9r og \u00feeir ur\u00f0u a\u00f0 h\u00f6ggormum. En Arons v\u00f6ndur gleypti \u00feeirra v\u00f6ndu. So forhertist fara\u00f3nis hjarta a\u00f0 hann hl\u00fdddi \u00feeim ekki, so sem Drottinn haf\u00f0i tala\u00f0. <\/p>\n<p>\tOg Drottinn sag\u00f0i til M\u00f3ses: &#8222;Fara\u00f3nis hjarta er harna\u00f0, ei vill hann leyfa f\u00f3lkinu burt a\u00f0 fara. Far \u00fe\u00fa \u00e1 morgun \u00e1 fund fara\u00f3nis. Sj\u00e1, hann mun ganga a\u00f0 vatninu. \u00de\u00fa skalt standa gagnvart honum \u00e1 \u00e1rbakkanum og tak \u00feann v\u00f6nd \u00ed \u00fe\u00edna h\u00f6nd sem var\u00f0 a\u00f0 h\u00f6ggormi og seg \u00fe\u00fa til hans: Drottinn, Gu\u00f0 ebreskra manna, sendi mig til \u00fe\u00edn og hann l\u00e6tur \u00fe\u00e9r segja: Lofa \u00fe\u00fa m\u00ednu f\u00f3lki a\u00f0 fara so \u00fea\u00f0 megi \u00fej\u00f3na m\u00e9r \u00e1 ey\u00f0im\u00f6rku. En \u00fe\u00fa hefur ekki vilja\u00f0 til \u00feessa. \u00dear fyrir segir Drottinn svo: \u00dear af \u00fe\u00e1 skaltu merkja a\u00f0 \u00e9g er Drottinn: Sj\u00e1, \u00e9g mun lj\u00f3sta \u00e1 vatni\u00f0 \u00e1rinnar \u00feessum vendi sem \u00e9g hefi \u00ed minni hendi og \u00fea\u00f0 skal ver\u00f0a a\u00f0 bl\u00f3\u00f0i so a\u00f0 fiskarnir \u00ed \u00e1nni skulu deyja og vatni\u00f0 skal \u00falna, so a\u00f0 egypska skal velgja vi\u00f0 a\u00f0 drekka af \u00fev\u00ed.&#8220; Og Drottinn m\u00e6lti vi\u00f0 M\u00f3sen: &#8222;Seg til Arons: Tak \u00feinn v\u00f6nd og r\u00e9tt \u00fe\u00edna h\u00f6nd \u00fat yfir v\u00f6tnin \u00ed Egyptalandi og yfir alla \u00feeirra l\u00e6ki, strauma og st\u00f6\u00f0uv\u00f6tn, og yfir allar keldur, a\u00f0 \u00fea\u00f0 ver\u00f0i a\u00f0 bl\u00f3\u00f0i, og \u00fear skal ver\u00f0a bl\u00f3\u00f0 um allt Egyptaland, b\u00e6\u00f0i \u00ed tr\u00e9kerum og \u00ed steinkerum.&#8220; M\u00f3ses og Aron gj\u00f6r\u00f0u sem Drottinn haf\u00f0i bo\u00f0i\u00f0 \u00feeim og lyftu upp vendinum og lj\u00f3stu\u00f0u \u00e1 vatni\u00f0 \u00e1rinnar a\u00f0 \u00e1sj\u00e1anda fara\u00f3ne og hans \u00fe\u00e9nurum. <span class=\"athugasemd\" title=\"Fyrsta Egyptalands pl\u00e1ga \/ Vatn sn\u00fdst \u00ed bl\u00f3\u00f0\">[<\/span> Og allt vatni\u00f0 \u00e1rinnar var\u00f0 \u00feegar a\u00f0 bl\u00f3\u00f0i og fiskarnir \u00ed \u00e1nni d\u00f3u og v\u00f6tnin \u00falnu\u00f0u svo a\u00f0 egypskir menn g\u00e1tu ekki drukki\u00f0 vatni\u00f0 nokkurssta\u00f0ar \u00far \u00e1nni. Og \u00f6ll v\u00f6tn ur\u00f0u a\u00f0 bl\u00f3\u00f0i um allt Egyptaland.<\/p>\n<p>\tOg \u00feeir egypsku t\u00f6framenn gj\u00f6r\u00f0u sl\u00edkt hi\u00f0 sama me\u00f0 s\u00ednum g\u00f6ldrum. Og fara\u00f3nis hjarta forhertist so a\u00f0 hann hl\u00fdddi \u00feeim ekki, so sem Drottinn haf\u00f0i tala\u00f0. Og fara\u00f3 sneri s\u00e9r og gekk heim og skipa\u00f0ist ei hans hjarta vi\u00f0 \u00feetta. En allir egypskir menn gr\u00f3fu s\u00e9r brunna eftir vatni tveimmegin \u00e1rinnar til a\u00f0 drekka. \u00dev\u00ed \u00feeir g\u00e1tu ekki drukki\u00f0 af \u00fev\u00ed vatni sem \u00ed \u00e1nni var. Og so li\u00f0u sj\u00f6 samfelldir dagar a\u00f0 Drottinn sl\u00f3 v\u00f6tnin.<\/p>\n","protected":false},"excerpt":{"rendered":"<p>Og Drottinn sag\u00f0i til M\u00f3sen: &#8222;Sj\u00e1, \u00e9g hefi sett \u00feig til eins Gu\u00f0s yfir fara\u00f3nem og Aron \u00feinn br\u00f3\u00f0ir skal vera \u00feinn profete. [ \u00de\u00fa skalt tala allt \u00fea\u00f0 \u00e9g b\u00fd\u00f0 \u00fe\u00e9r. En Aron \u00feinn br\u00f3\u00f0ir skal tala \u00fea\u00f0 fyrir fara\u00f3ne a\u00f0 hann leyfi \u00cdsraelssonum a\u00f0 fara af s\u00ednu landi. En \u00e9g vil forher\u00f0a fara\u00f3nis hjarta svo a\u00f0 \u00e9g gj\u00f6ri m\u00f6rg t\u00e1kn og st\u00f3rmerki \u00ed Egyptalandi. Og fara\u00f3 mun ekki hl\u00fd\u00f0a y\u00f0ur, upp\u00e1 \u00fea\u00f0 \u00e9g leggi m\u00edna h\u00f6nd yfir Egyptaland og lei\u00f0i minn her, mitt f\u00f3lk \u00cdsraelssonu, af Egyptalandi me\u00f0 st\u00f3rum d\u00f3mi. Og \u00feeir egypsku skulu f\u00e1 a\u00f0 vita a\u00f0 <a href=\"https:\/\/biblian.is\/gudbrandsbiblia\/onnur-mosebok-7-kafli\/\"> [&#8230;]<\/a><\/p>\n","protected":false},"author":1,"featured_media":0,"parent":0,"menu_order":0,"comment_status":"open","ping_status":"open","template":"bibliukaflar.php","meta":{"footnotes":""},"class_list":["post-2749","page","type-page","status-publish","hentry"],"_links":{"self":[{"href":"https:\/\/biblian.is\/gudbrandsbiblia\/wp-json\/wp\/v2\/pages\/2749","targetHints":{"allow":["GET"]}}],"collection":[{"href":"https:\/\/biblian.is\/gudbrandsbiblia\/wp-json\/wp\/v2\/pages"}],"about":[{"href":"https:\/\/biblian.is\/gudbrandsbiblia\/wp-json\/wp\/v2\/types\/page"}],"author":[{"embeddable":true,"href":"https:\/\/biblian.is\/gudbrandsbiblia\/wp-json\/wp\/v2\/users\/1"}],"replies":[{"embeddable":true,"href":"https:\/\/biblian.is\/gudbrandsbiblia\/wp-json\/wp\/v2\/comments?post=2749"}],"version-history":[{"count":0,"href":"https:\/\/biblian.is\/gudbrandsbiblia\/wp-json\/wp\/v2\/pages\/2749\/revisions"}],"wp:attachment":[{"href":"https:\/\/biblian.is\/gudbrandsbiblia\/wp-json\/wp\/v2\/media?parent=2749"}],"curies":[{"name":"wp","href":"https:\/\/api.w.org\/{rel}","templated":true}]}}