{"id":2747,"date":"2017-12-18T18:31:36","date_gmt":"2017-12-18T18:31:36","guid":{"rendered":"http:\/\/biblian.is\/gudbrandsbiblia\/onnur-mosebok-5-kafli\/"},"modified":"2017-12-18T18:31:36","modified_gmt":"2017-12-18T18:31:36","slug":"onnur-mosebok-5-kafli","status":"publish","type":"page","link":"https:\/\/biblian.is\/gudbrandsbiblia\/onnur-mosebok-5-kafli\/","title":{"rendered":"\u00d6nnur M\u00f3seb\u00f3k 5. kafli"},"content":{"rendered":"<p>Eftir \u00feetta gekk M\u00f3ses og Aron inn fyrir fara\u00f3nem og s\u00f6g\u00f0u: &#8222;So segir Drottinn \u00cdsraels Gu\u00f0: Lofa \u00fe\u00fa m\u00ednum l\u00fd\u00f0 a\u00f0 fara og halda m\u00e9r eina h\u00e1t\u00ed\u00f0 \u00e1 ey\u00f0im\u00f6rku.&#8220; <span class=\"athugasemd\" title=\"Fara\u00f3 afneitar a\u00f0 l\u00e1ta l\u00fd\u00f0inn lausan\">[<\/span> Fara\u00f3 svara\u00f0i: &#8222;Hver er s\u00e1 Drottinn a\u00f0 \u00e9g heyri hans r\u00f6dd og l\u00e1ti \u00cdsrael lausan? Eigi veit \u00e9g neitt af \u00feeim Drottni og ei l\u00e6t \u00e9g \u00cdsrael lausan.&#8220;<\/p>\n<p>\t\u00deeir sv\u00f6ru\u00f0u: &#8222;Gu\u00f0 ebreskra manna hefur kalla\u00f0 oss. Leyf oss n\u00fa a\u00f0 fara \u00feriggja daga lei\u00f0 \u00e1 ey\u00f0im\u00f6rk so v\u00e6r megum f\u00e6ra f\u00f3rnir Drottni vorum Gu\u00f0i a\u00f0 ei komi dreps\u00f3tt e\u00f0a sver\u00f0 yfir oss.&#8220; \u00de\u00e1 sag\u00f0i k\u00f3ngur Egyptalands til \u00feeirra: &#8222;\u00de\u00fa M\u00f3ses og Aron, \u00fev\u00ed vilji \u00fei\u00f0 tefja f\u00f3lki\u00f0 fr\u00e1 s\u00ednu verki? Fari\u00f0 aftur til y\u00f0ars erfi\u00f0is.&#8220; Og fara\u00f3 sag\u00f0i enn framar meir: &#8222;Sj\u00e1, f\u00f3lki\u00f0 er allarei\u00f0u ofmargt h\u00e9r \u00ed landi og \u00fe\u00f3 vilji \u00fe\u00e9r n\u00fa a\u00f0 \u00feeir skuli gefa upp a\u00f0 erfi\u00f0a.&#8220;<\/p>\n<p>\tOg \u00fear fyrir \u00e1 \u00feeim sama degi bau\u00f0 fara\u00f3 f\u00f3vitum og verkstj\u00f3rnarm\u00f6nnum (sem settir voru yfir f\u00f3lki\u00f0) og sag\u00f0i: &#8222;\u00de\u00e9r skulu\u00f0 ekki h\u00e9r eftir gefa agnir \u00feessu f\u00f3lki, svo sem \u00fe\u00e9r hafi\u00f0 h\u00e9r til gj\u00f6rt, til a\u00f0 brenna leirhellurnar \u00fear vi\u00f0, heldur fari \u00feeir sj\u00e1lfir og safni s\u00e9r \u00f6gnum og eldivi\u00f0i. <span class=\"athugasemd\" title=\"Fara\u00f3 \u00feyngir enn har\u00f0ara \u00cdsrael me\u00f0 erfi\u00f0i\">[<\/span> En l\u00e1ti\u00f0 \u00fe\u00e1 \u00fe\u00f3 gj\u00f6ra jafnmargar leirhellur sem \u00feeir hafa gj\u00f6rt til \u00feessa dags og minnki\u00f0 \u00fea\u00f0 ekki par. \u00dev\u00ed \u00feeir ganga i\u00f0julausir, \u00fear fyrir kalla \u00feeir og segja: V\u00e9r viljum fara og f\u00e6ra f\u00f3rnir vorum Gu\u00f0i. \u00derengi\u00f0 a\u00f0 \u00feeim me\u00f0 erfi\u00f0i so a\u00f0 \u00feeir hafi n\u00f3g a\u00f0 gj\u00f6ra og tr\u00fai ekki h\u00e9g\u00f3maor\u00f0um.&#8220; So gengu f\u00f3vitarnir og verkstj\u00f3rnarmenn f\u00f3lksins \u00fat og s\u00f6g\u00f0u \u00feetta f\u00f3lkinu: &#8222;So segir fara\u00f3: \u00d6ngvar agnir skulu y\u00f0ur gefast. Fari\u00f0 sj\u00e1lfir og safni\u00f0 y\u00f0ur sprekum \u00fear \u00fe\u00e9r geti\u00f0 fundi\u00f0. En \u00fe\u00f3 skal \u00fea\u00f0 ekki par minnka y\u00f0art \u00e1kve\u00f0i\u00f0 erfi\u00f0i.&#8220;<\/p>\n<p>\tSo dreif\u00f0ist l\u00fd\u00f0urinn hinga\u00f0 og \u00feanga\u00f0 \u00fatum allt Egyptaland a\u00f0 leita s\u00e9r spreka so \u00feeir m\u00e6ttu hafa \u00fea\u00f0 \u00ed sta\u00f0inn agnanna. Og f\u00f3vitarnir \u00fevingu\u00f0u \u00fe\u00e1 og s\u00f6g\u00f0u: &#8222;Vinni\u00f0 y\u00f0art daglegt \u00e1kve\u00f0i\u00f0 verk so sem \u00fe\u00e9r gj\u00f6r\u00f0u\u00f0 fyrr \u00fe\u00e1 \u00fe\u00e9r h\u00f6f\u00f0u\u00f0 agnirnar.&#8220; Og \u00feeir verkstj\u00f3rnarmenn sem fara\u00f3nis f\u00f3vitar h\u00f6f\u00f0u sett og skipa\u00f0 yfir \u00cdsraels l\u00fd\u00f0 voru bar\u00f0ir. Og \u00feeir s\u00f6g\u00f0u til \u00feeirra: &#8222;Hvar fyrir hafi \u00fe\u00e9r hvorki \u00ed dag n\u00e9 heldur \u00ed g\u00e6r fullkomna\u00f0 y\u00f0art tilsett daglegt erfi\u00f0i so sem fyrr?&#8220;<\/p>\n<p>\t\u00de\u00e1 gengu verkstj\u00f3rarnir \u00cdsraelissona inn fyrir fara\u00f3nem, k\u00f6llu\u00f0u og s\u00f6g\u00f0u: &#8222;\u00dev\u00ed gj\u00f6rir \u00fe\u00fa so vi\u00f0 \u00fej\u00f3na \u00fe\u00edna a\u00f0 \u00fe\u00fa l\u00e6tur ei gefa agnir \u00fe\u00ednum \u00fe\u00e9nurum og skulum v\u00e9r \u00fe\u00f3 jafnmargar leirhellur hno\u00f0a sem \u00e1\u00f0ur? Og sj\u00e1, \u00fear ofan \u00e1 eru \u00fe\u00ednir \u00fe\u00e9narar bar\u00f0ir og \u00feinn l\u00fd\u00f0ur hl\u00fdtur a\u00f0 vera sektugur.&#8220; <span class=\"athugasemd\" title=\"D\u00e6mi eins t\u00fdranna hver s\u00ed\u00f0ar meir af Gu\u00f0i refsast\">[<\/span> Fara\u00f3 svara\u00f0i: &#8222;\u00de\u00e9r gangi\u00f0 i\u00f0julausir, j\u00e1, i\u00f0julausir gangi \u00fe\u00e9r og \u00fev\u00ed segi \u00fe\u00e9r: V\u00e9r viljum fara burt og f\u00e6ra f\u00f3rnir Drottni. \u00dev\u00ed fari\u00f0 n\u00fa til verks y\u00f0ars. Enginn h\u00e1lmur skal y\u00f0ur gefast og skulu \u00fe\u00e9r \u00fe\u00f3 fylla t\u00f6lu y\u00f0ara leirhellna.&#8220;<\/p>\n<p>\t\u00de\u00e1 s\u00e1u verkstj\u00f3rnarmenn \u00cdsraelissona a\u00f0 \u00fea\u00f0 vildi ver\u00f0a verr, \u00fev\u00ed a\u00f0 sagt var: &#8222;\u00de\u00e9r skulu\u00f0 ekki minnka y\u00f0art daglegt verk leirhellnanna.&#8220; Og \u00fe\u00e1 \u00feeir gengu \u00fat fr\u00e1 fara\u00f3ne kom \u00ed m\u00f3t \u00feeim M\u00f3ses og Aron og \u00feeir gengu til \u00feeirra og s\u00f6g\u00f0u til \u00feeirra: &#8222;Drottinn sj\u00e1i y\u00f0ur og d\u00e6mi um \u00fea\u00f0 a\u00f0 \u00fe\u00e9r hafi\u00f0 gj\u00f6rt oss so illa luktandi fyrir fara\u00f3ne og hans \u00fe\u00e9nurum og hafi\u00f0 fengi\u00f0 \u00feeim sver\u00f0i\u00f0 \u00ed hendur til a\u00f0 drepa oss.&#8220;<\/p>\n<p>\tOg M\u00f3ses kom fyrir Drottin aftur og sag\u00f0i: &#8222;Drottinn, \u00fev\u00ed gj\u00f6rir \u00fe\u00fa so illa vi\u00f0 f\u00f3lk \u00feetta? Hvar fyrir sendir \u00fe\u00fa mig hinga\u00f0? \u00dev\u00ed a\u00f0 s\u00ed\u00f0an a\u00f0 \u00e9g gekk fyrst inn fyrir fara\u00f3nem a\u00f0 tala vi\u00f0 hann \u00ed \u00fe\u00ednu nafni \u00fe\u00e1 kvelur hann l\u00fd\u00f0inn meir en \u00e1\u00f0ur og \u00fe\u00fa hefur ekki frelsa\u00f0 \u00feitt f\u00f3lk.&#8220; Drottinn sag\u00f0i til M\u00f3sen: &#8222;N\u00fa skaltu sj\u00e1 hva\u00f0 \u00e9g vil gj\u00f6ra fara\u00f3ne. \u00dev\u00ed a\u00f0 hann mun gefa \u00fe\u00e1 lausa fyrir styrkva h\u00f6nd og me\u00f0 styrkri hendi mun hann burt reka \u00fe\u00e1 \u00far s\u00ednu landi.&#8220;<\/p>\n","protected":false},"excerpt":{"rendered":"<p>Eftir \u00feetta gekk M\u00f3ses og Aron inn fyrir fara\u00f3nem og s\u00f6g\u00f0u: &#8222;So segir Drottinn \u00cdsraels Gu\u00f0: Lofa \u00fe\u00fa m\u00ednum l\u00fd\u00f0 a\u00f0 fara og halda m\u00e9r eina h\u00e1t\u00ed\u00f0 \u00e1 ey\u00f0im\u00f6rku.&#8220; [ Fara\u00f3 svara\u00f0i: &#8222;Hver er s\u00e1 Drottinn a\u00f0 \u00e9g heyri hans r\u00f6dd og l\u00e1ti \u00cdsrael lausan? Eigi veit \u00e9g neitt af \u00feeim Drottni og ei l\u00e6t \u00e9g \u00cdsrael lausan.&#8220; \u00deeir sv\u00f6ru\u00f0u: &#8222;Gu\u00f0 ebreskra manna hefur kalla\u00f0 oss. Leyf oss n\u00fa a\u00f0 fara \u00feriggja daga lei\u00f0 \u00e1 ey\u00f0im\u00f6rk so v\u00e6r megum f\u00e6ra f\u00f3rnir Drottni vorum Gu\u00f0i a\u00f0 ei komi dreps\u00f3tt e\u00f0a sver\u00f0 yfir oss.&#8220; \u00de\u00e1 sag\u00f0i k\u00f3ngur Egyptalands til \u00feeirra: &#8222;\u00de\u00fa M\u00f3ses <a href=\"https:\/\/biblian.is\/gudbrandsbiblia\/onnur-mosebok-5-kafli\/\"> [&#8230;]<\/a><\/p>\n","protected":false},"author":1,"featured_media":0,"parent":0,"menu_order":0,"comment_status":"open","ping_status":"open","template":"bibliukaflar.php","meta":{"footnotes":""},"class_list":["post-2747","page","type-page","status-publish","hentry"],"_links":{"self":[{"href":"https:\/\/biblian.is\/gudbrandsbiblia\/wp-json\/wp\/v2\/pages\/2747","targetHints":{"allow":["GET"]}}],"collection":[{"href":"https:\/\/biblian.is\/gudbrandsbiblia\/wp-json\/wp\/v2\/pages"}],"about":[{"href":"https:\/\/biblian.is\/gudbrandsbiblia\/wp-json\/wp\/v2\/types\/page"}],"author":[{"embeddable":true,"href":"https:\/\/biblian.is\/gudbrandsbiblia\/wp-json\/wp\/v2\/users\/1"}],"replies":[{"embeddable":true,"href":"https:\/\/biblian.is\/gudbrandsbiblia\/wp-json\/wp\/v2\/comments?post=2747"}],"version-history":[{"count":0,"href":"https:\/\/biblian.is\/gudbrandsbiblia\/wp-json\/wp\/v2\/pages\/2747\/revisions"}],"wp:attachment":[{"href":"https:\/\/biblian.is\/gudbrandsbiblia\/wp-json\/wp\/v2\/media?parent=2747"}],"curies":[{"name":"wp","href":"https:\/\/api.w.org\/{rel}","templated":true}]}}