{"id":2706,"date":"2017-12-18T18:31:30","date_gmt":"2017-12-18T18:31:30","guid":{"rendered":"http:\/\/biblian.is\/gudbrandsbiblia\/fyrsta-mosebok-14-kafli\/"},"modified":"2017-12-18T18:31:30","modified_gmt":"2017-12-18T18:31:30","slug":"fyrsta-mosebok-14-kafli","status":"publish","type":"page","link":"https:\/\/biblian.is\/gudbrandsbiblia\/fyrsta-mosebok-14-kafli\/","title":{"rendered":"Fyrsta M\u00f3seb\u00f3k 14. kafli"},"content":{"rendered":"<p>Og \u00fea\u00f0 ske\u00f0i \u00e1 d\u00f6gum Amrafel k\u00f3ngs af S\u00ednear og Ar\u00ed\u00f3t k\u00f3ngs \u00ed Elasa og Kedorla\u00f3mor k\u00f3ngs \u00ed Elam og T\u00eddeal sem var hei\u00f0ingjanna k\u00f3ngur, a\u00f0 \u00feeir b\u00f6r\u00f0ust \u00ed m\u00f3t Bera, k\u00f3nginum af S\u00f3d\u00f3ma, og m\u00f3t Birsa, k\u00f3nginum af G\u00f3morra, og \u00ed m\u00f3t S\u00ednear, k\u00f3nginum af Adama, og Semeber, k\u00f3nginum af Seb\u00f3\u00edm, og \u00ed m\u00f3t k\u00f3nginum af Bela sem kallast S\u00f3ar. <\/p>\n<p>\t\u00deessir m\u00e6ttust \u00ed dalnum Sidd\u00edm sem n\u00fa er s\u00e1 salti sj\u00f3rinn. \u00dev\u00ed \u00feeir h\u00f6f\u00f0u veri\u00f0 l\u00fd\u00f0skyldir \u00ed t\u00f3lf \u00e1r undir k\u00f3nginum Kedorla\u00f3mor en f\u00e9llu fr\u00e1 honum \u00e1 \u00fev\u00ed \u00ferett\u00e1nda \u00e1ri. Og \u00fear fyrir kom Kedorla\u00f3mor og \u00feeir k\u00f3ngar sem voru me\u00f0 honum \u00e1 \u00fev\u00ed fj\u00f3rt\u00e1nda \u00e1ri og sl\u00f3gu \u00fe\u00e1 risa sem voru \u00ed Jaftarot, Karna\u00edm og S\u00fas\u00edm \u00ed Ham og Em\u00edn \u00e1 \u00fev\u00ed sl\u00e9ttlendi Kirjata\u00edm, \u00feeir sl\u00f3gu og H\u00f3reos \u00e1 fjallinu Se\u00edr allt til \u00feess sl\u00e9ttlendis Faran sem liggur vi\u00f0 ey\u00f0imerkur. <span class=\"athugasemd\" title=\"Risinn S\u00fas\u00edm Em\u00edm H\u00f3r\u00edte\">[<\/span> <\/p>\n<p>\tEftir \u00fea\u00f0 sneru \u00feeir s\u00e9r aftur og komu til \u00feeirrar uppsprettu Mispat, \u00fea\u00f0 er Kades, og sl\u00f3gu allt land \u00feeirra Amalek\u00edtarum, Amoreorum sem bjuggu \u00ed Haseson Tamar. <\/p>\n<p>\t\u00de\u00e1 reisti k\u00f3ngurinn af S\u00f3d\u00f3ma \u00fat, k\u00f3ngurinn af G\u00f3morra, k\u00f3ngurinn af Adama, k\u00f3ngurinn af Seb\u00f3\u00edm og k\u00f3ngurinn af Bela sem kallast S\u00f3ar, og bjuggust til bardaga \u00ed dalnum Sidd\u00edm \u00e1 m\u00f3ti Kedorla\u00f3mor, k\u00f3nginum af Elam, og \u00ed m\u00f3t T\u00eddeal, hei\u00f0ingja k\u00f3ngi, og \u00ed m\u00f3t Amrafel, k\u00f3nginum af S\u00ednear, og \u00ed m\u00f3t Ar\u00ed\u00f3t, k\u00f3nginum af Elasar, fj\u00f3rir k\u00f3ngar \u00ed m\u00f3ti fimm. Og \u00fear voru margar leirgrafir \u00ed \u00feessum dal Sidd\u00edm.<\/p>\n<p>\tEn k\u00f3ngurinn af S\u00f3d\u00f3ma og G\u00f3morra ur\u00f0u \u00fear slegnir \u00e1 fl\u00f3tta og vi\u00f0 velli lag\u00f0ir, en \u00feeir sem eftir voru fl\u00fa\u00f0u til fjalla. So t\u00f3ku \u00feeir alla \u00fe\u00e1 fj\u00e1rhluti sem voru \u00ed S\u00f3d\u00f3ma og G\u00f3morra og allt \u00fea\u00f0 sem \u00e6tt var og dr\u00f3gu \u00fear fr\u00e1. \u00deeir t\u00f3ku og so l\u00edka Lot Abrams br\u00f3\u00f0urson og hans allan fj\u00e1rhlut, \u00fev\u00ed a\u00f0 hann bj\u00f3 \u00ed S\u00f3d\u00f3ma, og so dr\u00f3gu \u00feeir \u00fear fr\u00e1. <span class=\"athugasemd\" title=\"Lot hertekinn\">[<\/span> \u00de\u00e1 kom einn sem \u00ed burt haf\u00f0i komist og sag\u00f0i Abram \u00fea\u00f0 \u00fatlenska, \u00feeim sem \u00fe\u00e1 bj\u00f3 \u00ed <span class=\"athugasemd\" title=\"sword Lundinum\">[<\/span> dalnum Mamre Amorrei sem var br\u00f3\u00f0ir \u00feeirra Eskol og Aner, \u00feessir voru samlagsmenn Abrams. <span class=\"athugasemd\" title=\"Eskol Aner\">[<\/span> Og sem Abram heyr\u00f0i \u00fea\u00f0 hans br\u00f3\u00f0ir var hertekinn vopna\u00f0i hann \u00ferj\u00fahundru\u00f0 og \u00e1tj\u00e1n s\u00edna h\u00faskarla sem \u00f3\u00f0albornir voru \u00ed hans h\u00fasi og hann f\u00f3r eftir \u00feeim allt til Dan. \u00dear skipti hann s\u00ednum li\u00f0sm\u00f6nnum og f\u00e9ll \u00e1 n\u00e1ttar\u00feeli yfir s\u00edna \u00f3vini og felldi \u00fe\u00e1 og rak fl\u00f3ttann allt til H\u00f3ba, hver e\u00f0 liggur vestur fr\u00e1 Damask\u00f3. <span class=\"athugasemd\" title=\"Abram fellir fj\u00f3ra k\u00f3nga\">[<\/span> Hann haf\u00f0i aftur me\u00f0 s\u00e9r alla fj\u00e1rhluti og so Lot sinn br\u00f3\u00f0ir og allan hans fj\u00e1rhlut, so og kvinnur og kalla. <\/p>\n<p>\tEn sem hann kom aftur fr\u00e1 \u00feessu slagi sem hann haf\u00f0i veitt k\u00f3nginum Kedorla\u00f3mor og \u00feeim \u00f6\u00f0rum k\u00f3ngum sem me\u00f0 honum voru \u00fe\u00e1 gekk k\u00f3ngurinn af S\u00f3d\u00f3ma \u00fat \u00ed m\u00f3t honum \u00e1 \u00feann v\u00f6ll sem kallast K\u00f3ngadalur. <\/p>\n<p>\tEn Melk\u00edsedek k\u00f3ngurinn af Sal\u00edm bar fram brau\u00f0 og v\u00edn. <span class=\"athugasemd\" title=\"Melk\u00edsedek er Sem hver e\u00f0 lif\u00f0i fimm og \u00ferj\u00e1tigir \u00e1r lengur en Abram\">[<\/span> Og hann var kennima\u00f0ur hins h\u00e6sta Gu\u00f0s og blessa\u00f0i hann og sag\u00f0i: &#8222;Blessa\u00f0ur vertu Abram fyrir \u00feeim allra h\u00e6sta Gu\u00f0i sem a\u00f0 st\u00fdrir himni og j\u00f6r\u00f0u. Og blessa\u00f0ur s\u00e9 s\u00e1 allra h\u00e6sti Gu\u00f0 sem gaf \u00fe\u00edna \u00f3vini \u00ed \u00fe\u00ednar hendur.&#8220; Og Abram gaf honum t\u00edundir af \u00f6llum hlutum.<\/p>\n<p>\t\u00de\u00e1 sag\u00f0i k\u00f3ngurinn af S\u00f3d\u00f3ma til Abrams: &#8222;Gef m\u00e9r mennina en haf \u00fe\u00fa fj\u00e1rhluti alla.&#8220; Abram svara\u00f0i S\u00f3d\u00f3ma k\u00f3ngi: &#8222;Eg <span class=\"athugasemd\" title=\"a (Upphef) \u00dea\u00f0 er, Eg sver\">[<\/span> upphef m\u00ednar hendur til Drottins, \u00feess allra h\u00e6sta Gu\u00f0s sem stj\u00f3rnar b\u00e6\u00f0i himni og j\u00f6r\u00f0u, a\u00f0 eg vil ekki taka so miki\u00f0 sem einn \u00fer\u00e1\u00f0 e\u00f0a sk\u00f3\u00feveng af \u00f6llu \u00fev\u00ed g\u00f3ssi sem \u00fe\u00e9r tilheyrir, so \u00fe\u00fa skalt ekki segja a\u00f0 \u00fe\u00fa hafir gj\u00f6rt Abram r\u00edkan utan \u00fea\u00f0 sem \u00feeir ungu menn hafa neytt og \u00feeir menn Aner, Eskol og Mamre, \u00feeir sem reistu me\u00f0ur m\u00e9r, \u00fe\u00e1 l\u00e1ttu taka sitt hlutskipti.&#8220;<\/p>\n","protected":false},"excerpt":{"rendered":"<p>Og \u00fea\u00f0 ske\u00f0i \u00e1 d\u00f6gum Amrafel k\u00f3ngs af S\u00ednear og Ar\u00ed\u00f3t k\u00f3ngs \u00ed Elasa og Kedorla\u00f3mor k\u00f3ngs \u00ed Elam og T\u00eddeal sem var hei\u00f0ingjanna k\u00f3ngur, a\u00f0 \u00feeir b\u00f6r\u00f0ust \u00ed m\u00f3t Bera, k\u00f3nginum af S\u00f3d\u00f3ma, og m\u00f3t Birsa, k\u00f3nginum af G\u00f3morra, og \u00ed m\u00f3t S\u00ednear, k\u00f3nginum af Adama, og Semeber, k\u00f3nginum af Seb\u00f3\u00edm, og \u00ed m\u00f3t k\u00f3nginum af Bela sem kallast S\u00f3ar. \u00deessir m\u00e6ttust \u00ed dalnum Sidd\u00edm sem n\u00fa er s\u00e1 salti sj\u00f3rinn. \u00dev\u00ed \u00feeir h\u00f6f\u00f0u veri\u00f0 l\u00fd\u00f0skyldir \u00ed t\u00f3lf \u00e1r undir k\u00f3nginum Kedorla\u00f3mor en f\u00e9llu fr\u00e1 honum \u00e1 \u00fev\u00ed \u00ferett\u00e1nda \u00e1ri. Og \u00fear fyrir kom Kedorla\u00f3mor og \u00feeir k\u00f3ngar sem <a href=\"https:\/\/biblian.is\/gudbrandsbiblia\/fyrsta-mosebok-14-kafli\/\"> [&#8230;]<\/a><\/p>\n","protected":false},"author":1,"featured_media":0,"parent":0,"menu_order":0,"comment_status":"open","ping_status":"open","template":"bibliukaflar.php","meta":{"footnotes":""},"class_list":["post-2706","page","type-page","status-publish","hentry"],"_links":{"self":[{"href":"https:\/\/biblian.is\/gudbrandsbiblia\/wp-json\/wp\/v2\/pages\/2706","targetHints":{"allow":["GET"]}}],"collection":[{"href":"https:\/\/biblian.is\/gudbrandsbiblia\/wp-json\/wp\/v2\/pages"}],"about":[{"href":"https:\/\/biblian.is\/gudbrandsbiblia\/wp-json\/wp\/v2\/types\/page"}],"author":[{"embeddable":true,"href":"https:\/\/biblian.is\/gudbrandsbiblia\/wp-json\/wp\/v2\/users\/1"}],"replies":[{"embeddable":true,"href":"https:\/\/biblian.is\/gudbrandsbiblia\/wp-json\/wp\/v2\/comments?post=2706"}],"version-history":[{"count":0,"href":"https:\/\/biblian.is\/gudbrandsbiblia\/wp-json\/wp\/v2\/pages\/2706\/revisions"}],"wp:attachment":[{"href":"https:\/\/biblian.is\/gudbrandsbiblia\/wp-json\/wp\/v2\/media?parent=2706"}],"curies":[{"name":"wp","href":"https:\/\/api.w.org\/{rel}","templated":true}]}}