{"id":2697,"date":"2017-12-18T18:31:30","date_gmt":"2017-12-18T18:31:30","guid":{"rendered":"http:\/\/biblian.is\/gudbrandsbiblia\/fyrsta-mosebok-5-kafli\/"},"modified":"2017-12-18T18:31:30","modified_gmt":"2017-12-18T18:31:30","slug":"fyrsta-mosebok-5-kafli","status":"publish","type":"page","link":"https:\/\/biblian.is\/gudbrandsbiblia\/fyrsta-mosebok-5-kafli\/","title":{"rendered":"Fyrsta M\u00f3seb\u00f3k 5. kafli"},"content":{"rendered":"<p>\u00deessi er kynkv\u00edslab\u00f3kin mannsins. \u00de\u00e1 Gu\u00f0 skapa\u00f0i manninn \u00fe\u00e1 gj\u00f6r\u00f0i hann hann eftir Gu\u00f0s mynd. Og hann kalla\u00f0i <span class=\"athugasemd\" title=\"skapa\u00f0i\">[<\/span> \u00feau karlmann og kvenmann og blessa\u00f0i \u00feau og kalla\u00f0i \u00feau manneskjur, \u00e1 \u00feeim t\u00edma \u00fe\u00e1 \u00feau voru sk\u00f6pu\u00f0. <span class=\"athugasemd\" title=\"Gen I. 9 S\u00fapra 2. S\u00fdra. 17.\">[<\/span><\/p>\n<p>\tOg Adam var hundra\u00f0 og \u00ferj\u00e1t\u00edgi \u00e1ra gamall og hann gat einn son eftir mynd og l\u00edking sinni og kalla\u00f0i hann Set. <span class=\"athugasemd\" title=\"Linea Christi\">[<\/span> Og hann lif\u00f0i upp fr\u00e1 \u00fev\u00ed \u00e1tta hundru\u00f0 \u00e1ra og \u00e1tti sonu og d\u00e6tur. So a\u00f0 allur hans aldur var\u00f0 n\u00edu hundru\u00f0 og \u00ferj\u00e1t\u00edgir \u00e1ra. <span class=\"athugasemd\" title=\"Adam lif\u00f0i 930 \u00e1r\">[<\/span> Og hann anda\u00f0ist. <\/p>\n<p>\tSet var hundra\u00f0 og fimm \u00e1ra gamall \u00fe\u00e1 hann gat Enos. Og hann lif\u00f0i upp fr\u00e1 \u00fev\u00ed \u00e1tta hundru\u00f0 og sj\u00f6 \u00e1r og \u00e1tti sonu og d\u00e6tur. So a\u00f0 hans allur aldur var\u00f0 n\u00edu hundru\u00f0 og t\u00f3lf \u00e1r. <span class=\"athugasemd\" title=\"Set 912 \u00e1r\">[<\/span> Og hann anda\u00f0ist.   <\/p>\n<p>\tEnos var n\u00edut\u00edgir \u00e1ra gamall og gat Kenan. Og hann lif\u00f0i upp fr\u00e1 \u00fev\u00ed \u00e1tta hundru\u00f0 og fimmt\u00e1n \u00e1r og \u00e1tti sonu og d\u00e6tur. So a\u00f0 hans allur aldur var\u00f0 n\u00edu hundru\u00f0 og fimm \u00e1r. <span class=\"athugasemd\" title=\"Enos 905\">[<\/span> Og hann anda\u00f0ist.<\/p>\n<p>\tKenan var sj\u00f6t\u00edgir \u00e1ra og gat Mahalaleel. Og hann lif\u00f0i upp fr\u00e1 \u00fev\u00ed \u00e1ttahundru\u00f0 og fj\u00f3rut\u00edgir \u00e1ra og \u00e1tti sonu og d\u00e6tur. So a\u00f0 hans allur aldur var\u00f0 n\u00eduhundru\u00f0 og t\u00edu \u00e1r. <span class=\"athugasemd\" title=\"Kenan 910\">[<\/span> Og hann anda\u00f0ist.<\/p>\n<p>\tMahalaleel var fimm og sext\u00edgir \u00e1ra og gat Jare\u00f0. Og hann lif\u00f0i upp fr\u00e1 \u00fev\u00ed \u00e1ttahundru\u00f0 og \u00ferj\u00e1t\u00edgir \u00e1ra og \u00e1tti sonu og d\u00e6tur. So a\u00f0 hans allur aldur var\u00f0 \u00e1ttahundru\u00f0 fimm og n\u00edut\u00edu \u00e1r. <span class=\"athugasemd\" title=\"Mahalaleel 895\">[<\/span> Og hann anda\u00f0ist.<\/p>\n<p>\tJare\u00f0 var hundra\u00f0 sext\u00edgir og tveggja \u00e1ra gamall og gat Enok. Og hann lif\u00f0i upp fr\u00e1 \u00fev\u00ed \u00e1tta hundru\u00f0 \u00e1r og \u00e1tti sonu og d\u00e6tur. So a\u00f0 hans allur aldur var\u00f0 n\u00eduhundru\u00f0 sext\u00edgir og tv\u00f6 \u00e1r. <span class=\"athugasemd\" title=\"Jare\u00f0 962\">[<\/span> Og hann anda\u00f0ist.<\/p>\n<p>\tEnok haf\u00f0i fimm um sextugt og gat Mat\u00fasala. <span class=\"athugasemd\" title=\"Enok t\u00f3k Gu\u00f0 \u00ed burt \u00fe\u00e1 var ccclxv \u00e1ra gamall\">[<\/span> Og sem hann haf\u00f0i geti\u00f0 Mat\u00fasala lif\u00f0i hann gu\u00f0legu l\u00edferni \u00ferj\u00fa hundru\u00f0 \u00e1r og \u00e1tti sonu og d\u00e6tur. Og hans allur aldur var\u00f0 \u00ferj\u00fahundru\u00f0 fimm og sext\u00edgir \u00e1r. Og fyrir s\u00f6kum \u00feess a\u00f0 hann lif\u00f0i so gu\u00f0legan lifna\u00f0 \u00fe\u00e1 nam Gu\u00f0 hann \u00ed burt og hann var\u00f0 ekki meir s\u00e9\u00f0ur.<\/p>\n<p>\tMat\u00fasala var hundra\u00f0 sj\u00f6 og \u00e1ttat\u00edgir \u00e1ra gamall \u00fe\u00e1 hann gat Lamek. Og hann lif\u00f0i \u00fea\u00f0an \u00ed fr\u00e1 sj\u00f6 hundru\u00f0 \u00e1ttat\u00edgir og tv\u00f6 \u00e1r og \u00e1tti sonu og d\u00e6tur. So a\u00f0 hans allur aldur var\u00f0 n\u00edu hundru\u00f0 n\u00edu og sext\u00edgir \u00e1r og hann anda\u00f0ist. <span class=\"athugasemd\" title=\"Mat\u00fasala 969 anda\u00f0ist \u00e1 \u00fev\u00ed \u00e1ri \u00fe\u00e1 fl\u00f3\u00f0i\u00f0 kom\">[<\/span><\/p>\n<p>\tLamek haf\u00f0i hundra\u00f0 tv\u00f6 og \u00e1ttat\u00edgir \u00e1ra og gat einn son og nefndi hann N\u00f3a og sag\u00f0i: &#8222;\u00deessi skal hugga oss \u00ed vorri arm\u00e6\u00f0u og erfi\u00f0i \u00e1 j\u00f6r\u00f0unni hverri Drottinn b\u00f6lva\u00f0i.&#8220; S\u00ed\u00f0an \u00fear eftir lif\u00f0i hann fimmhundru\u00f0 n\u00edut\u00edgir og fimm \u00e1r og \u00e1tti sonu og d\u00e6tur. So a\u00f0 hans allur aldur var\u00f0 sj\u00f6 hundru\u00f0 sj\u00f6t\u00edu og sj\u00f6 \u00e1r og hann anda\u00f0ist. <span class=\"athugasemd\" title=\"Lamek 777.\">[<\/span><\/p>\n<p>\tN\u00f3i var fimm hundru\u00f0 \u00e1ra gamall og gat Sem, Kam og Jafet. <span class=\"athugasemd\" title=\"Noa\">[<\/span><\/p>\n","protected":false},"excerpt":{"rendered":"<p>\u00deessi er kynkv\u00edslab\u00f3kin mannsins. \u00de\u00e1 Gu\u00f0 skapa\u00f0i manninn \u00fe\u00e1 gj\u00f6r\u00f0i hann hann eftir Gu\u00f0s mynd. Og hann kalla\u00f0i [ \u00feau karlmann og kvenmann og blessa\u00f0i \u00feau og kalla\u00f0i \u00feau manneskjur, \u00e1 \u00feeim t\u00edma \u00fe\u00e1 \u00feau voru sk\u00f6pu\u00f0. [ Og Adam var hundra\u00f0 og \u00ferj\u00e1t\u00edgi \u00e1ra gamall og hann gat einn son eftir mynd og l\u00edking sinni og kalla\u00f0i hann Set. [ Og hann lif\u00f0i upp fr\u00e1 \u00fev\u00ed \u00e1tta hundru\u00f0 \u00e1ra og \u00e1tti sonu og d\u00e6tur. So a\u00f0 allur hans aldur var\u00f0 n\u00edu hundru\u00f0 og \u00ferj\u00e1t\u00edgir \u00e1ra. [ Og hann anda\u00f0ist. Set var hundra\u00f0 og fimm \u00e1ra gamall \u00fe\u00e1 hann gat <a href=\"https:\/\/biblian.is\/gudbrandsbiblia\/fyrsta-mosebok-5-kafli\/\"> [&#8230;]<\/a><\/p>\n","protected":false},"author":1,"featured_media":0,"parent":0,"menu_order":0,"comment_status":"open","ping_status":"open","template":"bibliukaflar.php","meta":{"footnotes":""},"class_list":["post-2697","page","type-page","status-publish","hentry"],"_links":{"self":[{"href":"https:\/\/biblian.is\/gudbrandsbiblia\/wp-json\/wp\/v2\/pages\/2697","targetHints":{"allow":["GET"]}}],"collection":[{"href":"https:\/\/biblian.is\/gudbrandsbiblia\/wp-json\/wp\/v2\/pages"}],"about":[{"href":"https:\/\/biblian.is\/gudbrandsbiblia\/wp-json\/wp\/v2\/types\/page"}],"author":[{"embeddable":true,"href":"https:\/\/biblian.is\/gudbrandsbiblia\/wp-json\/wp\/v2\/users\/1"}],"replies":[{"embeddable":true,"href":"https:\/\/biblian.is\/gudbrandsbiblia\/wp-json\/wp\/v2\/comments?post=2697"}],"version-history":[{"count":0,"href":"https:\/\/biblian.is\/gudbrandsbiblia\/wp-json\/wp\/v2\/pages\/2697\/revisions"}],"wp:attachment":[{"href":"https:\/\/biblian.is\/gudbrandsbiblia\/wp-json\/wp\/v2\/media?parent=2697"}],"curies":[{"name":"wp","href":"https:\/\/api.w.org\/{rel}","templated":true}]}}