{"id":5734,"date":"2019-06-18T17:44:48","date_gmt":"2019-06-18T17:44:48","guid":{"rendered":"https:\/\/biblian.is\/fraedsla\/?page_id=5734"},"modified":"2025-06-27T02:10:12","modified_gmt":"2025-06-27T02:10:12","slug":"sidara-petursbref-2-kafli","status":"publish","type":"page","link":"https:\/\/biblian.is\/fraedsla\/ritskyring\/sidara-petursbref-2-kafli\/","title":{"rendered":"S\u00ed\u00f0ara P\u00e9tursbr\u00e9f 2. kafli"},"content":{"rendered":"<h3>Varist falssp\u00e1menn og falskennendur (2.1-22)<\/h3>\n<p>Hinir kristnu eru vara\u00f0ir vi\u00f0 falssp\u00e1m\u00f6nnum og falskennendum, sem &#8222;afneita Drottni s\u00ednum&#8220; (2.1). En Drottinn mun hegna \u00feeim og \u00feeir munu f\u00e1 a\u00f0 l\u00ed\u00f0a fyrir misger\u00f0ir s\u00ednar (2.13).<\/p>\n<p><strong>2.1 <\/strong><em>falssp\u00e1menn komu einnig upp me\u00f0al l\u00fd\u00f0sins: <\/em>\u00cd helgiritum Gy\u00f0inga (Gamla testamenti) r\u00e6\u00f0ir i\u00f0ulega um falssp\u00e1menn, sem leiddu \u00cdsraels l\u00fd\u00f0 afvega og \u00e6stu hann til \u00feess a\u00f0 \u00f3hl\u00fd\u00f0nast bo\u00f0um Drottins (sj\u00e1 1Kon 18.1-39; Jer 14.13-16).<\/p>\n<p><strong>2.1 <\/strong><em>Drottni: <\/em>Jes\u00fa Kristi, sem d\u00f3 f\u00f3rnardau\u00f0a til syndafyrirgefningar, l\u00e9t l\u00edf sitt sem lausnargjald fyrir alla (R\u00f3m 3.25-26; Heb 2.14-18).<\/p>\n<p><strong>2.1\u00a0<\/strong><em>\u00feeim: <\/em>\u00de.e. &#8222;\u00feessum f\u00edfldj\u00f6rfu sj\u00e1lfbirgingum.&#8220;<\/p>\n<p><strong>2.2,3\u00a0<\/strong><em>Margir: <\/em>Sumir falskennenda kunna a\u00f0 hafa veri\u00f0 l\u00e6risveinar Ep\u00edk\u00farosar (341-270 f. Kr.). Hann pr\u00e9dika\u00f0i, a\u00f0 andleg vell\u00ed\u00f0an v\u00e6ri hin \u00e6\u00f0stu g\u00e6\u00f0i, en s\u00e1rsaukinn hi\u00f0 illa sj\u00e1lft. \u00de\u00e1 hvatti hann menn til \u00feess a\u00f0 au\u00f0s\u00fdna hei\u00f0arleika og sanngirni \u00ed samskiptum vi\u00f0 a\u00f0ra. Epr\u00edk\u00faros var \u00feeirra sko\u00f0unar, a\u00f0 ekkert l\u00edf v\u00e6ri eftir dau\u00f0ann.<\/p>\n<p><strong>2.4 <\/strong><em>englunum er \u00feeir syndgu\u00f0u&#8230;steypti \u00feeim ni\u00f0ur \u00ed undirdj\u00fapin&#8230;\u00ed myrkrahella: <\/em>H\u00e9r m\u00e1 vera, a\u00f0 minnst s\u00e9 sona Gu\u00f0s, sem \u00fe\u00f3tti d\u00e6tur mannanna fagrar og t\u00f3ku s\u00e9r \u00fe\u00e6r fyrir konur (1M\u00f3s 6.1,2; J\u00fad 6).<\/p>\n<p><strong>2.6 <\/strong><em>S\u00f3d\u00f3mu og G\u00f3morru: <\/em>Borgir, sem Drottinn lag\u00f0i \u00ed ey\u00f0i fyrir \u00fea\u00f0, hve spilltir \u00edb\u00faar \u00feeirra voru (1M\u00f3s 19.24).<\/p>\n<p><strong>2.7-8\u00a0<\/strong><em>Lot: <\/em>\u00deegar Lot haf\u00f0i skili\u00f0 vi\u00f0 Abraham fr\u00e6nda sinn, settir Lot a\u00f0 \u00e1 sl\u00e9ttlendinu \u00ed grennd vi\u00f0 S\u00f3d\u00f3mu (1M\u00f3s 13.1-13; 19.1-16).<\/p>\n<p><strong>2.9 <\/strong><em>d\u00f3msdags: <\/em>Sj\u00e1 athugagrein vi\u00f0 1.16.<\/p>\n<p><strong>2.10\u00a0<\/strong><em>tignum: <\/em>H\u00e9r er v\u00edsast \u00e1tt vi\u00f0 englana (2.4).<\/p>\n<p><strong>2.13 <\/strong><em>neyta m\u00e1lt\u00ed\u00f0a me\u00f0 ykkur: <\/em>Tr\u00falega eru \u00feessar m\u00e1lt\u00ed\u00f0ir &#8222;k\u00e6rleiksm\u00e1lt\u00ed\u00f0ir&#8220; \u00fe\u00e6r, sem kristnir menn neyttu saman \u00e1 d\u00f6gum frumkirkjunnar (L\u00fak 22.14-20). Skammarlegt h\u00e1tterni &#8222;hinna f\u00edfldj\u00f6rfu sj\u00e1lfbirginga&#8220; s\u00fdndi, a\u00f0 \u00feeir h\u00f6f\u00f0u engan skilning \u00e1 m\u00e1lt\u00ed\u00f0 Drottins, kv\u00f6ldm\u00e1lt\u00ed\u00f0arsakramentinu (sj\u00e1 og 1Kor 11.23-34).<\/p>\n<p><strong>2.15,16\u00a0<\/strong><em>B\u00edleam&#8230;m\u00e1llaus eykurinn: <\/em>Balak, konungur \u00ed M\u00f3ab, vildi kaupa B\u00edleam til \u00feess a\u00f0 form\u00e6la \u00cdsraels\u00fej\u00f3\u00f0inni (4M\u00f3s 22.4-35).<\/p>\n<p><strong>2.13\u00a0<\/strong><em>neyta m\u00e1lt\u00ed\u00f0a me\u00f0 ykkur og svalla: <\/em>\u00cd sumu handritum &#8222;k\u00e6rleiks-m\u00e1lt\u00ed\u00f0unum, sem \u00feeir neyta me\u00f0 ykkur, spilla \u00feeir me\u00f0 skammarlegri heg\u00f0an sinni.&#8220;<\/p>\n<p><strong>2.19 <\/strong><em>\u00deeir heita \u00feeim frelsi<\/em>: Sumir falskennenda kunna a\u00f0 hafa rangt\u00falka\u00f0 tr\u00faargreinina um frelsi kristins manns (3.16). P\u00e1ll postuli kenndi, a\u00f0 Kristur hef\u00f0i frelsa\u00f0 mennina til frelsis, en \u00fea\u00f0 b\u00e6ri ekki a\u00f0 skilja svo, a\u00f0 \u00feeim leyf\u00f0ist a\u00f0 gera hva\u00f0 sem \u00feeim s\u00fdndist (sj\u00e1 Gal 5.13). Sj\u00e1 og J\u00f3h 8.31-36; R\u00f3m 6.16.<\/p>\n<p><strong>2.20 <\/strong><em>saurgun heimsins: <\/em>Sj\u00e1 athugagrein vi\u00f0 1.4.<\/p>\n<p><strong>2.21 <\/strong><em>hinu heilaga bo\u00f0or\u00f0i: <\/em>V\u00e6ntanlega er \u00e1tt vi\u00f0 &#8222;tv\u00f6falda k\u00e6rleiksbo\u00f0or\u00f0i\u00f0&#8220; um a\u00f0 elska Gu\u00f0 og n\u00e1ungann (Mrk 12.28-31) e\u00f0a a\u00f0 \u00f6\u00f0rum kosti bo\u00f0or\u00f0in t\u00edu (2M\u00f3s 20.1-17; 5M\u00f3s 5.1-21).<\/p>\n","protected":false},"excerpt":{"rendered":"<p>Varist falssp\u00e1menn og falskennendur (2.1-22) Hinir kristnu eru vara\u00f0ir vi\u00f0 <a href=\"https:\/\/biblian.is\/fraedsla\/ritskyring\/sidara-petursbref-2-kafli\/\"> [&#8230;]<\/a><\/p>\n","protected":false},"author":1,"featured_media":0,"parent":4829,"menu_order":0,"comment_status":"closed","ping_status":"closed","template":"","meta":{"footnotes":""},"class_list":["post-5734","page","type-page","status-publish","hentry"],"_links":{"self":[{"href":"https:\/\/biblian.is\/fraedsla\/wp-json\/wp\/v2\/pages\/5734","targetHints":{"allow":["GET"]}}],"collection":[{"href":"https:\/\/biblian.is\/fraedsla\/wp-json\/wp\/v2\/pages"}],"about":[{"href":"https:\/\/biblian.is\/fraedsla\/wp-json\/wp\/v2\/types\/page"}],"author":[{"embeddable":true,"href":"https:\/\/biblian.is\/fraedsla\/wp-json\/wp\/v2\/users\/1"}],"replies":[{"embeddable":true,"href":"https:\/\/biblian.is\/fraedsla\/wp-json\/wp\/v2\/comments?post=5734"}],"version-history":[{"count":0,"href":"https:\/\/biblian.is\/fraedsla\/wp-json\/wp\/v2\/pages\/5734\/revisions"}],"up":[{"embeddable":true,"href":"https:\/\/biblian.is\/fraedsla\/wp-json\/wp\/v2\/pages\/4829"}],"wp:attachment":[{"href":"https:\/\/biblian.is\/fraedsla\/wp-json\/wp\/v2\/media?parent=5734"}],"curies":[{"name":"wp","href":"https:\/\/api.w.org\/{rel}","templated":true}]}}