{"id":5724,"date":"2019-06-18T17:38:15","date_gmt":"2019-06-18T17:38:15","guid":{"rendered":"https:\/\/biblian.is\/fraedsla\/?page_id=5724"},"modified":"2026-04-17T13:01:09","modified_gmt":"2026-04-17T13:01:09","slug":"fyrra-petursbref-2-kafli","status":"publish","type":"page","link":"https:\/\/biblian.is\/fraedsla\/ritskyring\/fyrra-petursbref-2-kafli\/","title":{"rendered":"Fyrra P\u00e9tursbr\u00e9f 2. kafli"},"content":{"rendered":"<p><strong>2.2 <\/strong><em>andlegu, \u00f3mengu\u00f0u mj\u00f3lk: <\/em>\u00c1tt er vi\u00f0 or\u00f0 Gu\u00f0s, sem styrkir menn \u00ed tr\u00fanni og kennir Gu\u00f0s veg til hj\u00e1lpr\u00e6\u00f0isins. Sj\u00e1 athugagrein vi\u00f0 1.9.<\/p>\n<p><strong>2.4,5 <\/strong><em>lifanda steins&#8230;lifandi steinar: <\/em>Jesaja sp\u00e1ma\u00f0ur jafna\u00f0i Mess\u00edasi (hinum smur\u00f0a, \u00fatvalda) sem Gu\u00f0 mundi setja \u00ed S\u00edon (Jer\u00fasalem) vi\u00f0 traustan hornstein (Jes 28.16). Hornsteinar voru undirst\u00f6\u00f0usteinar undir horni byggingar (og var \u00fe\u00e1 oft m\u00faru\u00f0 inn \u00ed \u00fe\u00e1 forsaga bygginarinnar). S\u00ed\u00f0ar \u00e1tti Jes\u00fas eftir a\u00f0 l\u00edkja sj\u00e1lfum s\u00e9r vi\u00f0 sl\u00edkan stein (Mrk 12.1-12). Sj\u00e1 og Post 4.8-12; R\u00f3m 9.30-33).<\/p>\n<p>\u00deeir, sem treysta Jes\u00fa og tr\u00faa \u00fev\u00ed, a\u00f0 hann s\u00e9 hornsteinninn mikli (hin traustasta undirsta\u00f0a), ver\u00f0a sj\u00e1lfir a\u00f0 &#8222;lifandi steinum.&#8220; Af \u00feeim steinum r\u00eds &#8222;andlegt h\u00fas&#8220;, \u00fe.e. musteri, helgid\u00f3mur, \u00fear sem Gu\u00f0 er tilbe\u00f0inn. Fleiri h\u00f6fundar N\u00fdja testamentis kalla l\u00fd\u00f0 Gu\u00f0s &#8222;musteri&#8220; hans (sj\u00e1 1Kor 3.16,17; Ef 2.19-22; Opb 3.12).<\/p>\n<p><strong>2.5 <\/strong><em>heilags prestd\u00f3ms&#8230;til a\u00f0 bera fram andlegar f\u00f3rnir: <\/em>Hinn n\u00fdi Gu\u00f0s l\u00fd\u00f0ur er ekki einasta musteri hans, heldur og prestarnir sem \u00fear \u00fej\u00f3na. \u00cd \u00cdsrael til forna voru prestarnir afkomendur Lev\u00ed \u00e6ttf\u00f6\u00f0ur (sj\u00e1 &#8222;Prestar \u00cdsraels&#8220; \u00e1 bls. 2249). H\u00e9r segir, a\u00f0 n\u00fdr s\u00f6fnu\u00f0ur Gu\u00f0s muni ekki f\u00f3rna skepnum \u00e1 altari eins og fyrrum, heldur bera fram andlegar f\u00f3rnir, sem l\u00fdsa s\u00e9r \u00ed lofgj\u00f6r\u00f0 og \u00fe\u00f6kk til Gu\u00f0s og k\u00e6rleika me\u00f0al manna innbyr\u00f0is.<\/p>\n<p><strong>2.6 <\/strong><em>S\u00edon: <\/em>Svo h\u00e9t Jer\u00fasalemsborg til forna og fjalli\u00f0, \u00fear sem musteri\u00f0 var reist.<\/p>\n<p><strong>2.9\u00a0<\/strong><em>konunglegur prestd\u00f3mur, heil\u00f6g \u00fej\u00f3\u00f0&#8230;.til s\u00edns undursamlega lj\u00f3ss: <\/em>\u00cd 2M\u00f3s b\u00fd\u00f0ur Gu\u00f0 M\u00f3se a\u00f0 segja \u00cdsraelsl\u00fd\u00f0 a\u00f0 hann eigi a\u00f0 ver\u00f0a &#8222;heil\u00f6g \u00fej\u00f3\u00f0&#8220; og &#8222;konungsr\u00edki presta&#8220; er \u00fej\u00f3ni s\u00e9r (2M\u00f3s 19.6). \u00deannig kj\u00f6ri Drottinn \u00cdsraelsmenn fyrrum til \u00feess a\u00f0 ver\u00f0a hans \u00fatvalda \u00fej\u00f3\u00f0, en n\u00fa eru allir \u00feeir, sem tr\u00faa \u00e1 Jes\u00fa Krist, hinn n\u00fdi l\u00fd\u00f0ur Gu\u00f0s (R\u00f3m 11.1-29; Gal 3.22-29). Sj\u00e1 og athugagrein vi\u00f0 2.5.<\/p>\n<p>V\u00ed\u00f0a \u00ed Bibl\u00edunni t\u00e1knar lj\u00f3si\u00f0 Gu\u00f0 e\u00f0a Gu\u00f0s or\u00f0 (1J\u00f3h 1.5; Slm 119.105), en auk \u00feess f\u00f3lk og vi\u00f0bur\u00f0i sem birta sannleika Gu\u00f0s (Jes 49.6). Myrkri\u00f0 t\u00e1knar aftur \u00e1 m\u00f3ti illsku (Ef 5.8-12), \u00fej\u00e1ningu, eymd (Slm 107.10) og heimsku (Pr\u00e9d 2.14).<\/p>\n<p><strong>2.11\u00a0<\/strong><em>gesti og \u00fatlendinga: <\/em>Sj\u00e1 athugagrein vi\u00f0 1.1 (<em>hinum \u00fatv\u00f6ldu&#8230;sem \u00fatlendingar dreif\u00f0ir).<\/em><\/p>\n<p><strong>2.13-17\u00a0<\/strong><em>hl\u00fd\u00f0in allri mannlegri skipan, b\u00e6\u00f0i keisara: <\/em>Keisarinn \u00ed R\u00f3m og stj\u00f3rnkerfi hans vernda\u00f0i l\u00edf og eignir l\u00f6ghl\u00fd\u00f0ins f\u00f3lks og refsa\u00f0i brotam\u00f6nnum. Ef kristnir menn ger\u00f0u s\u00e9r far um a\u00f0 vir\u00f0a l\u00f6g og reglur og reynast g\u00f3\u00f0ir grannar n\u00e1b\u00fdlism\u00f6nnum s\u00ednum, uppsk\u00e1ru \u00feeir vir\u00f0ingu \u00ed sta\u00f0 \u00f3tta og tortryggni, sem sprotti\u00f0 gat af s\u00e9rleik \u00feeirra \u00ed tr\u00faarefnum. Myndin \u00e1 myntinni h\u00e9r a\u00f0 ne\u00f0an er af Ner\u00f3 keisara, sem r\u00edkti \u00e1 \u00e1runum 54-68 e. Kr. og hefur \u00fev\u00ed veri\u00f0 keisari um \u00fea\u00f0 leyti sem P\u00e9tur postuli d\u00f3.<\/p>\n<p><strong>2.18\u00a0<\/strong><em>\u00dej\u00f3nar, hl\u00fd\u00f0i\u00f0 h\u00fasb\u00e6ndum ykkar: <\/em>\u00der\u00e6lahald var alvanalegt \u00ed r\u00f3mverska r\u00edkinu. Me\u00f0al safna\u00f0arf\u00f3lks \u00ed frumkirkjunni voru b\u00e6\u00f0i h\u00fasb\u00e6ndur, \u00e1nau\u00f0ugir menn og amb\u00e1ttir. Tr\u00fa utankirkjuf\u00f3lks, vi\u00f0horf \u00feess til Gu\u00f0s, gat a\u00f0 nokkru olti\u00f0 \u00e1 \u00fev\u00ed, hvernig samskipti h\u00fasfe\u00f0ra og \u00fej\u00f3nali\u00f0s komu \u00fev\u00ed fyrir sj\u00f3nir. Sj\u00e1 og Ef 6.5-9 og &#8222;<a href=\"https:\/\/biblian.is\/fraedsla\/samtidarsaga-bibliunnar\/thraelar-og-thjonustufolk-a-dogum-jesu\/\">\u00der\u00e6lar og \u00fej\u00f3nustuf\u00f3lk \u00e1 d\u00f6gum Jes\u00fa<\/a>&#8222;.<\/p>\n<p><strong>2.21\u00a0<\/strong><em>l\u00e9t ykkur eftir fyrirmynd: <\/em>Kristnir menn mega b\u00faast vi\u00f0 andstreymi og \u00e1n\u00ed\u00f0slu, en \u00feeir skyldu ekki taka \u00e1 m\u00f3ti \u00feeim, sem leika \u00fe\u00e1 hart, heldur fylgja ford\u00e6mi Jes\u00fa, sem var tekinn af l\u00edfi \u00e1n \u00feess a\u00f0 bera h\u00f6nd fyrir h\u00f6fu\u00f0 s\u00e9r.<\/p>\n","protected":false},"excerpt":{"rendered":"<p>2.2 andlegu, \u00f3mengu\u00f0u mj\u00f3lk: \u00c1tt er vi\u00f0 or\u00f0 Gu\u00f0s, sem <a href=\"https:\/\/biblian.is\/fraedsla\/ritskyring\/fyrra-petursbref-2-kafli\/\"> [&#8230;]<\/a><\/p>\n","protected":false},"author":1,"featured_media":0,"parent":4829,"menu_order":0,"comment_status":"closed","ping_status":"closed","template":"","meta":{"footnotes":""},"class_list":["post-5724","page","type-page","status-publish","hentry"],"_links":{"self":[{"href":"https:\/\/biblian.is\/fraedsla\/wp-json\/wp\/v2\/pages\/5724","targetHints":{"allow":["GET"]}}],"collection":[{"href":"https:\/\/biblian.is\/fraedsla\/wp-json\/wp\/v2\/pages"}],"about":[{"href":"https:\/\/biblian.is\/fraedsla\/wp-json\/wp\/v2\/types\/page"}],"author":[{"embeddable":true,"href":"https:\/\/biblian.is\/fraedsla\/wp-json\/wp\/v2\/users\/1"}],"replies":[{"embeddable":true,"href":"https:\/\/biblian.is\/fraedsla\/wp-json\/wp\/v2\/comments?post=5724"}],"version-history":[{"count":0,"href":"https:\/\/biblian.is\/fraedsla\/wp-json\/wp\/v2\/pages\/5724\/revisions"}],"up":[{"embeddable":true,"href":"https:\/\/biblian.is\/fraedsla\/wp-json\/wp\/v2\/pages\/4829"}],"wp:attachment":[{"href":"https:\/\/biblian.is\/fraedsla\/wp-json\/wp\/v2\/media?parent=5724"}],"curies":[{"name":"wp","href":"https:\/\/api.w.org\/{rel}","templated":true}]}}