{"id":5718,"date":"2019-06-18T17:31:55","date_gmt":"2019-06-18T17:31:55","guid":{"rendered":"https:\/\/biblian.is\/fraedsla\/?page_id=5718"},"modified":"2026-04-17T13:01:11","modified_gmt":"2026-04-17T13:01:11","slug":"jakobsbrefid-4-kafli","status":"publish","type":"page","link":"https:\/\/biblian.is\/fraedsla\/ritskyring\/jakobsbrefid-4-kafli\/","title":{"rendered":"Jakobsbr\u00e9fi\u00f0 4. kafli"},"content":{"rendered":"<p><strong>4.1 <\/strong><em>girndum ykkar: <\/em>Sj\u00e1 athugagrein vi\u00f0 1.15.<\/p>\n<p><strong>4.2 <\/strong><em>af \u00fev\u00ed a\u00f0 \u00fei\u00f0 bi\u00f0ji\u00f0 ekki: <\/em>H\u00e9r l\u00e6tur h\u00f6fundur br\u00e9fsins \u00e1 s\u00e9r skilja, a\u00f0 miki\u00f0 skorti \u00e1, a\u00f0 lesendur hans bi\u00f0ji n\u00f3g. En \u00fea\u00f0 ver\u00f0i \u00feeir a\u00f0 gera, svo a\u00f0 \u00feeir \u00f6\u00f0list fyrirgefningu Gu\u00f0s og velgj\u00f6r\u00f0ir hans. Sj\u00e1 og &#8222;<a href=\"https:\/\/biblian.is\/fraedsla\/ordtakasafn\/baen\/\">B\u00e6n<\/a>&#8222;.<\/p>\n<p><strong>4.4 <\/strong><em>heiminn: <\/em>&#8222;Heimurinn&#8220; er fyrir Jakobi samnefnari alls \u00feess ills, sem stendur \u00ed gegn Gu\u00f0i og tilbi\u00f0jendum hans. \u00deegar hi\u00f0 illa er tali\u00f0 eiga r\u00f3t s\u00edna \u00ed &#8222;heiminum&#8220; minnir hugsunin \u00e1 vissa strauma \u00ed gr\u00edskri heimspeki, \u00fear sem s\u00fdnilegur efnisheimurinn var \u00e1litinn vondur og hin \u00f3s\u00fdnilega, andlega ver\u00f6ld g\u00f3\u00f0. L\u00edkaminn var \u00feannig af hinum illa og d\u00e6mdur til tort\u00edmingar, en speki andans \u00f3dau\u00f0leg.<\/p>\n<p><strong>4.5 <\/strong>&#8222;\u00der\u00e1ir Gu\u00f0 ekki me\u00f0 afbr\u00fd\u00f0i andann sem hann gaf b\u00fasta\u00f0 \u00ed okkur?&#8220; Svohlj\u00f3\u00f0andi \u00fe\u00fd\u00f0ing \u00feessarar ritningargreinar \u00e1 \u00edslensku er talin komast n\u00e6r frumtextanum heldur en t.d. &#8222;Andinn, sem Gu\u00f0 gaf b\u00fasta\u00f0 \u00ed okkur, er fullur afbr\u00fd\u00f0i&#8220; e\u00f0a &#8222;Andinn, sem dvelur \u00ed okkur&#8230;.&#8220;<\/p>\n<p><strong>4.6 <\/strong>Okv 3.34 (Sept\u00faaginta)<\/p>\n<p><strong>4.7\u00a0<\/strong><em>gegn dj\u00f6flinum: <\/em>Sj\u00e1 athugagrein vi\u00f0 3.15.<\/p>\n<p><strong>4.11\u00a0<\/strong><em>l\u00f6gm\u00e1li\u00f0: <\/em>Sj\u00e1 athugagrein vi\u00f0 2.11.<\/p>\n<p><strong>4.12 <\/strong><em>Einn er d\u00f3marinn: <\/em>D\u00f3marinn er Gu\u00f0. Sj\u00e1 athugagrein vi\u00f0 2.13.<\/p>\n","protected":false},"excerpt":{"rendered":"<p>4.1 girndum ykkar: Sj\u00e1 athugagrein vi\u00f0 1.15. 4.2 af \u00fev\u00ed <a href=\"https:\/\/biblian.is\/fraedsla\/ritskyring\/jakobsbrefid-4-kafli\/\"> [&#8230;]<\/a><\/p>\n","protected":false},"author":1,"featured_media":0,"parent":4829,"menu_order":0,"comment_status":"closed","ping_status":"closed","template":"","meta":{"footnotes":""},"class_list":["post-5718","page","type-page","status-publish","hentry"],"_links":{"self":[{"href":"https:\/\/biblian.is\/fraedsla\/wp-json\/wp\/v2\/pages\/5718","targetHints":{"allow":["GET"]}}],"collection":[{"href":"https:\/\/biblian.is\/fraedsla\/wp-json\/wp\/v2\/pages"}],"about":[{"href":"https:\/\/biblian.is\/fraedsla\/wp-json\/wp\/v2\/types\/page"}],"author":[{"embeddable":true,"href":"https:\/\/biblian.is\/fraedsla\/wp-json\/wp\/v2\/users\/1"}],"replies":[{"embeddable":true,"href":"https:\/\/biblian.is\/fraedsla\/wp-json\/wp\/v2\/comments?post=5718"}],"version-history":[{"count":0,"href":"https:\/\/biblian.is\/fraedsla\/wp-json\/wp\/v2\/pages\/5718\/revisions"}],"up":[{"embeddable":true,"href":"https:\/\/biblian.is\/fraedsla\/wp-json\/wp\/v2\/pages\/4829"}],"wp:attachment":[{"href":"https:\/\/biblian.is\/fraedsla\/wp-json\/wp\/v2\/media?parent=5718"}],"curies":[{"name":"wp","href":"https:\/\/api.w.org\/{rel}","templated":true}]}}