{"id":5690,"date":"2019-06-18T17:12:06","date_gmt":"2019-06-18T17:12:06","guid":{"rendered":"https:\/\/biblian.is\/fraedsla\/?page_id=5690"},"modified":"2022-12-16T13:59:00","modified_gmt":"2022-12-16T13:59:00","slug":"hebreabrefid-2-kafli","status":"publish","type":"page","link":"https:\/\/biblian.is\/fraedsla\/ritskyring\/hebreabrefid-2-kafli\/","title":{"rendered":"Hebreabr\u00e9fi\u00f0 2. kafli"},"content":{"rendered":"<p><strong>2.2\u00a0<\/strong><em>or\u00f0i\u00f0, sem englar fluttu: <\/em>H\u00e9r er \u00e1tt vi\u00f0 birtingu l\u00f6gm\u00e1lsins \u00e1 S\u00edna\u00ed. \u00cd Post 7.53 segir, a\u00f0 l\u00f6gm\u00e1li\u00f0 hafi fengist fyrir ums\u00fdslan engla. Sj\u00e1 og athugagrein vi\u00f0 1.1. \u00deeim sem brutu gegn l\u00f6gm\u00e1linu skyldi refsa\u00f0.<\/p>\n<p><strong>2.3 <\/strong><em>hj\u00e1lpr\u00e6\u00f0i: <\/em>Sj\u00e1 athugagrein vi\u00f0 1.14.<\/p>\n<p><strong>2.4 <\/strong><em>t\u00e1knum og undrum: <\/em>H\u00f6fundur \u00e1 h\u00e9r vi\u00f0 kraftaverk \u00e1 bor\u00f0 vi\u00f0 \u00fea\u00f0 a\u00f0 Gu\u00f0 hj\u00e1lpa\u00f0i \u00cdsraelsm\u00f6nnum yfir Rau\u00f0a hafi\u00f0 er \u00feeir fl\u00fd\u00f0u \u00far \u00fer\u00e6lah\u00fasinu \u00ed Egyptalandi (2M\u00f3s 14) og gaf \u00feeim a\u00f0 eta himnabrau\u00f0 (manna) \u00e1 ey\u00f0imerkurg\u00f6ngunni (3M\u00f3s 11.4-9).<\/p>\n<p><strong>2.4 <\/strong><em>heilags anda: <\/em>Heilagur andi er kraftur Gu\u00f0s a\u00f0 starfi \u00ed heimi h\u00e9r. Hann hj\u00e1lpar l\u00fd\u00f0 Gu\u00f0s og kennir honum og minnir hann \u00e1, svo a\u00f0 hann f\u00e1i lifa\u00f0 Gu\u00f0i vel\u00fe\u00f3knanlegu l\u00edfi. Sj\u00e1 <a href=\"https:\/\/biblian.is\/fraedsla\/ordtakasafn\/heilagur-andi\/\">&#8222;Heilagur andi&#8220;<\/a>.<\/p>\n<p><strong>2.5 <\/strong><em>engla: <\/em>Athugagrein um engla vantar.<\/p>\n<p><strong>2.7\u00a0<\/strong><em>Og \u00fe\u00fa hefur skipa\u00f0 hann yfir verk handa \u00feinna: <\/em>\u00deessi or\u00f0 vantar \u00ed sum handrit.<\/p>\n<p><strong>2.9 <\/strong><em>englunum l\u00e6gri: <\/em>\u00c1tt er vi\u00f0 \u00fea\u00f0, a\u00f0 \u00e1 me\u00f0an Jes\u00fas var sannur ma\u00f0ur, var hann englunum l\u00e6gri. Hann &#8222;l\u00e6g\u00f0i sj\u00e1lfan sig og var\u00f0 hl\u00fd\u00f0inn allt til dau\u00f0a, j\u00e1, dau\u00f0ans \u00e1 krossi&#8220; (Fil 2.8). Sj\u00e1 og Slm 8.5.<\/p>\n<p><strong>2.9 <\/strong><em>Fyrir Gu\u00f0s n\u00e1\u00f0 skyldu allir hlj\u00f3ta blessun af dau\u00f0a hans: <\/em>Jes\u00fas var tekinn af l\u00edfi me\u00f0 \u00fev\u00ed a\u00f0 hann var krossfestur (Mrk 15.22-39; Post 2.22-24; J\u00f3h 3.16). Hann d\u00f3 til \u00feess a\u00f0 dau\u00f0inn yr\u00f0i afm\u00e1\u00f0ur og sigur unninn \u00e1 illsku og synd. Gu\u00f0 reisti Jes\u00fa upp fr\u00e1 dau\u00f0um og hann settist vi\u00f0 h\u00e6gri h\u00f6nd f\u00f6\u00f0urins \u00e1 himnum, er gefi\u00f0 allt hi\u00f0 g\u00f3\u00f0a vald og r\u00edkir me\u00f0 Gu\u00f0i yfir ver\u00f6ld allri (sj\u00e1 Ef 1.19-22). Sj\u00e1 og &#8222;<a href=\"https:\/\/biblian.is\/fraedsla\/ordtakasafn\/krossfesting\/\">Krossfesting<\/a>\u201d.<\/p>\n<p><strong>2.10 <\/strong><em>lei\u00f0a&#8230;til hj\u00e1lpr\u00e6\u00f0is: <\/em>Sj\u00e1 athugagrein vi\u00f0 1.14.<\/p>\n<p><strong>2.11\u00a0<\/strong><em>\u00feau sem helgu\u00f0 ver\u00f0a: <\/em>Or\u00f0i\u00f0 &#8222;helgu\u00f0&#8220; er h\u00e9r l\u00edkrar merkingar og &#8222;\u00fatvalin&#8220; af Gu\u00f0i e\u00f0a &#8222;tekin fr\u00e1&#8220; handa honum. &#8222;Systkin&#8220; \u00e1 h\u00e9r vi\u00f0 br\u00e6\u00f0ur og systur &#8222;\u00ed Kristi&#8220;, \u00fe.e. \u00feau sem tr\u00faa \u00e1 Jes\u00fa.<\/p>\n<p><strong>2.14 <\/strong><em>dj\u00f6fulinn: <\/em><span style=\"color: #ff0000;\"><strong>Athugagrein um Satan vantar.<\/strong><\/span><\/p>\n<p><strong>2.16 <\/strong><em>ni\u00f0ja Abrahams: <\/em>Sj\u00e1 athugagrein vi\u00f0 1.1.<\/p>\n<p><strong>2.17 <\/strong><em>\u00e6\u00f0sti prestur&#8230;g\u00e6ti fri\u00f0\u00fe\u00e6gt fyrir syndir l\u00fd\u00f0sins:<\/em>\u00c1 fri\u00f0\u00fe\u00e6gingardaginn \u00e1r hvert f\u00f3rna\u00f0i \u00e6\u00f0sti presturinn nautk\u00e1lfi, hr\u00fati og geith\u00f6frum, og var bl\u00f3\u00f0inu st\u00f6kkt \u00e1 lok s\u00e1ttm\u00e1lsarkarinnar (n\u00e1\u00f0arst\u00f3linn) inni \u00ed hinu allrahelgasta musterisins. \u00deannig var fri\u00f0\u00fe\u00e6gt fyrir syndir \u00cdsraelsmanna (3M\u00f3s 16.1-34; sj\u00e1 og 2M\u00f3s 28.1-39). Jes\u00fas f\u00e6r\u00f0i og f\u00f3rn \u00f6llum m\u00f6nnum til syndafyrirgefningar. En f\u00f3rnin, sem hann f\u00e6r\u00f0i, var hann sj\u00e1lfur (sj\u00e1 R\u00f3m 3.25,26).<\/p>\n","protected":false},"excerpt":{"rendered":"<p>2.2\u00a0or\u00f0i\u00f0, sem englar fluttu: H\u00e9r er \u00e1tt vi\u00f0 birtingu l\u00f6gm\u00e1lsins <a href=\"https:\/\/biblian.is\/fraedsla\/ritskyring\/hebreabrefid-2-kafli\/\"> [&#8230;]<\/a><\/p>\n","protected":false},"author":1,"featured_media":0,"parent":4829,"menu_order":0,"comment_status":"closed","ping_status":"closed","template":"","meta":{"footnotes":""},"class_list":["post-5690","page","type-page","status-publish","hentry"],"_links":{"self":[{"href":"https:\/\/biblian.is\/fraedsla\/wp-json\/wp\/v2\/pages\/5690","targetHints":{"allow":["GET"]}}],"collection":[{"href":"https:\/\/biblian.is\/fraedsla\/wp-json\/wp\/v2\/pages"}],"about":[{"href":"https:\/\/biblian.is\/fraedsla\/wp-json\/wp\/v2\/types\/page"}],"author":[{"embeddable":true,"href":"https:\/\/biblian.is\/fraedsla\/wp-json\/wp\/v2\/users\/1"}],"replies":[{"embeddable":true,"href":"https:\/\/biblian.is\/fraedsla\/wp-json\/wp\/v2\/comments?post=5690"}],"version-history":[{"count":0,"href":"https:\/\/biblian.is\/fraedsla\/wp-json\/wp\/v2\/pages\/5690\/revisions"}],"up":[{"embeddable":true,"href":"https:\/\/biblian.is\/fraedsla\/wp-json\/wp\/v2\/pages\/4829"}],"wp:attachment":[{"href":"https:\/\/biblian.is\/fraedsla\/wp-json\/wp\/v2\/media?parent=5690"}],"curies":[{"name":"wp","href":"https:\/\/api.w.org\/{rel}","templated":true}]}}