{"id":5672,"date":"2019-06-17T14:55:34","date_gmt":"2019-06-17T14:55:34","guid":{"rendered":"https:\/\/biblian.is\/fraedsla\/?page_id=5672"},"modified":"2026-04-17T13:01:08","modified_gmt":"2026-04-17T13:01:08","slug":"filemonsbrefid-inngangur","status":"publish","type":"page","link":"https:\/\/biblian.is\/fraedsla\/ritskyring\/filemonsbrefid-inngangur\/","title":{"rendered":"F\u00edlemonsbr\u00e9fi\u00f0 &#8211; Inngangur"},"content":{"rendered":"<p><em>\u00cd s\u00e9rhverju samf\u00e9lagi manna gilda l\u00f6g og reglur, sem \u00e6tlast er til a\u00f0 s\u00e9 hl\u00fdtt. Lestu \u00ed \u00feessu stutta br\u00e9fi um \u00fea\u00f0 sem P\u00e1ll haf\u00f0i a\u00f0 segja um k\u00e6rleika Gu\u00f0s og hvernig hann veldur \u00fev\u00ed a\u00f0 l\u00e6risveinar Drottins ganga lengra \u00ed velvild og g\u00f3\u00f0semi heldur en kr\u00f6fur \u00fej\u00f3\u00f0f\u00e9lagsins m\u00e6la fyrir um. <\/em><em>\u00a0<\/em><\/p>\n<h3>Hver eru s\u00e9rkenni Br\u00e9fs P\u00e1ls til F\u00edlemons?<\/h3>\n<p>Br\u00e9fi\u00f0 er afbrag\u00f0s gott d\u00e6mi um sendibr\u00e9f \u00e1 t\u00edmum r\u00f3mverska heimsveldisins. \u00dea\u00f0 er styst af br\u00e9fum P\u00e1ls og pers\u00f3nulegast. Greinilegt er, a\u00f0 P\u00e1ll og F\u00edlemon hafa veri\u00f0 n\u00e1nir vinir. Flestir, sem nefndir eru \u00ed br\u00e9finu, a\u00f0 me\u00f0t\u00f6ldum Ones\u00edmusi, \u00fer\u00e6li F\u00edlemons, koma l\u00edka fyrir \u00ed K\u00f3lossubr\u00e9finu (K\u00f3l 4.7-9).<\/p>\n<h3>Hvert var tilefni br\u00e9fsins?<\/h3>\n<p>F\u00edlemon var efnama\u00f0ur og \u00e1tti l\u00edklega heima \u00ed K\u00f3lossu. Hann hefur \u00e1tt \u00fer\u00e6la, eins og alt\u00edtt var um au\u00f0menn \u00e1 \u00feessum t\u00edmum (sj\u00e1 &#8222;<a href=\"https:\/\/biblian.is\/fraedsla\/samtidarsaga-bibliunnar\/thraelar-og-thjonustufolk-a-dogum-jesu\/\">\u00der\u00e6lar og \u00fej\u00f3nustuf\u00f3lk \u00e1 d\u00f6gum Jes\u00fa<\/a>&#8222;.)Hann var kristinn og kom s\u00f6fnu\u00f0urinn saman \u00ed h\u00fasi hans (2). \u00cd br\u00e9fi s\u00ednu reifar P\u00e1ll m\u00e1lefni \u00e1nau\u00f0ugs manns, sem Ones\u00edmus h\u00e9t, og stroki\u00f0 haf\u00f0i a\u00f0 heiman fr\u00e1 F\u00edlemon. En n\u00fa haf\u00f0i Ones\u00edmus teki\u00f0 kristna tr\u00fa og var aukin heldur or\u00f0inn k\u00e6r vinur P\u00e1ls. \u00dea\u00f0 er erindi br\u00e9fsins a\u00f0 segja F\u00edlemon, a\u00f0 P\u00e1ll \u00e6tli a\u00f0 senda Ones\u00edmus heim aftur. Hann bi\u00f0ur F\u00edlemon taka \u00e1 m\u00f3ti honum eins og vini og l\u00e6risveini Drottins.<\/p>\n<h3>N\u00e1nar um F\u00edlemonsb\u00e9fi\u00f0<\/h3>\n<p>Vera m\u00e1, P\u00e1ll hafi skrifa\u00f0 br\u00e9fi\u00f0 \u00ed fangelsinu \u00ed Efesus. En \u00fea\u00f0 getur l\u00edka vera\u00f0 rita\u00f0 \u00ed R\u00f3m, \u00fear sem P\u00e1ll var \u00ed stofufangelsi. R\u00f3mverskur herma\u00f0ur g\u00e6tti hans \u00fear og fylgdist me\u00f0 \u00fev\u00ed hverjir heims\u00f3ttu hann (Post 28.16-21).<\/p>\n<p>P\u00e1li er umhuga\u00f0 um a\u00f0 F\u00edlemon taki Ones\u00edmusi opnum \u00f6rmum. Hann dregur ekki \u00ed efa r\u00e9tt F\u00edlemons til \u00feess a\u00f0 halda \u00fer\u00e6la. Og hann veit, a\u00f0 samkv\u00e6mt r\u00f3mverskum l\u00f6gum er h\u00fasb\u00e6ndum heimilt a\u00f0 hirta \u00fer\u00e6la s\u00edna og einkum a\u00f0 refsa stroku\u00fer\u00e6lum har\u00f0lega. P\u00e1ll l\u00edtur svo \u00e1, a\u00f0 \u00fer\u00e6lahald s\u00e9 sj\u00e1lfsag\u00f0ur og e\u00f0lilegur hlutur (1Kor 7.20-22). Hann hvetur \u00ed br\u00e9fum s\u00ednum \u00fer\u00e6lana til \u00feess a\u00f0 vera h\u00fasb\u00e6ndum s\u00ednum hl\u00fd\u00f0nir. En hann br\u00fdnir l\u00edka og ekki s\u00ed\u00f0ur fyrir eigendum \u00fer\u00e6lanna a\u00f0 vera \u00feeim g\u00f3\u00f0ir (K\u00f3l 3.22,23-4.1). \u00cd Galatabr\u00e9finu heldur hann \u00fev\u00ed fram, a\u00f0 \u00feeir sem tr\u00faa \u00e1 Krist, hvort heldur eru \u00fer\u00e6lar e\u00f0a frj\u00e1lsir menn, s\u00e9u allir jafnir fyrir Gu\u00f0i (Gal 3.26-28).<\/p>\n<h3>Efnisskipan Br\u00e9fs P\u00e1ls til F\u00edlemons<\/h3>\n<ul>\n<li><strong>Heilsun og b\u00e6n fyrir F\u00edlemon (1-3)<\/strong><\/li>\n<li><strong>M\u00e1lefni Ones\u00edmusar, \u00fer\u00e6ls F\u00edlemons (4-22)<\/strong><\/li>\n<li><strong>Kve\u00f0jur og fyrirb\u00e6n (23-35)<\/strong><\/li>\n<\/ul>\n<p>* <em>P\u00e1ll og F\u00edlemon: <\/em>P\u00e1ll gekk og undir gy\u00f0inganafni s\u00ednu, S\u00e1l (sj\u00e1 Post 7.57-8.3; 9.1-30). Hann var framan af \u00e6vi far\u00edsei og haf\u00f0i reynt a\u00f0 hl\u00fd\u00f0a l\u00f6gm\u00e1li M\u00f3se \u00fat \u00ed \u00e6sar og ofs\u00f3tt s\u00f6fnu\u00f0 Krists (Gal 1.13; Fil 3.5,6). En Jes\u00fas ger\u00f0i hann a\u00f0 postula s\u00ednum og f\u00f3l honum a\u00f0 pr\u00e9dika fagna\u00f0arerindi\u00f0 hei\u00f0ingjum (Post 9.1-19). P\u00e1ll nefndi sj\u00e1lfan sig i\u00f0ulega &#8222;\u00fej\u00f3n (\u00fe.e. \u00fer\u00e6l) Krists.&#8220; Sj\u00e1 &#8222;<a href=\"https:\/\/biblian.is\/fraedsla\/ordtakasafn\/pall-sal-fra-tarsus\/\">P\u00e1ll (S\u00e1l) fr\u00e1 Tarsus<\/a>&#8222;.<\/p>\n<p>F\u00edlemon var r\u00edkur ma\u00f0ur kristinn, er h\u00e9lt \u00fer\u00e6la. Hann \u00e1tti tr\u00falega heima \u00ed K\u00f3lossu \u00ed Litlu-As\u00edu. \u00dea\u00f0 hefur ekki vanta\u00f0 pl\u00e1ssi\u00f0 \u00ed h\u00fasi hans, \u00fev\u00ed a\u00f0 \u00fear kom s\u00f6fnu\u00f0ur saman. F\u00edlemon var elska\u00f0ur vinur P\u00e1ls, enda haf\u00f0i hann veri\u00f0 samverkama\u00f0ur hans (1). Hann var a\u00f0 almannavitni tr\u00far l\u00e6risveinn Jes\u00fa og unni kirkju hans, &#8222;endurn\u00e6r\u00f0i hj\u00f6rtu heilagra&#8220; (5,7).<\/p>\n","protected":false},"excerpt":{"rendered":"<p>\u00cd s\u00e9rhverju samf\u00e9lagi manna gilda l\u00f6g og reglur, sem \u00e6tlast <a href=\"https:\/\/biblian.is\/fraedsla\/ritskyring\/filemonsbrefid-inngangur\/\"> [&#8230;]<\/a><\/p>\n","protected":false},"author":1,"featured_media":0,"parent":4829,"menu_order":0,"comment_status":"closed","ping_status":"closed","template":"","meta":{"footnotes":""},"class_list":["post-5672","page","type-page","status-publish","hentry"],"_links":{"self":[{"href":"https:\/\/biblian.is\/fraedsla\/wp-json\/wp\/v2\/pages\/5672","targetHints":{"allow":["GET"]}}],"collection":[{"href":"https:\/\/biblian.is\/fraedsla\/wp-json\/wp\/v2\/pages"}],"about":[{"href":"https:\/\/biblian.is\/fraedsla\/wp-json\/wp\/v2\/types\/page"}],"author":[{"embeddable":true,"href":"https:\/\/biblian.is\/fraedsla\/wp-json\/wp\/v2\/users\/1"}],"replies":[{"embeddable":true,"href":"https:\/\/biblian.is\/fraedsla\/wp-json\/wp\/v2\/comments?post=5672"}],"version-history":[{"count":0,"href":"https:\/\/biblian.is\/fraedsla\/wp-json\/wp\/v2\/pages\/5672\/revisions"}],"up":[{"embeddable":true,"href":"https:\/\/biblian.is\/fraedsla\/wp-json\/wp\/v2\/pages\/4829"}],"wp:attachment":[{"href":"https:\/\/biblian.is\/fraedsla\/wp-json\/wp\/v2\/media?parent=5672"}],"curies":[{"name":"wp","href":"https:\/\/api.w.org\/{rel}","templated":true}]}}