{"id":5645,"date":"2019-06-17T14:33:24","date_gmt":"2019-06-17T14:33:24","guid":{"rendered":"https:\/\/biblian.is\/fraedsla\/?page_id=5645"},"modified":"2022-12-16T13:58:59","modified_gmt":"2022-12-16T13:58:59","slug":"fyrra-timoteusarbref-4-kafli","status":"publish","type":"page","link":"https:\/\/biblian.is\/fraedsla\/ritskyring\/fyrra-timoteusarbref-4-kafli\/","title":{"rendered":"Fyrra T\u00edm\u00f3teusarbr\u00e9f 4. kafli"},"content":{"rendered":"<p><strong>4.1 <\/strong><em>\u00e1 s\u00ed\u00f0ustu t\u00edmum&#8230;villu\u00f6ndum&#8230;illra anda: <\/em>&#8222;S\u00ed\u00f0ustu t\u00edmar&#8220; eru endir aldanna, \u00feegar Gu\u00f0 mun d\u00e6ma heiminn. V\u00ed\u00f0a \u00ed N\u00fdja testamenti er gert r\u00e1\u00f0 fyrir, a\u00f0 \u00fe\u00e1 muni villukenningar va\u00f0a uppi (2\u00deess 2.1-12; 2T\u00edm 3.1-9; 2P\u00e9t 3.3). Sj\u00e1 og &#8222;<a href=\"https:\/\/biblian.is\/fraedsla\/ordtakasafn\/efstu-dagar\/\">Efstu dagar<\/a>&#8222;. Villuandar og illir andar l\u00fata dj\u00f6flinum, Satan. Sj\u00e1 og Ef 6.11,12; 2\u00deess 2.9-12 og athugagrein vi\u00f0 1.20 (Satan).<\/p>\n<p><strong>4.2,3\u00a0<\/strong><em>lygarar&#8230;banna hj\u00faskap og bj\u00f3\u00f0a&#8230;a\u00f0 halda s\u00e9r fr\u00e1&#8230;f\u00e6\u00f0u: <\/em>S\u00e9rtr\u00faarh\u00f3par \u00fdmsir kr\u00f6f\u00f0ust meinl\u00e6talifna\u00f0ar. Meinl\u00e6tamenn vildu ekki ganga \u00ed hj\u00f3naband og neyttu ekki nema einst\u00f6ku f\u00e6\u00f0utegunda, ef \u00feeir \u00fe\u00e1 ekki beinl\u00ednis f\u00f6stu\u00f0u \u00ed lengri og skemmri t\u00edma. \u00deetta ger\u00f0u \u00feeir til \u00feess a\u00f0 sanna, hve mj\u00f6g \u00feeir elsku\u00f0u Gu\u00f0. Sj\u00e1 og 1Kor 7; K\u00f3l 2.8-18.<\/p>\n<p><strong>4.7\u00a0<\/strong><em>vanheil\u00f6gum h\u00e9giljum: <\/em>Sj\u00e1 athugagrein vi\u00f0 1.3,4.<\/p>\n<p><strong>4.8,9 <\/strong><em>L\u00edkamleg \u00e6fing er nytsamleg: <\/em>Uppruni \u00feessa spakm\u00e6lis er \u00f3\u00feekktur, en \u00fea\u00f0 er \u00e1\u00feekkt m\u00e1lsh\u00e6ttinum \u00ed 1T\u00edm 6.6.<\/p>\n<p><strong>4.10 <\/strong><em>frelsari: <\/em>Sj\u00e1 athugagrein vi\u00f0 1.1 (Gu\u00f0s frelsara vors).<\/p>\n<p><strong>4.13\u00a0<\/strong><em>Ritningunni: <\/em>\u00c1rei\u00f0anlega er h\u00e9r \u00e1tt vi\u00f0 helgirit Gy\u00f0inga (Gamla testamenti). \u00de\u00f3tt m\u00f6rg br\u00e9fa P\u00e1ls, sem s\u00ed\u00f0ar skipu\u00f0u sinn sess \u00ed N\u00fdja testamenti, hafi vafalaust veri\u00f0 \u00ed umfer\u00f0 me\u00f0al safna\u00f0anna \u00feegar h\u00e9r var komi\u00f0, var enn ekki fari\u00f0 a\u00f0 r\u00e6\u00f0a um \u00feau sem &#8222;Ritninguna.&#8220;<\/p>\n<p><strong>4.14 <\/strong><em>n\u00e1\u00f0argj\u00f6fina sem \u00fe\u00e9r var gefin&#8230;sp\u00e1manna: <\/em>&#8222;N\u00e1\u00f0argj\u00f6fin&#8220; er h\u00e6fni T\u00edm\u00f3teusar til \u00feess a\u00f0 kenna og pr\u00e9dika fagna\u00f0arerindi\u00f0. Heilagur andi gefur \u00feessa n\u00e1\u00f0arg\u00e1fu. Sj\u00e1 &#8222;<a href=\"https:\/\/biblian.is\/fraedsla\/ordtakasafn\/gafur-andans\/\">G\u00e1fur andans<\/a>&#8222;.<\/p>\n<p>&#8222;Sp\u00e1menn&#8220; merkir h\u00e9r kristna sp\u00e1menn, sem gegndu mj\u00f6g mikilv\u00e6gu hlutverki \u00ed frumkirkjunni. Sp\u00e1mennirnir fluttu bo\u00f0 fr\u00e1 Gu\u00f0i.<\/p>\n<p><strong>4.14 <\/strong><em>me\u00f0 handayfirlagningu: <\/em>Sj\u00e1 athugagrein um v\u00edgslu \u00ed <a href=\"https:\/\/biblian.is\/fraedsla\/ritskyring\/fyrra-timoteusarbref-inngangur\/\">Inngangi a\u00f0 Fyrra T\u00edm\u00f3teusarbr\u00e9fi<\/a>.<\/p>\n","protected":false},"excerpt":{"rendered":"<p>4.1 \u00e1 s\u00ed\u00f0ustu t\u00edmum&#8230;villu\u00f6ndum&#8230;illra anda: &#8222;S\u00ed\u00f0ustu t\u00edmar&#8220; eru endir aldanna, <a href=\"https:\/\/biblian.is\/fraedsla\/ritskyring\/fyrra-timoteusarbref-4-kafli\/\"> [&#8230;]<\/a><\/p>\n","protected":false},"author":1,"featured_media":0,"parent":4829,"menu_order":0,"comment_status":"closed","ping_status":"closed","template":"","meta":{"footnotes":""},"class_list":["post-5645","page","type-page","status-publish","hentry"],"_links":{"self":[{"href":"https:\/\/biblian.is\/fraedsla\/wp-json\/wp\/v2\/pages\/5645","targetHints":{"allow":["GET"]}}],"collection":[{"href":"https:\/\/biblian.is\/fraedsla\/wp-json\/wp\/v2\/pages"}],"about":[{"href":"https:\/\/biblian.is\/fraedsla\/wp-json\/wp\/v2\/types\/page"}],"author":[{"embeddable":true,"href":"https:\/\/biblian.is\/fraedsla\/wp-json\/wp\/v2\/users\/1"}],"replies":[{"embeddable":true,"href":"https:\/\/biblian.is\/fraedsla\/wp-json\/wp\/v2\/comments?post=5645"}],"version-history":[{"count":0,"href":"https:\/\/biblian.is\/fraedsla\/wp-json\/wp\/v2\/pages\/5645\/revisions"}],"up":[{"embeddable":true,"href":"https:\/\/biblian.is\/fraedsla\/wp-json\/wp\/v2\/pages\/4829"}],"wp:attachment":[{"href":"https:\/\/biblian.is\/fraedsla\/wp-json\/wp\/v2\/media?parent=5645"}],"curies":[{"name":"wp","href":"https:\/\/api.w.org\/{rel}","templated":true}]}}