{"id":5643,"date":"2019-06-17T14:31:52","date_gmt":"2019-06-17T14:31:52","guid":{"rendered":"https:\/\/biblian.is\/fraedsla\/?page_id=5643"},"modified":"2026-04-17T13:01:09","modified_gmt":"2026-04-17T13:01:09","slug":"fyrra-timoteusarbref-3-kafli","status":"publish","type":"page","link":"https:\/\/biblian.is\/fraedsla\/ritskyring\/fyrra-timoteusarbref-3-kafli\/","title":{"rendered":"Fyrra T\u00edm\u00f3teusarbr\u00e9f 3. kafli"},"content":{"rendered":"<p><strong>3.1\u00a0<\/strong><em>biskupsstarfi: <\/em>Biskup er \u00e1 gr\u00edsku &#8222;ep\u00edsk\u00f3pos&#8220; sem merkir tilsj\u00f3narma\u00f0ur. Biskupar nefndust \u00e6\u00f0stu lei\u00f0togarnir \u00ed frumkirkjunni.<\/p>\n<p><strong>3.6\u00a0<\/strong><em>dj\u00f6fullinn: <\/em>Sj\u00e1 athugagrein vi\u00f0 1.20 (Satan). Sj\u00e1 og Ef 2.2; 6.11-13; 1P\u00e9t 5.8.<\/p>\n<p><strong>3.8\u00a0<\/strong><em>dj\u00e1knar: <\/em>Gr\u00edska or\u00f0i\u00f0 &#8222;d\u00edakonos&#8220; er oftast \u00fe\u00fdtt \u00e1 \u00edslensku me\u00f0 or\u00f0inu &#8222;dj\u00e1kni,&#8220; en dj\u00e1knar voru a\u00f0 l\u00edkindum s\u00e9rstakir \u00fej\u00f3nar e\u00f0a a\u00f0sto\u00f0armenn \u00ed s\u00f6fnu\u00f0unum. \u00dev\u00ed \u00feurfti a\u00f0 gera til \u00feeirra r\u00edkar kr\u00f6fur um heilindi og tr\u00famennsku.<\/p>\n<p><strong>3.11\u00a0<\/strong><em>konur: <\/em>H\u00e9r m\u00e1 vera, a\u00f0 anna\u00f0 hvort s\u00e9 \u00e1tt vi\u00f0 kvendj\u00e1kna e\u00f0a a\u00f0 \u00f6\u00f0rum kosti eiginkonur dj\u00e1kna. Sj\u00e1 og athugagrein vi\u00f0 2.9.<\/p>\n<p><strong>3.15\u00a0<\/strong><em>s\u00f6fnu\u00f0ur lifanda Gu\u00f0s: <\/em>&#8222;S\u00f6fnu\u00f0ur&#8220; merkir h\u00e9r alla l\u00e6risveina Jes\u00fas Krists, hvar \u00ed heimi sem er, en ekki neinn s\u00e9rstakan s\u00f6fnu\u00f0. Sj\u00e1 &#8222;<a href=\"https:\/\/biblian.is\/fraedsla\/ordtakasafn\/kirkjan\/\">Kirkja<\/a>&#8222;.<\/p>\n<p><strong>3.16\u00a0<\/strong><em>anda&#8230;englum: <\/em>Heilagur andi er af Gu\u00f0i sendur til \u00feess a\u00f0 kenna l\u00e6risveinum Krists, lei\u00f0beina \u00feeim, minna \u00fe\u00e1 \u00e1 allt \u00fea\u00f0, sem hann sag\u00f0i, og hj\u00e1lpa \u00feeim a\u00f0 ver\u00f0a Gu\u00f0i \u00fe\u00f3knanlegir. Sj\u00e1 &#8222;<a href=\"https:\/\/biblian.is\/fraedsla\/ordtakasafn\/heilagur-andi\/\">Heilagur andi<\/a>&#8222;.<\/p>\n","protected":false},"excerpt":{"rendered":"<p>3.1\u00a0biskupsstarfi: Biskup er \u00e1 gr\u00edsku &#8222;ep\u00edsk\u00f3pos&#8220; sem merkir tilsj\u00f3narma\u00f0ur. Biskupar <a href=\"https:\/\/biblian.is\/fraedsla\/ritskyring\/fyrra-timoteusarbref-3-kafli\/\"> [&#8230;]<\/a><\/p>\n","protected":false},"author":1,"featured_media":0,"parent":4829,"menu_order":0,"comment_status":"closed","ping_status":"closed","template":"","meta":{"footnotes":""},"class_list":["post-5643","page","type-page","status-publish","hentry"],"_links":{"self":[{"href":"https:\/\/biblian.is\/fraedsla\/wp-json\/wp\/v2\/pages\/5643","targetHints":{"allow":["GET"]}}],"collection":[{"href":"https:\/\/biblian.is\/fraedsla\/wp-json\/wp\/v2\/pages"}],"about":[{"href":"https:\/\/biblian.is\/fraedsla\/wp-json\/wp\/v2\/types\/page"}],"author":[{"embeddable":true,"href":"https:\/\/biblian.is\/fraedsla\/wp-json\/wp\/v2\/users\/1"}],"replies":[{"embeddable":true,"href":"https:\/\/biblian.is\/fraedsla\/wp-json\/wp\/v2\/comments?post=5643"}],"version-history":[{"count":0,"href":"https:\/\/biblian.is\/fraedsla\/wp-json\/wp\/v2\/pages\/5643\/revisions"}],"up":[{"embeddable":true,"href":"https:\/\/biblian.is\/fraedsla\/wp-json\/wp\/v2\/pages\/4829"}],"wp:attachment":[{"href":"https:\/\/biblian.is\/fraedsla\/wp-json\/wp\/v2\/media?parent=5643"}],"curies":[{"name":"wp","href":"https:\/\/api.w.org\/{rel}","templated":true}]}}