{"id":5631,"date":"2019-06-17T14:16:17","date_gmt":"2019-06-17T14:16:17","guid":{"rendered":"https:\/\/biblian.is\/fraedsla\/?page_id=5631"},"modified":"2025-06-27T02:10:13","modified_gmt":"2025-06-27T02:10:13","slug":"sidara-thessalonikubref-1-kafli","status":"publish","type":"page","link":"https:\/\/biblian.is\/fraedsla\/ritskyring\/sidara-thessalonikubref-1-kafli\/","title":{"rendered":"S\u00ed\u00f0ara \u00deessalon\u00edkubr\u00e9f 1. kafli"},"content":{"rendered":"<p><strong>1.1\u00a0<\/strong><em>P\u00e1ll, Silvanus og T\u00edm\u00f3teus: <\/em>Sj\u00e1 athugagrein vi\u00f0 1\u00deess 1.1.<\/p>\n<p><strong>1.1\u00a0<\/strong><em>s\u00f6fnu\u00f0i: <\/em>Sj\u00e1 &#8222;<a href=\"https:\/\/biblian.is\/fraedsla\/ordtakasafn\/kirkjan\/\">Kirkjan<\/a>&#8222;.<\/p>\n<p><strong>1.1 <\/strong><em>\u00deessalon\u00edkumanna: <\/em>\u00deessalon\u00edka var st\u00f3r hafnar- og verslunarborg vi\u00f0 \u00derak\u00eduhaf, h\u00f6fu\u00f0borg r\u00f3mverska skattlandsins Maked\u00f3n\u00edu. Einn af hersh\u00f6f\u00f0ingjum Alexanders mikla stofna\u00f0i borgina \u00e1ri\u00f0 316 f. Kr. og nefndi hana eftir eiginkonu konungs, sem \u00deessalon\u00edka h\u00e9t. Borgin st\u00f3\u00f0 vi\u00f0 krossg\u00f6tur Egnat\u00edu-vegarins svonefnda og \u00fej\u00f3\u00f0lei\u00f0arinnar allt nor\u00f0ur a\u00f0 D\u00f3n\u00e1. \u00c1 d\u00f6gum P\u00e1ls voru \u00edb\u00faarnir um 200 \u00fe\u00fasund talsins og \u00ed \u00deessalon\u00edku var n\u00fdbygg\u00f0 Gy\u00f0inga, sem h\u00f6f\u00f0u reist s\u00e9r s\u00fdnag\u00f3gu (sj\u00e1 Post 17.1). Borgin var og mi\u00f0st\u00f6\u00f0 hei\u00f0innar gu\u00f0sd\u00fdrkunar Grikkja og Egypta.<\/p>\n<p><strong>1.1\u00a0<\/strong><em>Gu\u00f0i, f\u00f6\u00f0ur vorum og Drottni Jes\u00fa Kristi: <\/em>Jes\u00fas nefndi Gu\u00f0 oft &#8222;f\u00f6\u00f0ur&#8220; (sj\u00e1 t.d. J\u00f3h 14). P\u00e1ll gerir \u00fea\u00f0 l\u00edka \u00ed m\u00f6rgum br\u00e9fa sinna (R\u00f3m 1.7; 1Kor 1.3; Gal 1.2,3).<\/p>\n<p>Gr\u00edska or\u00f0i\u00f0 yfir &#8222;Drottinn&#8220; er &#8222;kyrios&#8220;, sem getur \u00fe\u00fdtt meistari og l\u00edka veri\u00f0 nota\u00f0 sem kurteisis\u00e1varp, sbr. &#8222;herra&#8220;. \u00deegar \u00fea\u00f0 er nota\u00f0 um Jes\u00fa, undirstrikar \u00fea\u00f0 vald hans og m\u00e1tt. &#8222;Kristur&#8220; \u00fe\u00fd\u00f0ir &#8222;hinn smur\u00f0i&#8220;, Mess\u00edas (hinn \u00fatvaldi). Sj\u00e1 og &#8222;<a href=\"https:\/\/biblian.is\/fraedsla\/ordtakasafn\/drottinn-eitt-af-virdingarnofnum-jesu\/\">Drottinn (nota\u00f0 um Jes\u00fa)<\/a>&#8222;.<\/p>\n<p><strong>1.4\u00a0<\/strong><em>miklast af ykkur \u00ed s\u00f6fnu\u00f0um Gu\u00f0s: <\/em>H\u00e9r \u00e1 P\u00e1ll tr\u00falega vi\u00f0 s\u00f6fnu\u00f0ina \u00ed Akkeu og Maked\u00f3n\u00edu (1\u00deess 1.7,8). \u00deessalon\u00edkumenn hafa veri\u00f0 st\u00f6\u00f0ugir \u00ed tr\u00fanni \u00fer\u00e1tt fyrir \u00ferengingar og ofs\u00f3knir, sem \u00feeir hafa m\u00e1tt \u00feola.<\/p>\n<p><strong>1.5 <\/strong><em>meta ykkur makleg Gu\u00f0s r\u00edkis: <\/em>P\u00e1ll heldur \u00fev\u00ed ekki fram, a\u00f0 \u00ferengingar s\u00e9u skilyr\u00f0i fyrir \u00fev\u00ed a\u00f0 menn gangi inn \u00ed Gu\u00f0s r\u00edki. Hann segir hins vegar, a\u00f0 l\u00edklegt s\u00e9 a\u00f0 l\u00e6risveinar Krists \u00feurfi a\u00f0 \u00feola \u00fej\u00e1ningar og erfi\u00f0leika.<\/p>\n<p><strong>1.6\u00a0<\/strong><em>endurgeldur \u00feeim&#8230;sem a\u00f0 ykkur \u00ferengja: <\/em>Hei\u00f0nir n\u00e1grannar \u00deessalon\u00edkumanna ofs\u00f3ttu \u00fe\u00e1 fyrir a\u00f0 hl\u00fd\u00f0a \u00e1 kenningar P\u00e1ls og sn\u00faast til tr\u00faar \u00e1 Jes\u00fa.<\/p>\n<p><strong>1.7,8\u00a0<\/strong><em>Drottinn Jes\u00fas opinberast&#8230;me\u00f0&#8230;englum s\u00ednum&#8230;\u00ed logandi eldi: <\/em>Sj\u00e1 athugagrein vi\u00f0 1\u00deess 1.10 (v\u00e6nti\u00f0 sonar hans) og &#8222;Englar&#8220; \u00e1 bls. 86. Sj\u00e1 og 1\u00deess 4.16. Oft fylgir eldur opinberun Gu\u00f0s (2M\u00f3s 3.2; 19.16-19; Slm 18.6-8; Es 1.4-28) e\u00f0a \u00feeim sta\u00f0, \u00fear sem illvirkjum er refsa\u00f0. Sj\u00e1 &#8222;<a href=\"https:\/\/biblian.is\/fraedsla\/ordtakasafn\/eldur\/\">Eldur<\/a>&#8220; og &#8222;<a href=\"https:\/\/biblian.is\/fraedsla\/ordtakasafn\/endurkoma-drottins-jesu\/\">Endurkoman<\/a>&#8222;.<\/p>\n<p><strong>1.9 <\/strong><em>eil\u00edfri gl\u00f6tun: <\/em>Afdrif \u00feeirra, sem tr\u00faa ekki \u00e1 Krist og lifa ekki Gu\u00f0i vel\u00fe\u00f3knanlegu l\u00edfi. Sj\u00e1 og R\u00f3m 2.7; 5.21; Gal 6.8 og 1\u00deess 5.3.<\/p>\n","protected":false},"excerpt":{"rendered":"<p>1.1\u00a0P\u00e1ll, Silvanus og T\u00edm\u00f3teus: Sj\u00e1 athugagrein vi\u00f0 1\u00deess 1.1. 1.1\u00a0s\u00f6fnu\u00f0i: <a href=\"https:\/\/biblian.is\/fraedsla\/ritskyring\/sidara-thessalonikubref-1-kafli\/\"> [&#8230;]<\/a><\/p>\n","protected":false},"author":1,"featured_media":0,"parent":4829,"menu_order":0,"comment_status":"closed","ping_status":"closed","template":"","meta":{"footnotes":""},"class_list":["post-5631","page","type-page","status-publish","hentry"],"_links":{"self":[{"href":"https:\/\/biblian.is\/fraedsla\/wp-json\/wp\/v2\/pages\/5631","targetHints":{"allow":["GET"]}}],"collection":[{"href":"https:\/\/biblian.is\/fraedsla\/wp-json\/wp\/v2\/pages"}],"about":[{"href":"https:\/\/biblian.is\/fraedsla\/wp-json\/wp\/v2\/types\/page"}],"author":[{"embeddable":true,"href":"https:\/\/biblian.is\/fraedsla\/wp-json\/wp\/v2\/users\/1"}],"replies":[{"embeddable":true,"href":"https:\/\/biblian.is\/fraedsla\/wp-json\/wp\/v2\/comments?post=5631"}],"version-history":[{"count":0,"href":"https:\/\/biblian.is\/fraedsla\/wp-json\/wp\/v2\/pages\/5631\/revisions"}],"up":[{"embeddable":true,"href":"https:\/\/biblian.is\/fraedsla\/wp-json\/wp\/v2\/pages\/4829"}],"wp:attachment":[{"href":"https:\/\/biblian.is\/fraedsla\/wp-json\/wp\/v2\/media?parent=5631"}],"curies":[{"name":"wp","href":"https:\/\/api.w.org\/{rel}","templated":true}]}}

Síðara Þessaloníkubréf 1. kafli

<p><strong>1.1 </strong><em>Páll, Silvanus og Tímóteus: </em>Sjá athugagrein við 1Þess 1.1.</p>
<p><strong>1.1 </strong><em>söfnuði: </em>Sjá &#8222;<a href="https://biblian.is/fraedsla/ordtakasafn/kirkjan/">Kirkjan</a>&#8222;.</p>
<p><strong>1.1 </strong><em>Þessaloníkumanna: </em>Þessaloníka var stór hafnar- og verslunarborg við Þrakíuhaf, höfuðborg rómverska skattlandsins Makedóníu. Einn af hershöfðingjum Alexanders mikla stofnaði borgina árið 316 f. Kr. og nefndi hana eftir eiginkonu konungs, sem Þessaloníka hét. Borgin stóð við krossgötur Egnatíu-vegarins svonefnda og þjóðleiðarinnar allt norður að Dóná. Á dögum Páls voru íbúarnir um 200 þúsund talsins og í Þessaloníku var nýbyggð Gyðinga, sem höfðu reist sér sýnagógu (sjá Post 17.1). Borgin var og miðstöð heiðinnar guðsdýrkunar Grikkja og Egypta.</p>
<p><strong>1.1 </strong><em>Guði, föður vorum og Drottni Jesú Kristi: </em>Jesús nefndi Guð oft &#8222;föður&#8220; (sjá t.d. Jóh 14). Páll gerir það líka í mörgum bréfa sinna (Róm 1.7; 1Kor 1.3; Gal 1.2,3).</p>
<p>Gríska orðið yfir &#8222;Drottinn&#8220; er &#8222;kyrios&#8220;, sem getur þýtt meistari og líka verið notað sem kurteisisávarp, sbr. &#8222;herra&#8220;. Þegar það er notað um Jesú, undirstrikar það vald hans og mátt. &#8222;Kristur&#8220; þýðir &#8222;hinn smurði&#8220;, Messías (hinn útvaldi). Sjá og &#8222;<a href="https://biblian.is/fraedsla/ordtakasafn/drottinn-eitt-af-virdingarnofnum-jesu/">Drottinn (notað um Jesú)</a>&#8222;.</p>
<p><strong>1.4 </strong><em>miklast af ykkur í söfnuðum Guðs: </em>Hér á Páll trúlega við söfnuðina í Akkeu og Makedóníu (1Þess 1.7,8). Þessaloníkumenn hafa verið stöðugir í trúnni þrátt fyrir þrengingar og ofsóknir, sem þeir hafa mátt þola.</p>
<p><strong>1.5 </strong><em>meta ykkur makleg Guðs ríkis: </em>Páll heldur því ekki fram, að þrengingar séu skilyrði fyrir því að menn gangi inn í Guðs ríki. Hann segir hins vegar, að líklegt sé að lærisveinar Krists þurfi að þola þjáningar og erfiðleika.</p>
<p><strong>1.6 </strong><em>endurgeldur þeim&#8230;sem að ykkur þrengja: </em>Heiðnir nágrannar Þessaloníkumanna ofsóttu þá fyrir að hlýða á kenningar Páls og snúast til trúar á Jesú.</p>
<p><strong>1.7,8 </strong><em>Drottinn Jesús opinberast&#8230;með&#8230;englum sínum&#8230;í logandi eldi: </em>Sjá athugagrein við 1Þess 1.10 (væntið sonar hans) og &#8222;Englar&#8220; á bls. 86. Sjá og 1Þess 4.16. Oft fylgir eldur opinberun Guðs (2Mós 3.2; 19.16-19; Slm 18.6-8; Es 1.4-28) eða þeim stað, þar sem illvirkjum er refsað. Sjá &#8222;<a href="https://biblian.is/fraedsla/ordtakasafn/eldur/">Eldur</a>&#8220; og &#8222;<a href="https://biblian.is/fraedsla/ordtakasafn/endurkoma-drottins-jesu/">Endurkoman</a>&#8222;.</p>
<p><strong>1.9 </strong><em>eilífri glötun: </em>Afdrif þeirra, sem trúa ekki á Krist og lifa ekki Guði velþóknanlegu lífi. Sjá og Róm 2.7; 5.21; Gal 6.8 og 1Þess 5.3.</p>

<p>1.1 Páll, Silvanus og Tímóteus: Sjá athugagrein við 1Þess 1.1. 1.1 söfnuði: <a href="https://biblian.is/fraedsla/ritskyring/sidara-thessalonikubref-1-kafli/"> [&#8230;]</a></p>
