{"id":5592,"date":"2019-06-17T13:41:12","date_gmt":"2019-06-17T13:41:12","guid":{"rendered":"https:\/\/biblian.is\/fraedsla\/?page_id=5592"},"modified":"2026-04-17T13:01:08","modified_gmt":"2026-04-17T13:01:08","slug":"efesusbrefid-2-kafli","status":"publish","type":"page","link":"https:\/\/biblian.is\/fraedsla\/ritskyring\/efesusbrefid-2-kafli\/","title":{"rendered":"Efesusbr\u00e9fi\u00f0 2. kafli"},"content":{"rendered":"<p><strong>2.1 <\/strong><em>dau\u00f0 vegna afbrota ykkar: <\/em>Sj\u00e1 athugagrein vi\u00f0 1.7-8. Synd skilur okkur fr\u00e1 Gu\u00f0i og \u00f6\u00f0rum m\u00f6nnum. Laun syndarinnar eru dau\u00f0i (R\u00f3m 5.12; 6.23).<\/p>\n<p><strong>2.2 <\/strong><em>samkv\u00e6mt aldarh\u00e6tti \u00feessa heims&#8230;valdhafans \u00ed loftinu: <\/em>&#8222;Heimurinn&#8220; er \u00ed munni P\u00e1ls \u00f6flin sem standa gegn Gu\u00f0i (R\u00f3m 12.2, Gal 4.3; 6.14). Sj\u00e1 og J\u00f3h 15.18,19. &#8222;Valdhafinn \u00ed loftinu, andi \u00feess, sem n\u00fa verkar \u00ed \u00feeim, sem ekki tr\u00faa&#8220; er dj\u00f6fullinn, \u00f6\u00f0ru nafni Satan, foringi illu aflanna.<\/p>\n<p><strong>2.4-5 <\/strong><em>dau\u00f0 vegna misgj\u00f6r\u00f0a okkar: <\/em>Sj\u00e1 athugagrein vi\u00f0 2.1.<\/p>\n<p><strong>2.4-5 <\/strong><em>af n\u00e1\u00f0 eru\u00f0 \u00fei\u00f0 h\u00f3lpin or\u00f0in: <\/em>Sj\u00e1 athugagrein vi\u00f0 1.13 (fagna\u00f0arerindi\u00f0 um s\u00e1luhj\u00e1lp y\u00f0ar).<\/p>\n<p><strong>2.6\u00a0<\/strong><em>reisti okkur upp me\u00f0 Kristi Jes\u00fa og bj\u00f3 okkur sta\u00f0 hj\u00e1 honum \u00ed himinh\u00e6\u00f0um: <\/em>Hj\u00e1 P\u00e1li er upprisan til l\u00edfsins n\u00fdja oft framundan (R\u00f3m 6.5-8; 8.18-25; 1Kor 15; Fil 3.11). H\u00e9r \u00e1 hann v\u00edsast vi\u00f0 \u00fea\u00f0 n\u00fdja l\u00edf sem gefst \u00ed sk\u00edrninni (R\u00f3m 6.3,4; K\u00f3l 2.12). Sj\u00e1 athugagrein vi\u00f0 1.3 (andlegri blessun himinsins).<\/p>\n<p><strong>2.11 <\/strong><em>hei\u00f0ingjar: <\/em>Sj\u00e1 &#8222;<a href=\"https:\/\/biblian.is\/fraedsla\/ordtakasafn\/heidingjarnir\/\">Hei\u00f0ingjarnir<\/a>&#8220; og athugagrein vi\u00f0 1.12.<\/p>\n<p><strong>2.11\u00a0<\/strong><em>umskornir:<\/em>Sj\u00e1 &#8222;<a href=\"https:\/\/biblian.is\/fraedsla\/ordtakasafn\/umskurn\/\">Umskurn<\/a>&#8222;.<\/p>\n<p><strong>2.13\u00a0<\/strong><em>fyrir bl\u00f3\u00f0 hans: <\/em>Sj\u00e1 athugagrein vi\u00f0 1.7,8.<\/p>\n<p><strong>2.14\u00a0<\/strong><em>hei\u00f0ingja og \u00cdsraelsmenn: <\/em>Sumir Gy\u00f0ingar skildu l\u00f6gm\u00e1l M\u00f3se svo, a\u00f0 \u00feeir \u00e6ttu alls ekki a\u00f0 hafa neinn samgang vi\u00f0 hei\u00f0ingja. Jes\u00fas lag\u00f0i l\u00edf sitt \u00ed s\u00f6lurnar til \u00feess a\u00f0 b\u00e6\u00f0i Gy\u00f0ingar og hei\u00f0ingjar yr\u00f0u heimamenn Gu\u00f0s (2.15).<\/p>\n<p><strong>2.15\u00a0<\/strong><em>l\u00f6gm\u00e1li\u00f0: <\/em>\u00de\u00f3tt h\u00f6fundur Efesusbr\u00e9fsins segi, a\u00f0 Jes\u00fas hafi &#8222;afm\u00e1\u00f0&#8220; l\u00f6gm\u00e1li\u00f0, m\u00e1 \u00ed \u00f6\u00f0rum br\u00e9fum N\u00fdja testamentis lesa, a\u00f0 tr\u00fain \u00e1 Jes\u00fa geri l\u00f6gm\u00e1li\u00f0 ekki a\u00f0 engu, heldur sta\u00f0festi h\u00fan \u00fea\u00f0, \u00fe.e. s\u00fdni fram \u00e1 a\u00f0 menn geti or\u00f0i\u00f0 a\u00f0 s\u00f6nnu hl\u00fd\u00f0nir (R\u00f3m 3.31; K\u00f3l 2.14). En \u00fe\u00f3tt l\u00f6gm\u00e1l Drottins s\u00e9 heilagt og gott, \u00fe\u00e1 r\u00e9ttl\u00e6tist enginn ma\u00f0ur af l\u00f6gm\u00e1lsverkum. L\u00f6gm\u00e1li\u00f0 kennir hva\u00f0 s\u00e9 synd (R\u00f3m 3.20; 7.7-12; Gal3.12-14; 2.15,16).<\/p>\n<p><strong>2.16 <\/strong><em>\u00e1 krossi: <\/em>Jes\u00fas var l\u00edfl\u00e1tinn me\u00f0 krossfestingu. Sj\u00e1 Matt 27.31-54 og &#8222;<a href=\"https:\/\/biblian.is\/fraedsla\/ordtakasafn\/krossfesting\/\">Krossfesting<\/a>&#8222;.<\/p>\n<p><strong>2.18 <\/strong>f\u00f6\u00f0urinn&#8230;anda: Sj\u00e1 athugagrein vi\u00f0 1.2 (Gu\u00f0i f\u00f6\u00f0ur vorum) og &#8222;<a href=\"https:\/\/biblian.is\/fraedsla\/ordtakasafn\/heilagur-andi\/\">Heilagur andi<\/a>&#8222;.<\/p>\n<p><strong>2.20\u00a0<\/strong><em>postulana og sp\u00e1mennina: <\/em>Postularnir voru \u00feeir t\u00f3lf, sem Jes\u00fas valdi \u00far h\u00f3pi l\u00e6risveina sinna til \u00feess a\u00f0 bo\u00f0a fagna\u00f0arerindi\u00f0 \u00f6llum heimi. Sp\u00e1menn \u00cdsraels\u00fej\u00f3\u00f0arinnar voru sendibo\u00f0ar, er m\u00e6ltu fyrir munn Drottins, \u00e1 t\u00edmabilinu 800 til 400 f. Kr. \u00de\u00e1 voru \u00feeir og nefndir sp\u00e1menn, sem hloti\u00f0 h\u00f6f\u00f0u af heil\u00f6gum anda h\u00e6fileika sp\u00e1d\u00f3msg\u00e1funnar (3.5; 4.11; sj\u00e1 og 1Kor 12.7-11).<\/p>\n<p><strong>2.20-21 <\/strong><em>bygging&#8230;heilagt musteri \u00ed Drottni: <\/em>Musteri\u00f0 \u00ed Jer\u00fasalem var h\u00fas Drottins, mi\u00f0st\u00f6\u00f0 helgihalds \u00ed \u00cdsrael. \u00cd musterinu \u00e1tti Gu\u00f0 heima (2Kro 5.11-6.2; Hab 2.20). P\u00e1ll segir, a\u00f0 \u00feeir sem \u00f6\u00f0last hafi gj\u00f6f heilags anda, s\u00e9u n\u00fa heilagt musteri Gu\u00f0s (1Kor 3.16,17). \u00deeir eru heilagir vegna samf\u00e9lagsins vi\u00f0 Drottin.<\/p>\n","protected":false},"excerpt":{"rendered":"<p>2.1 dau\u00f0 vegna afbrota ykkar: Sj\u00e1 athugagrein vi\u00f0 1.7-8. Synd <a href=\"https:\/\/biblian.is\/fraedsla\/ritskyring\/efesusbrefid-2-kafli\/\"> [&#8230;]<\/a><\/p>\n","protected":false},"author":1,"featured_media":0,"parent":4829,"menu_order":0,"comment_status":"closed","ping_status":"closed","template":"","meta":{"footnotes":""},"class_list":["post-5592","page","type-page","status-publish","hentry"],"_links":{"self":[{"href":"https:\/\/biblian.is\/fraedsla\/wp-json\/wp\/v2\/pages\/5592","targetHints":{"allow":["GET"]}}],"collection":[{"href":"https:\/\/biblian.is\/fraedsla\/wp-json\/wp\/v2\/pages"}],"about":[{"href":"https:\/\/biblian.is\/fraedsla\/wp-json\/wp\/v2\/types\/page"}],"author":[{"embeddable":true,"href":"https:\/\/biblian.is\/fraedsla\/wp-json\/wp\/v2\/users\/1"}],"replies":[{"embeddable":true,"href":"https:\/\/biblian.is\/fraedsla\/wp-json\/wp\/v2\/comments?post=5592"}],"version-history":[{"count":0,"href":"https:\/\/biblian.is\/fraedsla\/wp-json\/wp\/v2\/pages\/5592\/revisions"}],"up":[{"embeddable":true,"href":"https:\/\/biblian.is\/fraedsla\/wp-json\/wp\/v2\/pages\/4829"}],"wp:attachment":[{"href":"https:\/\/biblian.is\/fraedsla\/wp-json\/wp\/v2\/media?parent=5592"}],"curies":[{"name":"wp","href":"https:\/\/api.w.org\/{rel}","templated":true}]}}