{"id":5578,"date":"2019-06-16T01:40:49","date_gmt":"2019-06-16T01:40:49","guid":{"rendered":"https:\/\/biblian.is\/fraedsla\/?page_id=5578"},"modified":"2026-04-17T13:01:10","modified_gmt":"2026-04-17T13:01:10","slug":"galatabrefid-1-kafli","status":"publish","type":"page","link":"https:\/\/biblian.is\/fraedsla\/ritskyring\/galatabrefid-1-kafli\/","title":{"rendered":"Galatabr\u00e9fi\u00f0 1. kafli"},"content":{"rendered":"<h3>P\u00e1ll \u00e1r\u00e9ttar postulad\u00f3m sinn og kenningu<\/h3>\n<p>Til voru \u00feeir \u00ed s\u00f6fnu\u00f0um Galatalands, sem b\u00e1ru brig\u00f0ur \u00e1 a\u00f0 sj\u00e1lfur Gu\u00f0 hef\u00f0i \u00fatvali\u00f0 P\u00e1l til \u00feess a\u00f0 ver\u00f0a bo\u00f0beri fagna\u00f0arerindisins um Jes\u00fa Krist. Framan af br\u00e9finu (1,2) f\u00e6st P\u00e1ll vi\u00f0 \u00feessar efasemdir, heldur \u00fev\u00ed fram, a\u00f0 bo\u00f0skapur sinn s\u00e9 beint fr\u00e1 Jes\u00fa Kristi kominn (1.12) og Gu\u00f0 hafi \u00fatvali\u00f0 sig til \u00feess a\u00f0 pr\u00e9dika hei\u00f0ingjum fagna\u00f0arerindi\u00f0 (1.15,16).<\/p>\n<p><em>P\u00e1ll postuli: <\/em>Or\u00f0i\u00f0 &#8222;postuli&#8220; \u00fe\u00fd\u00f0ir ma\u00f0ur, sem einhver hefur sent og fali\u00f0 \u00e1kve\u00f0i\u00f0 verkefni. \u00cd N\u00fdja testamenti merkir or\u00f0i\u00f0 \u00feann, sem Gu\u00f0 hefur vali\u00f0 til \u00feess a\u00f0 \u00fatbrei\u00f0a fagna\u00f0arerindi\u00f0 um Jes\u00fa Krist. P\u00e1ll heldur fast vi\u00f0 \u00fea\u00f0, a\u00f0 sj\u00e1lfur Gu\u00f0 en ekki ma\u00f0ur, hafi fali\u00f0 honum \u00feetta hlutverk. Sj\u00e1 &#8222;<a href=\"https:\/\/biblian.is\/fraedsla\/ordtakasafn\/pall-sal-fra-tarsus\/\">P\u00e1ll (S\u00e1l) fr\u00e1 Tarsus<\/a>&#8222;.<\/p>\n<p><em>Galataland: <\/em>H\u00e9ra\u00f0 \u00ed mi\u00f0ri Litlu-As\u00edu. \u00deanga\u00f0 kom P\u00e1ll \u00e1 kristnibo\u00f0sfer\u00f0um s\u00ednum (sj\u00e1 Post 13-14.23; 16.6; 18.23). Nafn sitt dregur landsv\u00e6\u00f0i\u00f0 af keltneskum \u00fej\u00f3\u00f0flokki, sem r\u00e9\u00f0i fyrir st\u00f3rum hluta \u00feess \u00e1 2. \u00f6ld f. Kr. og nefndist &#8222;Gallar.&#8220;<\/p>\n<p><em>Jer\u00fasaelm, Damaskus, Arab\u00eda: <\/em>Jer\u00fasalem var mi\u00f0st\u00f6\u00f0 gu\u00f0sd\u00fdrkunar \u00cdsraelsmanna. Fyrstu l\u00e6risveinar Jes\u00fa voru Gy\u00f0ingar. \u00deess vegna \u00e1ttu margir lei\u00f0togar frumkirkjunnar heima \u00ed Jer\u00fasalem og n\u00e1grenni.<\/p>\n<p>Damaskus var mikil verslunarborg \u00e1 S\u00fdrlandi. \u00deanga\u00f0 l\u00e1gu \u00fej\u00f3\u00f0brautir og \u00feanga\u00f0 barst bo\u00f0skapurinn um Jes\u00fa og \u00fear fj\u00f6lga\u00f0i l\u00e6risveinum hans. Afturhvarf P\u00e1ls var\u00f0 \u00e1 lei\u00f0inni til Damaskus, er hann var \u00e1 lei\u00f0 \u00feanga\u00f0 til \u00feess a\u00f0 ofs\u00e6kja hina kristnu. \u00de\u00e1 leiftra\u00f0i um hann lj\u00f3s af himni og Jes\u00fas vitra\u00f0ist honum. Hann var\u00f0 aldrei samur eftir.<\/p>\n<p>P\u00e1ll dvaldi \u00ed Arab\u00edu um hr\u00ed\u00f0, l\u00edklega \u00ed Nabateu, en svo heitir landsv\u00e6\u00f0i fyrir sunnan Damaskus og fyrir austan \u00e1na J\u00f3rdan. \u00deanga\u00f0 kann P\u00e1ll a\u00f0 hafa fl\u00fai\u00f0 undan Gy\u00f0ingum sem vildu hann feigan af \u00fev\u00ed a\u00f0 hann pr\u00e9dika\u00f0i Krist (Post 9.22,23).<\/p>\n<p><strong>1.1-2\u00a0<\/strong><em>P\u00e1ll postuli: <\/em>Sj\u00e1 athugagrein um <a href=\"https:\/\/biblian.is\/fraedsla\/ordtakasafn\/pall-sal-fra-tarsus\/\">P\u00e1l postula<\/a>.<\/p>\n<p><strong>1.1-2\u00a0<\/strong><em>s\u00f6fnu\u00f0unum: <\/em>Sj\u00e1 &#8222;<a href=\"https:\/\/biblian.is\/fraedsla\/ordtakasafn\/kirkjan\/\">Kirkjan<\/a>&#8222;.<\/p>\n<p><strong>1.3\u00a0<\/strong><em>Gu\u00f0i f\u00f6\u00f0ur og Drottni vorum Jes\u00fa Kristi: <\/em>\u00cd m\u00f6rgum br\u00e9fa sinna kallar P\u00e1ll Gu\u00f0 &#8222;f\u00f6\u00f0ur&#8220; (1Kor 1.3; Gal 1.2,3; Fil .1.2). Sj\u00e1\u00a0&#8222;<a href=\"https:\/\/biblian.is\/fraedsla\/ordtakasafn\/drottinn-eitt-af-virdingarnofnum-jesu\/\">Drottinn (nota\u00f0 um Jes\u00fa)<\/a>&#8222;.<\/p>\n<p><strong>1.4 <\/strong><em>syndir: <\/em>Synd er a\u00f0 sn\u00faa baki vi\u00f0 Gu\u00f0i og \u00f3hl\u00fd\u00f0nast bo\u00f0um hans. Sj\u00e1 og &#8222;<a href=\"https:\/\/biblian.is\/fraedsla\/ordtakasafn\/synd\/\">Synd<\/a>&#8222;.<\/p>\n<p><strong>1.5\u00a0<\/strong><em>Amen: <\/em>Hebreska or\u00f0i\u00f0 &#8222;amen&#8220; \u00fe\u00fd\u00f0ir &#8222;j\u00e1, \u00fea\u00f0 er vissulega satt.&#8220;<\/p>\n<p><strong>1.6\u00a0<\/strong><em>til annars konar fagna\u00f0arerindis: <\/em>\u00deetta &#8222;annars konar fagna\u00f0arerindi&#8220; f\u00f3l \u00ed s\u00e9r, a\u00f0 \u00feeir sem ekki v\u00e6ru Gy\u00f0ingar en t\u00e6kju kristna tr\u00fa \u00feyrftu a\u00f0 l\u00e1ta umskerast og lifa samkv\u00e6mt l\u00f6gum M\u00f3se (3.1-5; 10,11; 5.1-6).<\/p>\n<p><strong>1.7 <\/strong>e<em>inhverjir a\u00f0 trufla ykkur: <\/em>Falsbo\u00f0endur kenndu, a\u00f0 \u00feeir sem ekki v\u00e6ru Gy\u00f0ingar en t\u00e6kju kristna tr\u00fa yr\u00f0u a\u00f0 fara a\u00f0 \u00fdmsum helgisi\u00f0um Gy\u00f0inga, m.a. a\u00f0 l\u00e1ta umskerast. \u00deeir h\u00e9ldu \u00fev\u00ed a\u00f0 Galatam\u00f6nnum, a\u00f0 P\u00e1ll b\u00e6ri ekki postulanafn me\u00f0 r\u00e9ttu, af \u00fev\u00ed a\u00f0 hann seg\u00f0i hei\u00f0ingja hvorki bundna af l\u00f6gm\u00e1li M\u00f3se n\u00e9 heldur af erfikenningu og si\u00f0um Gy\u00f0inga.<\/p>\n<p><strong>1.10\u00a0<\/strong><em>Er \u00e9g a\u00f0 leitast vi\u00f0 a\u00f0 \u00fe\u00f3knast m\u00f6nnum?<\/em>Vera m\u00e1, a\u00f0 P\u00e1ll hafi veri\u00f0 saka\u00f0ur um l\u00fd\u00f0skrum af \u00fev\u00ed a\u00f0 hann vildi ekki krefjast \u00feess af karlm\u00f6nnum me\u00f0al hei\u00f0in-kristinna a\u00f0 \u00feeir l\u00e9tu umskerast, en umskurn var t\u00e1kn s\u00e1ttm\u00e1la Gu\u00f0s vi\u00f0 Abrahams \u00e6ttf\u00f6\u00f0ur. Sj\u00e1 &#8222;<a href=\"https:\/\/biblian.is\/fraedsla\/ordtakasafn\/umskurn\/\">Umskurn<\/a>&#8222;.<\/p>\n<p><strong>1.12 <\/strong><em>heldur hefur Jes\u00fas Kristur opinbera\u00f0 m\u00e9r \u00fea\u00f0: <\/em>Afturhvarfi P\u00e1ls er l\u00fdst \u00ed Post 9.1-18.<\/p>\n<p><strong>1.13,14\u00a0<\/strong><em>ofs\u00f3tti kirkju Gu\u00f0s&#8230;miklu vandl\u00e1tari um erfikenningu: <\/em>P\u00e1ll haf\u00f0i ofs\u00f3tt kristna menn (Post 8.1-3; 22.3-5; 26.9-11) af \u00fev\u00ed a\u00f0 hann taldi \u00fe\u00e1 f\u00f3tumtro\u00f0a tr\u00fa og si\u00f0i Gy\u00f0inga.<\/p>\n<p><strong>1.16\u00a0<\/strong><em>hei\u00f0ingjunum: <\/em>Gy\u00f0ingar k\u00f6llu\u00f0u a\u00f0rar \u00fej\u00f3\u00f0ir hei\u00f0ingja. Sj\u00e1 Post 9.15; 13.44-48 og &#8222;<a href=\"https:\/\/biblian.is\/fraedsla\/ordtakasafn\/heidingjarnir\/\">Hei\u00f0ingjarnir<\/a>&#8222;.<\/p>\n<p><strong>1.17,18\u00a0<\/strong><em>Arab\u00edu&#8230;Damaskus&#8230;Jer\u00fasalem:<\/em>\u00a0<span style=\"color: #ff0000;\"><strong>Athugagrein um Jer\u00fasalem, Damaskus, og Arab\u00edu vantar.<\/strong><\/span><\/p>\n<p><strong>1.18\u00a0<\/strong><em>Kefas:<\/em>Arame\u00edska nafni\u00f0 &#8222;Kefas&#8220; \u00fe\u00fd\u00f0ir klettur. \u00dea\u00f0 er \u00e1 gr\u00edsku &#8222;Petros&#8220;, \u00fe.e. P\u00e9tur. P\u00e9tur, postuli Jes\u00fa, var einn helsti lei\u00f0togi frumkirkjunnar (sj\u00e1 Matt 16.13-20).<\/p>\n<p><strong>1.21 <\/strong><em>h\u00e9ru\u00f0 S\u00fdrlands og Kilik\u00edu: <\/em>P\u00e1ll f\u00e6ddist \u00ed Tarsus \u00ed Kilik\u00edu (Post 9.11; 22.3), en \u00fear bar miki\u00f0 \u00e1 tr\u00fa og si\u00f0um Grikkja.<\/p>\n<p><strong>1.22 <\/strong><em>J\u00fadeu: <\/em>Fyrstu, kristnu s\u00f6fnu\u00f0irnir ur\u00f0u til \u00ed Jer\u00fasalem \u00ed J\u00fadeu. Jes\u00fas var krossfestur \u00ed Jer\u00fasalem. Hann var reistur upp fr\u00e1 dau\u00f0um \u00e1 \u00feri\u00f0ja degi.<\/p>\n","protected":false},"excerpt":{"rendered":"<p>P\u00e1ll \u00e1r\u00e9ttar postulad\u00f3m sinn og kenningu Til voru \u00feeir \u00ed <a href=\"https:\/\/biblian.is\/fraedsla\/ritskyring\/galatabrefid-1-kafli\/\"> [&#8230;]<\/a><\/p>\n","protected":false},"author":1,"featured_media":0,"parent":4829,"menu_order":0,"comment_status":"closed","ping_status":"closed","template":"","meta":{"footnotes":""},"class_list":["post-5578","page","type-page","status-publish","hentry"],"_links":{"self":[{"href":"https:\/\/biblian.is\/fraedsla\/wp-json\/wp\/v2\/pages\/5578","targetHints":{"allow":["GET"]}}],"collection":[{"href":"https:\/\/biblian.is\/fraedsla\/wp-json\/wp\/v2\/pages"}],"about":[{"href":"https:\/\/biblian.is\/fraedsla\/wp-json\/wp\/v2\/types\/page"}],"author":[{"embeddable":true,"href":"https:\/\/biblian.is\/fraedsla\/wp-json\/wp\/v2\/users\/1"}],"replies":[{"embeddable":true,"href":"https:\/\/biblian.is\/fraedsla\/wp-json\/wp\/v2\/comments?post=5578"}],"version-history":[{"count":0,"href":"https:\/\/biblian.is\/fraedsla\/wp-json\/wp\/v2\/pages\/5578\/revisions"}],"up":[{"embeddable":true,"href":"https:\/\/biblian.is\/fraedsla\/wp-json\/wp\/v2\/pages\/4829"}],"wp:attachment":[{"href":"https:\/\/biblian.is\/fraedsla\/wp-json\/wp\/v2\/media?parent=5578"}],"curies":[{"name":"wp","href":"https:\/\/api.w.org\/{rel}","templated":true}]}}

Galatabréfið 1. kafli

<h3>Páll áréttar postuladóm sinn og kenningu</h3>
<p>Til voru þeir í söfnuðum Galatalands, sem báru brigður á að sjálfur Guð hefði útvalið Pál til þess að verða boðberi fagnaðarerindisins um Jesú Krist. Framan af bréfinu (1,2) fæst Páll við þessar efasemdir, heldur því fram, að boðskapur sinn sé beint frá Jesú Kristi kominn (1.12) og Guð hafi útvalið sig til þess að prédika heiðingjum fagnaðarerindið (1.15,16).</p>
<p><em>Páll postuli: </em>Orðið &#8222;postuli&#8220; þýðir maður, sem einhver hefur sent og falið ákveðið verkefni. Í Nýja testamenti merkir orðið þann, sem Guð hefur valið til þess að útbreiða fagnaðarerindið um Jesú Krist. Páll heldur fast við það, að sjálfur Guð en ekki maður, hafi falið honum þetta hlutverk. Sjá &#8222;<a href="https://biblian.is/fraedsla/ordtakasafn/pall-sal-fra-tarsus/">Páll (Sál) frá Tarsus</a>&#8222;.</p>
<p><em>Galataland: </em>Hérað í miðri Litlu-Asíu. Þangað kom Páll á kristniboðsferðum sínum (sjá Post 13-14.23; 16.6; 18.23). Nafn sitt dregur landsvæðið af keltneskum þjóðflokki, sem réði fyrir stórum hluta þess á 2. öld f. Kr. og nefndist &#8222;Gallar.&#8220;</p>
<p><em>Jerúsaelm, Damaskus, Arabía: </em>Jerúsalem var miðstöð guðsdýrkunar Ísraelsmanna. Fyrstu lærisveinar Jesú voru Gyðingar. Þess vegna áttu margir leiðtogar frumkirkjunnar heima í Jerúsalem og nágrenni.</p>
<p>Damaskus var mikil verslunarborg á Sýrlandi. Þangað lágu þjóðbrautir og þangað barst boðskapurinn um Jesú og þar fjölgaði lærisveinum hans. Afturhvarf Páls varð á leiðinni til Damaskus, er hann var á leið þangað til þess að ofsækja hina kristnu. Þá leiftraði um hann ljós af himni og Jesús vitraðist honum. Hann varð aldrei samur eftir.</p>
<p>Páll dvaldi í Arabíu um hríð, líklega í Nabateu, en svo heitir landsvæði fyrir sunnan Damaskus og fyrir austan ána Jórdan. Þangað kann Páll að hafa flúið undan Gyðingum sem vildu hann feigan af því að hann prédikaði Krist (Post 9.22,23).</p>
<p><strong>1.1-2 </strong><em>Páll postuli: </em>Sjá athugagrein um <a href="https://biblian.is/fraedsla/ordtakasafn/pall-sal-fra-tarsus/">Pál postula</a>.</p>
<p><strong>1.1-2 </strong><em>söfnuðunum: </em>Sjá &#8222;<a href="https://biblian.is/fraedsla/ordtakasafn/kirkjan/">Kirkjan</a>&#8222;.</p>
<p><strong>1.3 </strong><em>Guði föður og Drottni vorum Jesú Kristi: </em>Í mörgum bréfa sinna kallar Páll Guð &#8222;föður&#8220; (1Kor 1.3; Gal 1.2,3; Fil .1.2). Sjá &#8222;<a href="https://biblian.is/fraedsla/ordtakasafn/drottinn-eitt-af-virdingarnofnum-jesu/">Drottinn (notað um Jesú)</a>&#8222;.</p>
<p><strong>1.4 </strong><em>syndir: </em>Synd er að snúa baki við Guði og óhlýðnast boðum hans. Sjá og &#8222;<a href="https://biblian.is/fraedsla/ordtakasafn/synd/">Synd</a>&#8222;.</p>
<p><strong>1.5 </strong><em>Amen: </em>Hebreska orðið &#8222;amen&#8220; þýðir &#8222;já, það er vissulega satt.&#8220;</p>
<p><strong>1.6 </strong><em>til annars konar fagnaðarerindis: </em>Þetta &#8222;annars konar fagnaðarerindi&#8220; fól í sér, að þeir sem ekki væru Gyðingar en tækju kristna trú þyrftu að láta umskerast og lifa samkvæmt lögum Móse (3.1-5; 10,11; 5.1-6).</p>
<p><strong>1.7 </strong>e<em>inhverjir að trufla ykkur: </em>Falsboðendur kenndu, að þeir sem ekki væru Gyðingar en tækju kristna trú yrðu að fara að ýmsum helgisiðum Gyðinga, m.a. að láta umskerast. Þeir héldu því að Galatamönnum, að Páll bæri ekki postulanafn með réttu, af því að hann segði heiðingja hvorki bundna af lögmáli Móse né heldur af erfikenningu og siðum Gyðinga.</p>
<p><strong>1.10 </strong><em>Er ég að leitast við að þóknast mönnum?</em>Vera má, að Páll hafi verið sakaður um lýðskrum af því að hann vildi ekki krefjast þess af karlmönnum meðal heiðin-kristinna að þeir létu umskerast, en umskurn var tákn sáttmála Guðs við Abrahams ættföður. Sjá &#8222;<a href="https://biblian.is/fraedsla/ordtakasafn/umskurn/">Umskurn</a>&#8222;.</p>
<p><strong>1.12 </strong><em>heldur hefur Jesús Kristur opinberað mér það: </em>Afturhvarfi Páls er lýst í Post 9.1-18.</p>
<p><strong>1.13,14 </strong><em>ofsótti kirkju Guðs&#8230;miklu vandlátari um erfikenningu: </em>Páll hafði ofsótt kristna menn (Post 8.1-3; 22.3-5; 26.9-11) af því að hann taldi þá fótumtroða trú og siði Gyðinga.</p>
<p><strong>1.16 </strong><em>heiðingjunum: </em>Gyðingar kölluðu aðrar þjóðir heiðingja. Sjá Post 9.15; 13.44-48 og &#8222;<a href="https://biblian.is/fraedsla/ordtakasafn/heidingjarnir/">Heiðingjarnir</a>&#8222;.</p>
<p><strong>1.17,18 </strong><em>Arabíu&#8230;Damaskus&#8230;Jerúsalem:</em> <span style="color: #ff0000;"><strong>Athugagrein um Jerúsalem, Damaskus, og Arabíu vantar.</strong></span></p>
<p><strong>1.18 </strong><em>Kefas:</em>Arameíska nafnið &#8222;Kefas&#8220; þýðir klettur. Það er á grísku &#8222;Petros&#8220;, þ.e. Pétur. Pétur, postuli Jesú, var einn helsti leiðtogi frumkirkjunnar (sjá Matt 16.13-20).</p>
<p><strong>1.21 </strong><em>héruð Sýrlands og Kilikíu: </em>Páll fæddist í Tarsus í Kilikíu (Post 9.11; 22.3), en þar bar mikið á trú og siðum Grikkja.</p>
<p><strong>1.22 </strong><em>Júdeu: </em>Fyrstu, kristnu söfnuðirnir urðu til í Jerúsalem í Júdeu. Jesús var krossfestur í Jerúsalem. Hann var reistur upp frá dauðum á þriðja degi.</p>

<p>Páll áréttar postuladóm sinn og kenningu Til voru þeir í <a href="https://biblian.is/fraedsla/ritskyring/galatabrefid-1-kafli/"> [&#8230;]</a></p>
