{"id":5566,"date":"2019-06-15T17:10:22","date_gmt":"2019-06-15T17:10:22","guid":{"rendered":"https:\/\/biblian.is\/fraedsla\/?page_id=5566"},"modified":"2026-04-17T13:01:08","modified_gmt":"2026-04-17T13:01:08","slug":"fyrra-korintubref-11-kafli","status":"publish","type":"page","link":"https:\/\/biblian.is\/fraedsla\/ritskyring\/fyrra-korintubref-11-kafli\/","title":{"rendered":"Fyrra Korintubr\u00e9f 11. kafli"},"content":{"rendered":"<p><strong>11.3 <\/strong><em>h\u00f6fu\u00f0: <\/em>S\u00ed\u00f0ar \u00ed br\u00e9fi s\u00ednu kallar P\u00e1ll l\u00e6risveina Jes\u00fa (s\u00f6fnu\u00f0inn, kirkjuna) &#8222;l\u00edkama Krists&#8220; (12.12). Jes\u00fas er h\u00f6fu\u00f0 \u00feessa l\u00edkama. En \u00fe\u00f3tt P\u00e1ll haldi \u00fev\u00ed fram \u00ed Gal 3.28 a\u00f0 a\u00f0 allir s\u00e9u eitt \u00ed Kristi, karlar jafnt sem konur, \u00fe\u00e1 minnti hann hina kristnu \u00ed Korintu l\u00edka \u00e1 \u00fea\u00f0 sem segir \u00ed helgiritum Gy\u00f0inga, a\u00f0 fyrsta konan hafi veri\u00f0 myndu\u00f0 af rifi \u00far s\u00ed\u00f0u karlmannsins (1M\u00f3s 26,27; 2.18-25).<\/p>\n<p><strong>11.6,10\u00a0<\/strong><em>hafi h\u00fan \u00e1 h\u00f6f\u00f0inu: <\/em>P\u00e1ll skrifar, a\u00f0 konur skuli anna\u00f0 hvort vera me\u00f0 uppsett h\u00e1r ellegar hylja \u00fea\u00f0 me\u00f0 einhverju m\u00f3ti \u00feegar \u00fe\u00e6r bi\u00f0ja e\u00f0a sp\u00e1 opinberlega, enda hafi Gy\u00f0ingar \u00ed gamla daga l\u00f6ngum sett slegi\u00f0 h\u00e1r \u00ed samband vi\u00f0 h\u00f3rd\u00f3m e\u00f0a v\u00e6ndi. \u00cd 11.10 \u00e1 P\u00e1ll tr\u00falega vi\u00f0 \u00fea\u00f0, a\u00f0 kona skuli bera h\u00f6fu\u00f0fat \u00feegar h\u00fan bi\u00f0ur e\u00f0a sp\u00e1ir, svo a\u00f0 b\u00e6\u00f0i menn og englar megi vita a\u00f0 \u00feessi i\u00f0ja s\u00e9 \u00e1 hennar &#8222;valdsvi\u00f0i&#8220; og h\u00fan \u00e6tli ekki a\u00f0 trufla gu\u00f0s\u00fej\u00f3nustuna (sj\u00e1 og Ef 3.10 og 1T\u00edm 5.21).<\/p>\n<p><strong>11.17\u00a0<\/strong><em>samkomur ykkar: <\/em>\u00dea\u00f0 sem Korintumenn greindi \u00e1 um, \u00feegar \u00feeir komu saman til gu\u00f0s\u00fej\u00f3nustu, var me\u00f0al annars hvern skilning \u00e6tti a\u00f0 leggja \u00ed m\u00e1lt\u00ed\u00f0 Drottins (11.20-34). \u00dear vi\u00f0 b\u00e6ttist, hve \u00f3skipulega og handah\u00f3fskennt \u00feeir notu\u00f0u andag\u00e1furnar. \u00deetta var\u00f0 til \u00feess a\u00f0 uppi var f\u00f3tur og fit \u00e1 samkomum \u00feeirra (12.1-14.40).<\/p>\n<p><strong>11.20-22\u00a0<\/strong><em>ver\u00f0ur \u00fea\u00f0 ekki til \u00feess a\u00f0 neyta m\u00e1lt\u00ed\u00f0ar Drottins: <\/em>Sundur\u00feykkjan me\u00f0 safna\u00f0arm\u00f6nnum \u00ed Korintu kom greinilega \u00ed lj\u00f3s \u00feegar \u00feeir komu saman til \u00feess a\u00f0 neyta m\u00e1lt\u00ed\u00f0ar Drottins, brau\u00f0sins og v\u00ednsins. Sumir \u00feeirra gleyptu \u00ed sig allt brau\u00f0i\u00f0 og kl\u00e1ru\u00f0u v\u00edni\u00f0, \u00e1\u00f0ur en a\u00f0rir vi\u00f0staddir vissu hva\u00f0an \u00e1 \u00fe\u00e1 st\u00f3\u00f0 ve\u00f0ri\u00f0. \u00dea\u00f0 var meira a\u00f0 segja til \u00ed d\u00e6minu, a\u00f0 einhverjir yr\u00f0u blindfullir. Greinilegt var, a\u00f0 \u00feeir h\u00f6f\u00f0u ekki r\u00e9ttan skilning \u00e1 m\u00e1lt\u00ed\u00f0 Drottins. Sj\u00e1 athugagrein vi\u00f0 10.16,17.<\/p>\n<p><strong>11.23 <\/strong><em>N\u00f3ttina, sem Drottinn Jes\u00fas var svikinn: <\/em>Fr\u00e1s\u00f6gn P\u00e1ls af or\u00f0um og ath\u00f6fnum Jes\u00fa vi\u00f0 s\u00ed\u00f0ustu kv\u00f6ldm\u00e1tl\u00ed\u00f0ina me\u00f0 l\u00e6risveinum s\u00ednum kemur vel heim vi\u00f0 \u00fea\u00f0 sem lesa m\u00e1 um \u00feetta \u00ed L\u00fakasargu\u00f0spjalli 22.19-20. Sj\u00e1 athugagrein vi\u00f0 10.16,17. \u00cd hvert sinn sem l\u00e6risveinar Jes\u00fa neyta m\u00e1lt\u00ed\u00f0ar Drottins sameinar \u00fe\u00e1 minningin um dau\u00f0a hans \u00feanga\u00f0 til hann kemur. Sj\u00e1 athugagreinar vi\u00f0 1.7 og 4.5.<\/p>\n<p><strong>11.29 <\/strong><em>s\u00e9r til d\u00f3ms\u00e1fellis: <\/em>Sj\u00e1 athugagrein vi\u00f0 11.20-22. P\u00e1ll br\u00fdndi fyrir Korintum\u00f6nnum a\u00f0 pr\u00f3fa sj\u00e1lfa sig, \u00e1\u00f0ur en \u00feeir neyttu m\u00e1lt\u00ed\u00f0ar Drottins. Sl\u00edk sj\u00e1lfsko\u00f0un minnti \u00fe\u00e1 \u00e1 a\u00f0 \u00feeir v\u00e6ru l\u00edkami Gu\u00f0s og b\u00e6ri a\u00f0 lifa svo sem Gu\u00f0i er \u00fe\u00f3knanlegt (sj\u00e1 3.16,17). Orsakir sj\u00fakd\u00f3ma voru raktar til illra anda (11.30).<\/p>\n<p><strong>11.34 <\/strong><em>\u00feegar \u00e9g kem: <\/em>P\u00e1ll haf\u00f0i \u00ed hyggju a\u00f0 heims\u00e6kja kristna menn \u00ed Korintu \u00f6\u00f0ru sinni (4.18,19; 16.5-7).<\/p>\n","protected":false},"excerpt":{"rendered":"<p>11.3 h\u00f6fu\u00f0: S\u00ed\u00f0ar \u00ed br\u00e9fi s\u00ednu kallar P\u00e1ll l\u00e6risveina Jes\u00fa <a href=\"https:\/\/biblian.is\/fraedsla\/ritskyring\/fyrra-korintubref-11-kafli\/\"> [&#8230;]<\/a><\/p>\n","protected":false},"author":1,"featured_media":0,"parent":4829,"menu_order":0,"comment_status":"closed","ping_status":"closed","template":"","meta":{"footnotes":""},"class_list":["post-5566","page","type-page","status-publish","hentry"],"_links":{"self":[{"href":"https:\/\/biblian.is\/fraedsla\/wp-json\/wp\/v2\/pages\/5566","targetHints":{"allow":["GET"]}}],"collection":[{"href":"https:\/\/biblian.is\/fraedsla\/wp-json\/wp\/v2\/pages"}],"about":[{"href":"https:\/\/biblian.is\/fraedsla\/wp-json\/wp\/v2\/types\/page"}],"author":[{"embeddable":true,"href":"https:\/\/biblian.is\/fraedsla\/wp-json\/wp\/v2\/users\/1"}],"replies":[{"embeddable":true,"href":"https:\/\/biblian.is\/fraedsla\/wp-json\/wp\/v2\/comments?post=5566"}],"version-history":[{"count":0,"href":"https:\/\/biblian.is\/fraedsla\/wp-json\/wp\/v2\/pages\/5566\/revisions"}],"up":[{"embeddable":true,"href":"https:\/\/biblian.is\/fraedsla\/wp-json\/wp\/v2\/pages\/4829"}],"wp:attachment":[{"href":"https:\/\/biblian.is\/fraedsla\/wp-json\/wp\/v2\/media?parent=5566"}],"curies":[{"name":"wp","href":"https:\/\/api.w.org\/{rel}","templated":true}]}}

Fyrra Korintubréf 11. kafli

<p><strong>11.3 </strong><em>höfuð: </em>Síðar í bréfi sínu kallar Páll lærisveina Jesú (söfnuðinn, kirkjuna) &#8222;líkama Krists&#8220; (12.12). Jesús er höfuð þessa líkama. En þótt Páll haldi því fram í Gal 3.28 að að allir séu eitt í Kristi, karlar jafnt sem konur, þá minnti hann hina kristnu í Korintu líka á það sem segir í helgiritum Gyðinga, að fyrsta konan hafi verið mynduð af rifi úr síðu karlmannsins (1Mós 26,27; 2.18-25).</p>
<p><strong>11.6,10 </strong><em>hafi hún á höfðinu: </em>Páll skrifar, að konur skuli annað hvort vera með uppsett hár ellegar hylja það með einhverju móti þegar þær biðja eða spá opinberlega, enda hafi Gyðingar í gamla daga löngum sett slegið hár í samband við hórdóm eða vændi. Í 11.10 á Páll trúlega við það, að kona skuli bera höfuðfat þegar hún biður eða spáir, svo að bæði menn og englar megi vita að þessi iðja sé á hennar &#8222;valdsviði&#8220; og hún ætli ekki að trufla guðsþjónustuna (sjá og Ef 3.10 og 1Tím 5.21).</p>
<p><strong>11.17 </strong><em>samkomur ykkar: </em>Það sem Korintumenn greindi á um, þegar þeir komu saman til guðsþjónustu, var meðal annars hvern skilning ætti að leggja í máltíð Drottins (11.20-34). Þar við bættist, hve óskipulega og handahófskennt þeir notuðu andagáfurnar. Þetta varð til þess að uppi var fótur og fit á samkomum þeirra (12.1-14.40).</p>
<p><strong>11.20-22 </strong><em>verður það ekki til þess að neyta máltíðar Drottins: </em>Sundurþykkjan með safnaðarmönnum í Korintu kom greinilega í ljós þegar þeir komu saman til þess að neyta máltíðar Drottins, brauðsins og vínsins. Sumir þeirra gleyptu í sig allt brauðið og kláruðu vínið, áður en aðrir viðstaddir vissu hvaðan á þá stóð veðrið. Það var meira að segja til í dæminu, að einhverjir yrðu blindfullir. Greinilegt var, að þeir höfðu ekki réttan skilning á máltíð Drottins. Sjá athugagrein við 10.16,17.</p>
<p><strong>11.23 </strong><em>Nóttina, sem Drottinn Jesús var svikinn: </em>Frásögn Páls af orðum og athöfnum Jesú við síðustu kvöldmátlíðina með lærisveinum sínum kemur vel heim við það sem lesa má um þetta í Lúkasarguðspjalli 22.19-20. Sjá athugagrein við 10.16,17. Í hvert sinn sem lærisveinar Jesú neyta máltíðar Drottins sameinar þá minningin um dauða hans þangað til hann kemur. Sjá athugagreinar við 1.7 og 4.5.</p>
<p><strong>11.29 </strong><em>sér til dómsáfellis: </em>Sjá athugagrein við 11.20-22. Páll brýndi fyrir Korintumönnum að prófa sjálfa sig, áður en þeir neyttu máltíðar Drottins. Slík sjálfskoðun minnti þá á að þeir væru líkami Guðs og bæri að lifa svo sem Guði er þóknanlegt (sjá 3.16,17). Orsakir sjúkdóma voru raktar til illra anda (11.30).</p>
<p><strong>11.34 </strong><em>þegar ég kem: </em>Páll hafði í hyggju að heimsækja kristna menn í Korintu öðru sinni (4.18,19; 16.5-7).</p>

<p>11.3 höfuð: Síðar í bréfi sínu kallar Páll lærisveina Jesú <a href="https://biblian.is/fraedsla/ritskyring/fyrra-korintubref-11-kafli/"> [&#8230;]</a></p>
