{"id":5556,"date":"2019-06-15T17:03:22","date_gmt":"2019-06-15T17:03:22","guid":{"rendered":"https:\/\/biblian.is\/fraedsla\/?page_id=5556"},"modified":"2026-04-17T13:01:09","modified_gmt":"2026-04-17T13:01:09","slug":"fyrra-korintubref-6-kafli","status":"publish","type":"page","link":"https:\/\/biblian.is\/fraedsla\/ritskyring\/fyrra-korintubref-6-kafli\/","title":{"rendered":"Fyrra Korintubr\u00e9f 6. kafli"},"content":{"rendered":"<p><strong>6.1\u00a0<\/strong><em>fyrir d\u00f3m rangl\u00e1tra en ekki heilagra: <\/em>Hinir &#8222;rangl\u00e1tu&#8220; eru h\u00e9r l\u00edklega gu\u00f0lausir d\u00f3marar heimsveldisins, hinir &#8222;heil\u00f6gu&#8220; aftur l\u00e6risveinar Krists \u00ed Korintuborg.<\/p>\n<p><strong>6.11\u00a0<\/strong><em>nafn Drottins Jes\u00fa Krists og andi vors Gu\u00f0s: <\/em>Sj\u00e1 athugagreinar vi\u00f0 1.3 (Drottni Jes\u00fa Kristi) og 2.4 (Gu\u00f0s anda). H\u00e9r kann a\u00f0 vera \u00e1tt vi\u00f0 sk\u00edrn. Vi\u00f0 sk\u00edrnina laugast l\u00e6risveinar Krists, helgast og r\u00e9ttl\u00e6tast fyrir Gu\u00f0i. Sj\u00e1 &#8222;<a href=\"https:\/\/biblian.is\/fraedsla\/ordtakasafn\/skirn\/\">Sk\u00edrn<\/a>&#8222;.<\/p>\n<p><strong>6.12 <\/strong><em>Allt er m\u00e9r leyfilegt: <\/em>Sj\u00e1 athugagrein vi\u00f0 5.1,2. \u00de\u00f3tt enginn &#8222;frelsist&#8220; vi\u00f0 \u00fea\u00f0 eitt a\u00f0 hl\u00fd\u00f0a l\u00f6gm\u00e1li M\u00f3se, v\u00edsar \u00fea\u00f0 m\u00f6nnum samt veginn \u00ed \u00e1tt a\u00f0 l\u00edferni Gu\u00f0i a\u00f0 skapi og stendur jafnframt v\u00f6r\u00f0 um hag og velfer\u00f0 annarra.<\/p>\n<p><strong>6.13\u00a0<\/strong><em>Maturinn er fyrir magann: <\/em>H\u00e9r ver\u00f0ur P\u00e1li tr\u00falega hugsa\u00f0 til \u00feess, a\u00f0 sumir safna\u00f0armenn \u00ed Korintu neyttu kj\u00f6ts af d\u00fdrum, sem f\u00f3rna\u00f0 haf\u00f0i veri\u00f0 hei\u00f0num go\u00f0um. Sj\u00e1 n\u00e1nar 8.1-13.<\/p>\n<p><strong>6.14\u00a0<\/strong><em>Gu\u00f0&#8230;mun&#8230;uppvekja okkur: <\/em>Sj\u00e1 athugagrein vi\u00f0 1.17,18 (fagna\u00f0arerindi\u00f0). Sj\u00e1 og &#8222;<a href=\"https:\/\/biblian.is\/fraedsla\/ordtakasafn\/eilift-lif\/\">Eil\u00edft l\u00edf<\/a>&#8220; og &#8222;<a href=\"https:\/\/biblian.is\/fraedsla\/ordtakasafn\/upprisa\/\">Upprisa<\/a>&#8222;.<\/p>\n<p><strong>6.15\u00a0<\/strong><em>l\u00edkamar ykkar eru limir Krists: <\/em>Eins og andi Gu\u00f0s b\u00fdr \u00ed vinum Krists og \u00feeir eru musteri Gu\u00f0s (3.16,17; 6.11), \u00feannig eru \u00feeir og limir \u00e1 l\u00edkama Jes\u00fa. \u00deeir \u00e6ttu ekki a\u00f0 gera limi Krists a\u00f0 sk\u00e6kjulimum me\u00f0 \u00fev\u00ed a\u00f0 stunda si\u00f0laust kynl\u00edf.<\/p>\n<p><strong>6.19\u00a0<\/strong><em>l\u00edkami ykkar er musteri heilags anda sem \u00ed ykkur er: <\/em>Sj\u00e1 athugagreinar vi\u00f0 3.16 og 6.13. Sj\u00e1 og athugagrein vi\u00f0 12.3.<\/p>\n<p><strong>6.20\u00a0<\/strong><em>\u00dei\u00f0 eru\u00f0 ver\u00f0i keypt: <\/em>Gu\u00f0 bar sj\u00e1lfur fram hina fullkomnu f\u00f3rn, \u00feegar Jes\u00fas d\u00f3 \u00e1 krossinum fyrir syndir mannanna (R\u00f3m 3.25,26). Sj\u00e1 og Heb 9.25-28.<\/p>\n","protected":false},"excerpt":{"rendered":"<p>6.1\u00a0fyrir d\u00f3m rangl\u00e1tra en ekki heilagra: Hinir &#8222;rangl\u00e1tu&#8220; eru h\u00e9r <a href=\"https:\/\/biblian.is\/fraedsla\/ritskyring\/fyrra-korintubref-6-kafli\/\"> [&#8230;]<\/a><\/p>\n","protected":false},"author":1,"featured_media":0,"parent":4829,"menu_order":0,"comment_status":"closed","ping_status":"closed","template":"","meta":{"footnotes":""},"class_list":["post-5556","page","type-page","status-publish","hentry"],"_links":{"self":[{"href":"https:\/\/biblian.is\/fraedsla\/wp-json\/wp\/v2\/pages\/5556","targetHints":{"allow":["GET"]}}],"collection":[{"href":"https:\/\/biblian.is\/fraedsla\/wp-json\/wp\/v2\/pages"}],"about":[{"href":"https:\/\/biblian.is\/fraedsla\/wp-json\/wp\/v2\/types\/page"}],"author":[{"embeddable":true,"href":"https:\/\/biblian.is\/fraedsla\/wp-json\/wp\/v2\/users\/1"}],"replies":[{"embeddable":true,"href":"https:\/\/biblian.is\/fraedsla\/wp-json\/wp\/v2\/comments?post=5556"}],"version-history":[{"count":0,"href":"https:\/\/biblian.is\/fraedsla\/wp-json\/wp\/v2\/pages\/5556\/revisions"}],"up":[{"embeddable":true,"href":"https:\/\/biblian.is\/fraedsla\/wp-json\/wp\/v2\/pages\/4829"}],"wp:attachment":[{"href":"https:\/\/biblian.is\/fraedsla\/wp-json\/wp\/v2\/media?parent=5556"}],"curies":[{"name":"wp","href":"https:\/\/api.w.org\/{rel}","templated":true}]}}