{"id":5535,"date":"2019-06-15T04:13:13","date_gmt":"2019-06-15T04:13:13","guid":{"rendered":"https:\/\/biblian.is\/fraedsla\/?page_id=5535"},"modified":"2025-06-27T02:05:56","modified_gmt":"2025-06-27T02:05:56","slug":"sidara-korintubref-9-kafli","status":"publish","type":"page","link":"https:\/\/biblian.is\/fraedsla\/ritskyring\/sidara-korintubref-9-kafli\/","title":{"rendered":"S\u00ed\u00f0ara Korintubr\u00e9f 9. kafli"},"content":{"rendered":"<p><strong>9.2\u00a0<\/strong><em>Maked\u00f3na&#8230;Akkea: <\/em>Akkea var mi\u00f0- og su\u00f0urhluti Grikklands beint \u00ed vestur\u00e1tt yfir Eyjahafi\u00f0, \u00feegar fari\u00f0 var fr\u00e1 Efesus.<\/p>\n<p><strong>9.6\u00a0<\/strong><em>s\u00e1ir sparlega&#8230;r\u00edflega uppskera: <\/em>\u00deetta spakm\u00e6li var algengt me\u00f0al gr\u00edsku- og hebreskum\u00e6landi \u00fej\u00f3\u00f0a \u00e1 d\u00f6gum P\u00e1ls. S\u00f6mu hugsun er a\u00f0 finna \u00ed Okv 11.24. Sj\u00e1 og Gal 6.7-9.<\/p>\n<p><strong>9.12\u00a0<\/strong><em>\u00feessi \u00fej\u00f3nusta: <\/em>Fj\u00e1rs\u00f6fnun Korintumanna til styrktar efnaminni s\u00f6fnu\u00f0um<\/p>\n<p><strong>9.13 <\/strong><em>fagna\u00f0arerindi Krists: <\/em>Gle\u00f0ibo\u00f0skapurinn um Jes\u00fa Krist, hina \u00f3umr\u00e6\u00f0ilegu gj\u00f6f Gu\u00f0s til mannanna.<\/p>\n","protected":false},"excerpt":{"rendered":"<p>9.2\u00a0Maked\u00f3na&#8230;Akkea: Akkea var mi\u00f0- og su\u00f0urhluti Grikklands beint \u00ed vestur\u00e1tt <a href=\"https:\/\/biblian.is\/fraedsla\/ritskyring\/sidara-korintubref-9-kafli\/\"> [&#8230;]<\/a><\/p>\n","protected":false},"author":1,"featured_media":0,"parent":4829,"menu_order":0,"comment_status":"closed","ping_status":"closed","template":"","meta":{"footnotes":""},"class_list":["post-5535","page","type-page","status-publish","hentry"],"_links":{"self":[{"href":"https:\/\/biblian.is\/fraedsla\/wp-json\/wp\/v2\/pages\/5535","targetHints":{"allow":["GET"]}}],"collection":[{"href":"https:\/\/biblian.is\/fraedsla\/wp-json\/wp\/v2\/pages"}],"about":[{"href":"https:\/\/biblian.is\/fraedsla\/wp-json\/wp\/v2\/types\/page"}],"author":[{"embeddable":true,"href":"https:\/\/biblian.is\/fraedsla\/wp-json\/wp\/v2\/users\/1"}],"replies":[{"embeddable":true,"href":"https:\/\/biblian.is\/fraedsla\/wp-json\/wp\/v2\/comments?post=5535"}],"version-history":[{"count":0,"href":"https:\/\/biblian.is\/fraedsla\/wp-json\/wp\/v2\/pages\/5535\/revisions"}],"up":[{"embeddable":true,"href":"https:\/\/biblian.is\/fraedsla\/wp-json\/wp\/v2\/pages\/4829"}],"wp:attachment":[{"href":"https:\/\/biblian.is\/fraedsla\/wp-json\/wp\/v2\/media?parent=5535"}],"curies":[{"name":"wp","href":"https:\/\/api.w.org\/{rel}","templated":true}]}}