{"id":5510,"date":"2019-06-13T21:28:21","date_gmt":"2019-06-13T21:28:21","guid":{"rendered":"https:\/\/biblian.is\/fraedsla\/?page_id=5510"},"modified":"2025-06-27T02:04:25","modified_gmt":"2025-06-27T02:04:25","slug":"romverjabrefid-15-kafli","status":"publish","type":"page","link":"https:\/\/biblian.is\/fraedsla\/ritskyring\/romverjabrefid-15-kafli\/","title":{"rendered":"R\u00f3mverjabr\u00e9fi\u00f0 15. kafli"},"content":{"rendered":"<p><strong>15.4\u00a0<\/strong><em>ritningarnar: <\/em>Sj\u00e1 athugagrein vi\u00f0 10.11.<\/p>\n<p><strong>15.8\u00a0<\/strong><em>Kristur s\u00e9 or\u00f0inn \u00fej\u00f3nn hinna umskornu: <\/em>Sj\u00e1 athugagreinar vi\u00f0 9.4 (\u00cdsraelsmenn) og 11.28 (\u00fatvalning). P\u00e1ll \u00e1r\u00e9ttar, a\u00f0 Jes\u00fas hafi f\u00e6\u00f0st \u00ed \u00feennan heim til \u00feess a\u00f0 \u00fea\u00f0 fyrirheit Drottins a\u00f0 senda Gy\u00f0ingum Mess\u00edas m\u00e6tti r\u00e6tast.<\/p>\n<p><strong>15.9\u00a0<\/strong><em>hei\u00f0ingjarnir: <\/em>Sj\u00e1 athugagreinar vi\u00f0 1.16 (Gy\u00f0inginn fyrst og a\u00f0ra s\u00ed\u00f0an); 11.17.<\/p>\n<p><strong>15.9\u00a0<\/strong><em>j\u00e1ta \u00feig me\u00f0al hei\u00f0ingja: <\/em>H\u00e9r er \u00e1tt vi\u00f0 allar hei\u00f0nar \u00fej\u00f3\u00f0ir.<\/p>\n<p><strong>15.10\u00a0<\/strong><em>Fagni\u00f0, \u00fei\u00f0 hei\u00f0ingjar, me\u00f0 l\u00fd\u00f0 Gu\u00f0s: <\/em>Sj\u00e1 5M\u00f3s 32.43. Hei\u00f0nar \u00fej\u00f3\u00f0ir munu f\u00e1 a\u00f0 tilbi\u00f0ja Drottin, Gu\u00f0 allsherjar og ganga \u00ed hinn n\u00fdja s\u00f6fnu\u00f0 hans (kirkjuna).<\/p>\n<p><strong>15.13\u00a0<\/strong><em>tr\u00fanni&#8230;krafti heilags anda: <\/em>Sj\u00e1 athugagreinar vi\u00f0 1.16 (Gy\u00f0inginn fyrst og a\u00f0ra s\u00ed\u00f0an) og 1.3-4 (heilagur andi).<\/p>\n<p><strong>15.16\u00a0<\/strong><em>vera prestur fyrir fagna\u00f0arerindi Gu\u00f0s: <\/em>Prestar Gy\u00f0inga \u00fej\u00f3nu\u00f0u Gu\u00f0i me\u00f0 \u00fev\u00ed a\u00f0 fara n\u00e1kv\u00e6mlega a\u00f0 \u00feeim helgisi\u00f0um, sem l\u00f6gm\u00e1l M\u00f3se m\u00e6lir fyrir um og me\u00f0 \u00fev\u00ed a\u00f0 tilrei\u00f0a og f\u00e6ra f\u00f3rnir og offur. P\u00e1ll kve\u00f0st \u00fej\u00f3na Gu\u00f0i me\u00f0 \u00fev\u00ed a\u00f0 pr\u00e9dika fagna\u00f0arerindi\u00f0 hei\u00f0ingjunum (sj\u00e1 athugagrein vi\u00f0 11.28).<\/p>\n<p><strong>15.19\u00a0<\/strong><em>fr\u00e1 Jers\u00faalem&#8230;til Ill\u00fdr\u00edu: <\/em>Jer\u00fasalem var h\u00f6fu\u00f0borg J\u00fadeu, mi\u00f0st\u00f6\u00f0 gu\u00f0sd\u00fdrkunar \u00cdsraels og a\u00f0setur stj\u00f3rnvalda landsins. Ill\u00fdr\u00eda var r\u00f3mversk skattland \u00e1 austurstr\u00f6nd Adr\u00edahafsins. Engar heimildir eru um \u00fea\u00f0, a\u00f0 P\u00e1ll hafi fari\u00f0 til Ill\u00fdr\u00edu. En vera m\u00e1, a\u00f0 menn \u00fea\u00f0an hafi heyrt hann pr\u00e9dika \u00ed Maked\u00f3n\u00edu og haft bo\u00f0skapinn me\u00f0 s\u00e9r heim.<\/p>\n<p><strong>15.24\u00a0<\/strong><em>um lei\u00f0 og \u00e9g f\u00e6ri til Sp\u00e1nar: <\/em>Ekki er vita\u00f0, hvort P\u00e1ll komst nokkru sinni til Sp\u00e1nar. Sumir fr\u00e6\u00f0imenn telja \u00fe\u00f3, a\u00f0 hann kunni a\u00f0 hafa fari\u00f0 \u00feanga\u00f0 eftir a\u00f0 hann losna\u00f0i \u00far stofufangelsinu \u00ed R\u00f3m (Post 28; Fil 1.13). A\u00f0rir eru heldur \u00e1 \u00fev\u00ed a\u00f0 hann hafi veri\u00f0 tekinn af l\u00edfi \u00ed R\u00f3maborg.<\/p>\n<p><strong>15.25-26\u00a0<\/strong><em>Jer\u00fasalem&#8230;Maked\u00f3n\u00eda og Akkea: <\/em>Sj\u00e1 athugagrein vi\u00f0 5.19. Maked\u00f3n\u00eda, en svo h\u00e9t landsv\u00e6\u00f0i\u00f0 fyrir nor\u00f0an Grikkland, var innlimu\u00f0 \u00ed r\u00f3mverska heimsveldi\u00f0 \u00e1ri\u00f0 168 f. Kr. Akkea var mi\u00f0hluti Grikklands. \u00dear voru borgirnar A\u00feena og Korinta.<\/p>\n<p><strong>15.27\u00a0<\/strong><em>hei\u00f0ingjarnir hafa fengi\u00f0 hlutdeild \u00ed andlegri blessun fr\u00e1 \u00feeim: <\/em>Sj\u00e1 11.1-29 og athugagrein vi\u00f0 2.9,10 (Gy\u00f0ingurinn fyrst en Grikkinn l\u00edka).<\/p>\n<p><strong>15.30\u00a0<\/strong><em>vegna Drottins vors Jes\u00fa Krists og k\u00e6rleiksanda hans: <\/em>Sj\u00e1 athugagreinar vi\u00f0 1.3,4 (heilagur andi&#8230;sonur Gu\u00f0s).<\/p>\n<p><strong>15.31\u00a0<\/strong><em>J\u00fadeu&#8230;Jer\u00fasalem: <\/em>Sj\u00e1 athugagrein vi\u00f0 15.19.<\/p>\n","protected":false},"excerpt":{"rendered":"<p>15.4\u00a0ritningarnar: Sj\u00e1 athugagrein vi\u00f0 10.11. 15.8\u00a0Kristur s\u00e9 or\u00f0inn \u00fej\u00f3nn hinna <a href=\"https:\/\/biblian.is\/fraedsla\/ritskyring\/romverjabrefid-15-kafli\/\"> [&#8230;]<\/a><\/p>\n","protected":false},"author":1,"featured_media":0,"parent":4829,"menu_order":0,"comment_status":"closed","ping_status":"closed","template":"","meta":{"footnotes":""},"class_list":["post-5510","page","type-page","status-publish","hentry"],"_links":{"self":[{"href":"https:\/\/biblian.is\/fraedsla\/wp-json\/wp\/v2\/pages\/5510","targetHints":{"allow":["GET"]}}],"collection":[{"href":"https:\/\/biblian.is\/fraedsla\/wp-json\/wp\/v2\/pages"}],"about":[{"href":"https:\/\/biblian.is\/fraedsla\/wp-json\/wp\/v2\/types\/page"}],"author":[{"embeddable":true,"href":"https:\/\/biblian.is\/fraedsla\/wp-json\/wp\/v2\/users\/1"}],"replies":[{"embeddable":true,"href":"https:\/\/biblian.is\/fraedsla\/wp-json\/wp\/v2\/comments?post=5510"}],"version-history":[{"count":0,"href":"https:\/\/biblian.is\/fraedsla\/wp-json\/wp\/v2\/pages\/5510\/revisions"}],"up":[{"embeddable":true,"href":"https:\/\/biblian.is\/fraedsla\/wp-json\/wp\/v2\/pages\/4829"}],"wp:attachment":[{"href":"https:\/\/biblian.is\/fraedsla\/wp-json\/wp\/v2\/media?parent=5510"}],"curies":[{"name":"wp","href":"https:\/\/api.w.org\/{rel}","templated":true}]}}