{"id":5508,"date":"2019-06-13T21:27:15","date_gmt":"2019-06-13T21:27:15","guid":{"rendered":"https:\/\/biblian.is\/fraedsla\/?page_id=5508"},"modified":"2025-06-27T02:04:25","modified_gmt":"2025-06-27T02:04:25","slug":"romverjabrefid-14-kafli","status":"publish","type":"page","link":"https:\/\/biblian.is\/fraedsla\/ritskyring\/romverjabrefid-14-kafli\/","title":{"rendered":"R\u00f3mverjabr\u00e9fi\u00f0 14. kafli"},"content":{"rendered":"<p><strong>14.1\u00a0<\/strong><em>tr\u00faarveikum: <\/em>P\u00e1ll \u00e1 vi\u00f0 l\u00e6risveina Jes\u00fa. Sj\u00e1 athugagrein vi\u00f0 1.3-4 (sonur Gu\u00f0s).<\/p>\n<p><strong>14.2 <\/strong><em>\u00feeirrar tr\u00faar a\u00f0 alls megi neyta: <\/em>\u00cd R\u00f3m hafa einhverjir tr\u00faa\u00f0 \u00fev\u00ed a\u00f0 ekki m\u00e6tti eta kj\u00f6t. P\u00e1ll kallar \u00fe\u00e1 tr\u00faarveika af \u00fev\u00ed a\u00f0 \u00feeir halda s\u00e9r enn \u00fe\u00e1 vi\u00f0 reglur, si\u00f0i og s\u00e9rvisku eins og \u00fea\u00f0 afla\u00f0i \u00feeim vel\u00fe\u00f3knunar Gu\u00f0s. P\u00e1ll \u00edtrekar, a\u00f0 Gu\u00f0 taki \u00f6llum opnum \u00f6rmum burts\u00e9\u00f0 fr\u00e1 matarvenjum \u00feeirra.<\/p>\n<p><strong>14.5 <\/strong><em>Einn gerir mun \u00e1 d\u00f6gum: <\/em>Einhverjir l\u00e6risveinar Jes\u00fa \u00ed R\u00f3m kunna a\u00f0 hafa haldi\u00f0 hv\u00edldardag Gy\u00f0inga (sabbatinn) heilagan, auk \u00feeirra h\u00e1t\u00ed\u00f0a annarra sem l\u00f6gm\u00e1l M\u00f3se m\u00e6lir fyrir um. A\u00f0rir hafa ef til vill veri\u00f0 strangir me\u00f0 a\u00f0 eta vissa f\u00e6\u00f0u eftir \u00fev\u00ed hva\u00f0a dagur var. P\u00e1ll segir, a\u00f0 \u00fea\u00f0 ver\u00f0i \u00e6vinlega misjafn sau\u00f0ur \u00ed m\u00f6rgu f\u00e9; l\u00e6risveinar Jes\u00fa ver\u00f0i seint allir eins. En \u00feeim beri hins vegar skylda til a\u00f0 umbera hver annan og l\u00e1ta vera a\u00f0 \u00fer\u00f6ngva eigin l\u00edfsreglum hver upp \u00e1 annan.<\/p>\n<p><strong>14.10\u00a0<\/strong><em>ver\u00f0a a\u00f0 standa frammi fyrir d\u00f3mst\u00f3li Gu\u00f0s: <\/em>Sj\u00e1 athugagrein vi\u00f0 2.5.<\/p>\n<p><strong>14.17 <\/strong><em>heil\u00f6gum anda<strong>:\u00a0<\/strong><\/em>Sj\u00e1 athugagrein vi\u00f0 1.3-4 (<a href=\"https:\/\/biblian.is\/fraedsla\/ordtakasafn\/heilagur-andi\/\">heilagur andi<\/a>).<\/p>\n<p><strong>14.20\u00a0<\/strong><em>Allt er a\u00f0 s\u00f6nnu hreint: <\/em>Strangar reglur um matv\u00e6li giltu \u00ed \u00cdsrael (3M\u00f3s 11.1-45; 5M\u00f3s 14.4-21: 32. 13,14). \u00de\u00f3tti P\u00e1ll v\u00e6ri \u00feess fullviss, a\u00f0 engu skipti hva\u00f0 l\u00fd\u00f0ur Gu\u00f0s l\u00e9ti ofan \u00ed sig, \u00fe\u00e1 var honum jafnlj\u00f3st a\u00f0 sumt f\u00f3lk vildi halda \u00e1fram a\u00f0 fara a\u00f0 sl\u00edkum reglum, e\u00f0a hl\u00fd\u00f0a fyrirm\u00e6lum eins og t.d. a\u00f0 snei\u00f0a hj\u00e1 kj\u00f6ti og drekka ekki v\u00edn (14.21). P\u00e1ll reyndi a\u00f0 f\u00e1 l\u00e6risveinana til \u00feess a\u00f0 vir\u00f0a si\u00f0i hver annars til \u00feess a\u00f0 \u00f3samkomulag um matarvenjur ylli ekki deilum og n\u00faningi \u00feeirra \u00e1 me\u00f0al. Sj\u00e1 &#8222;<a href=\"https:\/\/biblian.is\/fraedsla\/ordtakasafn\/hreinsanir-hreint-og-ohreint\/\">Hreinsanir (hreint og \u00f3hreint)<\/a>&#8222;.<\/p>\n<p><strong>14.23\u00a0<\/strong><em>synd: <\/em>Sj\u00e1 athugagrein vi\u00f0 2.15 og &#8222;<a href=\"https:\/\/biblian.is\/fraedsla\/ordtakasafn\/synd\/\">Synd<\/a>&#8222;.<\/p>\n","protected":false},"excerpt":{"rendered":"<p>14.1\u00a0tr\u00faarveikum: P\u00e1ll \u00e1 vi\u00f0 l\u00e6risveina Jes\u00fa. Sj\u00e1 athugagrein vi\u00f0 1.3-4 <a href=\"https:\/\/biblian.is\/fraedsla\/ritskyring\/romverjabrefid-14-kafli\/\"> [&#8230;]<\/a><\/p>\n","protected":false},"author":1,"featured_media":0,"parent":4829,"menu_order":0,"comment_status":"closed","ping_status":"closed","template":"","meta":{"footnotes":""},"class_list":["post-5508","page","type-page","status-publish","hentry"],"_links":{"self":[{"href":"https:\/\/biblian.is\/fraedsla\/wp-json\/wp\/v2\/pages\/5508","targetHints":{"allow":["GET"]}}],"collection":[{"href":"https:\/\/biblian.is\/fraedsla\/wp-json\/wp\/v2\/pages"}],"about":[{"href":"https:\/\/biblian.is\/fraedsla\/wp-json\/wp\/v2\/types\/page"}],"author":[{"embeddable":true,"href":"https:\/\/biblian.is\/fraedsla\/wp-json\/wp\/v2\/users\/1"}],"replies":[{"embeddable":true,"href":"https:\/\/biblian.is\/fraedsla\/wp-json\/wp\/v2\/comments?post=5508"}],"version-history":[{"count":0,"href":"https:\/\/biblian.is\/fraedsla\/wp-json\/wp\/v2\/pages\/5508\/revisions"}],"up":[{"embeddable":true,"href":"https:\/\/biblian.is\/fraedsla\/wp-json\/wp\/v2\/pages\/4829"}],"wp:attachment":[{"href":"https:\/\/biblian.is\/fraedsla\/wp-json\/wp\/v2\/media?parent=5508"}],"curies":[{"name":"wp","href":"https:\/\/api.w.org\/{rel}","templated":true}]}}