{"id":5486,"date":"2019-06-13T21:11:04","date_gmt":"2019-06-13T21:11:04","guid":{"rendered":"https:\/\/biblian.is\/fraedsla\/?page_id=5486"},"modified":"2025-06-27T02:04:25","modified_gmt":"2025-06-27T02:04:25","slug":"romverjabrefid-4-kafli","status":"publish","type":"page","link":"https:\/\/biblian.is\/fraedsla\/ritskyring\/romverjabrefid-4-kafli\/","title":{"rendered":"R\u00f3mverjabr\u00e9fi\u00f0 4. kafli"},"content":{"rendered":"<p><strong>4.1 <\/strong><em>forf\u00f6\u00f0ur vorn Abraham: <\/em>Sj\u00e1 &#8222;<a href=\"https:\/\/biblian.is\/fraedsla\/ordtakasafn\/abraham\/\">Abraham<\/a>&#8222;.<\/p>\n<p><strong>4.6\u00a0<\/strong><em>Dav\u00ed\u00f0 l\u00fdsir: <\/em>Sj\u00e1 athugagreinar vi\u00f0 1.2 (helgum ritningum) og 1.3-4 (af kyni Dav\u00ed\u00f0s). Dav\u00ed\u00f0 konungur r\u00edkti \u00ed \u00cdsrael fr\u00e1 um \u00fea\u00f0 bil 1010 til 970 f. Kr. og vi\u00f0 hann eru Dav\u00ed\u00f0ss\u00e1lmarnir \u00ed Gamla testamenti kenndir.<\/p>\n<p><strong>4.7,8\u00a0<\/strong><em>S\u00e6lir&#8230;tilreiknar ekki synd: <\/em>H\u00e9r vitnar P\u00e1ll til Dav\u00ed\u00f0ss\u00e1lms 32.1,2.<\/p>\n<p><strong>4.9\u00a0<\/strong><em>umskorinna: <\/em>Sj\u00e1 athugagrein vi\u00f0 2.25. Gu\u00f0 blessa\u00f0i Abraham af \u00fev\u00ed a\u00f0 hann tr\u00fa\u00f0i Gu\u00f0i, og \u00fea\u00f0 \u00e1\u00f0ur en hann var umskorinn. \u00dear me\u00f0 er Abraham fa\u00f0ir b\u00e6\u00f0i umskorinna og \u00f3umskorinna.<\/p>\n<p><strong>4.16-17\u00a0<\/strong><em>ni\u00f0ja Abrahams&#8230;fa\u00f0ir okkar allra: <\/em>Sj\u00e1 athugagreinar vi\u00f0 4.1 og 2.10. \u00deeir sem tr\u00faa \u00e1 Gu\u00f0 eru \u00ed \u00e1kve\u00f0num skilningi ni\u00f0jar Abarahams, sama hverrar \u00fej\u00f3\u00f0ar \u00feeir eru.<\/p>\n<p><strong>4.24\u00a0<\/strong><em>Gu\u00f0&#8230;vakti Jes\u00fa, Drottin vorn, upp fr\u00e1 dau\u00f0um: <\/em>Jes\u00fas reis \u00e1 \u00feri\u00f0ja degi aftur upp fr\u00e1 dau\u00f0a \u00e1 krossi (Matt 28.1-10; Post 2.22-24). Vi\u00f0 \u00feetta kraftaverk er \u00e1tt, \u00feegar r\u00e6tt er um &#8222;upprisuna.&#8220; Sj\u00e1 &#8222;<a href=\"https:\/\/biblian.is\/fraedsla\/ordtakasafn\/upprisa\/\">Upprisan<\/a>&#8222;.<\/p>\n<p><strong>4.25\u00a0<\/strong><em>framseldur vegna misgj\u00f6r\u00f0a okkar: <\/em>Sj\u00e1 athugagrein vi\u00f0 3.25-26.<\/p>\n","protected":false},"excerpt":{"rendered":"<p>4.1 forf\u00f6\u00f0ur vorn Abraham: Sj\u00e1 &#8222;Abraham&#8222;. 4.6\u00a0Dav\u00ed\u00f0 l\u00fdsir: Sj\u00e1 athugagreinar <a href=\"https:\/\/biblian.is\/fraedsla\/ritskyring\/romverjabrefid-4-kafli\/\"> [&#8230;]<\/a><\/p>\n","protected":false},"author":1,"featured_media":0,"parent":4829,"menu_order":0,"comment_status":"closed","ping_status":"closed","template":"","meta":{"footnotes":""},"class_list":["post-5486","page","type-page","status-publish","hentry"],"_links":{"self":[{"href":"https:\/\/biblian.is\/fraedsla\/wp-json\/wp\/v2\/pages\/5486","targetHints":{"allow":["GET"]}}],"collection":[{"href":"https:\/\/biblian.is\/fraedsla\/wp-json\/wp\/v2\/pages"}],"about":[{"href":"https:\/\/biblian.is\/fraedsla\/wp-json\/wp\/v2\/types\/page"}],"author":[{"embeddable":true,"href":"https:\/\/biblian.is\/fraedsla\/wp-json\/wp\/v2\/users\/1"}],"replies":[{"embeddable":true,"href":"https:\/\/biblian.is\/fraedsla\/wp-json\/wp\/v2\/comments?post=5486"}],"version-history":[{"count":0,"href":"https:\/\/biblian.is\/fraedsla\/wp-json\/wp\/v2\/pages\/5486\/revisions"}],"up":[{"embeddable":true,"href":"https:\/\/biblian.is\/fraedsla\/wp-json\/wp\/v2\/pages\/4829"}],"wp:attachment":[{"href":"https:\/\/biblian.is\/fraedsla\/wp-json\/wp\/v2\/media?parent=5486"}],"curies":[{"name":"wp","href":"https:\/\/api.w.org\/{rel}","templated":true}]}}