{"id":5478,"date":"2019-06-13T21:01:15","date_gmt":"2019-06-13T21:01:15","guid":{"rendered":"https:\/\/biblian.is\/fraedsla\/?page_id=5478"},"modified":"2026-04-17T13:01:26","modified_gmt":"2026-04-17T13:01:26","slug":"postulasagan-28-kafli","status":"publish","type":"page","link":"https:\/\/biblian.is\/fraedsla\/ritskyring\/postulasagan-28-kafli\/","title":{"rendered":"Postulasagan 28. kafli"},"content":{"rendered":"<p><strong>28.1\u00a0<\/strong><em>Malta: <\/em>Skipi\u00f0 haf\u00f0i \u00fdmist siglt e\u00f0a hrakist n\u00e6r 965 k\u00edl\u00f3metra lei\u00f0 s\u00ed\u00f0an \u00fea\u00f0 lag\u00f0i \u00far h\u00f6fn \u00ed F\u00f6nix \u00e1 Kr\u00edt. \u00deegar R\u00f3mverjar l\u00f6g\u00f0u fyrst undir sig M\u00f6ltu, laut eyjan landstj\u00f3ranum \u00e1 Sikley, sem er um 93 km. nor\u00f0ur af M\u00f6ltu. S\u00ed\u00f0ar f\u00e9kk Malta eigin landstj\u00f3ra.<\/p>\n<p><strong>28.1\u00a0<\/strong><em>helstu m\u00f6nnum Gy\u00f0inga: <\/em>L\u00edklega er \u00e1tt vi\u00f0 yfirmenn einhverra af samkunduh\u00fasunum<\/p>\n<p><strong>28.4\u00a0<\/strong><em>refsinornin: <\/em>Hugsanlega er \u00e1tt vi\u00f0 gr\u00edsku r\u00e9ttl\u00e6tisgy\u00f0juna D\u00edke, sem var d\u00f3ttir Seifs og \u00deemisar.<\/p>\n<p><strong>28.7\u00a0<\/strong><em>P\u00fabl\u00edus: <\/em>P\u00fabl\u00edus hefur veri\u00f0 fornafn hans. Gr\u00edska or\u00f0i\u00f0<em>pr\u00f3tos<\/em>\u00fe\u00fd\u00f0ir &#8222;\u00e6\u00f0sti yfirma\u00f0ur, lei\u00f0togi.&#8220;<\/p>\n<p><strong>28.8\u00a0<\/strong><em>fa\u00f0ir P\u00fabl\u00edusar l\u00e1 sj\u00fakur: <\/em>\u00dea\u00f0 sem hrj\u00e1\u00f0i f\u00f6\u00f0ur P\u00fabl\u00edusar var h\u00e1r hiti og bl\u00f3\u00f0kreppus\u00f3tt.<\/p>\n<p><strong>28.11\u00a0<\/strong><em>A\u00f0 li\u00f0num \u00ferem m\u00e1nu\u00f0um: <\/em>Sj\u00e1 athugagrein vi\u00f0 27.9.<\/p>\n<p><strong>28.11\u00a0<\/strong><em>Alexandr\u00edu: <\/em>Sj\u00e1 athugagrein vi\u00f0 27.6.<\/p>\n<p><strong>28.11\u00a0<\/strong><em>Tv\u00edburanna: <\/em>\u00deessi go\u00f0 voru \u00feeir Kastor og Pollux, verndarar sj\u00f3farenda.<\/p>\n<p><strong>28.11\u00a0<\/strong><em>bar merki Tv\u00edburanna: <\/em>E\u00f0a &#8222;sem h\u00e9t Tv\u00edburarnir.&#8220;<\/p>\n<p><strong>28.13\u00a0<\/strong><em>Reg\u00edum&#8230;P\u00fate\u00f3l\u00ed: <\/em>Reg\u00edum var \u00e1 sy\u00f0sta odda \u00cdtal\u00edu. P\u00fate\u00f3l\u00ed var um 120 km. su\u00f0ur af R\u00f3maborg, \u00fear mj\u00f6g n\u00e6rri sem n\u00fa er borgin Nap\u00f3l\u00ed. P\u00fate\u00f3l\u00ed var hafnarborg R\u00f3mar, \u00fe\u00f3tt ekki v\u00e6ri sj\u00e1vargatan sk\u00f6mm.<\/p>\n<p><strong>28.14\u00a0<\/strong><em>R\u00f3mar: <\/em>R\u00f3m, h\u00f6fu\u00f0borg r\u00f3mverska heimsveldisins, var reist \u00e1 h\u00e6\u00f0um me\u00f0fram T\u00edberflj\u00f3ti. \u00dear h\u00f6f\u00f0u b\u00fai\u00f0 Gy\u00f0ingar allt fr\u00e1 annarri \u00f6ld f. Kr., en \u00feeir ur\u00f0u ekki \u00e1berandi minnihluti fyrr en \u00e1 fyrstu \u00f6ldinni fyrir Krists bur\u00f0. \u00c1 d\u00f6gum P\u00e1ls postula voru \u00ed borginni ekki f\u00e6rri en 13 samkunduh\u00fas Gy\u00f0inga (s\u00fdnag\u00f3gur) og fj\u00f6ldi hofa og helgiskr\u00edna sem v\u00edg\u00f0 voru r\u00f3mverskum gu\u00f0um. Ekki er vita\u00f0 hverjir bo\u00f0u\u00f0u fyrst fagna\u00f0arerindi\u00f0 um Jes\u00fa \u00ed R\u00f3m, en tali\u00f0 er a\u00f0 \u00fear hafi d\u00e1l\u00edtill h\u00f3pur kristinna manna komi\u00f0 saman um mi\u00f0bik 5. \u00e1ratugar fyrstu aldarinnar. Sj\u00e1 n\u00e1nar <a href=\"https:\/\/biblian.is\/fraedsla\/ritskyring\/romverjabrefid-inngangur\/\">innganginn a\u00f0 R\u00f3mverjabr\u00e9finu<\/a>.<\/p>\n<p><strong>28.15\u00a0<\/strong><em>Kristnir menn: <\/em>Or\u00f0r\u00e9tt: B\u00e6\u00f0urnir.<\/p>\n<p><strong>28.15 <\/strong><em>App\u00edusartorgs og \u00der\u00edb\u00fa\u00f0a: <\/em>App\u00edusartorg var skiptast\u00f6\u00f0 vi\u00f0 s\u00edki sem teyg\u00f0i sig 32 km. lengra \u00ed su\u00f0ur. \u00der\u00edb\u00fa\u00f0ir var \u00e1ningarsta\u00f0ur \u00e1 fj\u00f6lf\u00f6rnum krossg\u00f6tum App\u00edusarvegarins um \u00fea\u00f0 bil 48 km. fyrir sunnan R\u00f3m.<\/p>\n<p><strong>28.19\u00a0<\/strong>Post 25.11<\/p>\n<p><strong>28.21\u00a0<\/strong><em>J\u00fadeu<\/em>: Jer\u00fasalem, mi\u00f0st\u00f6\u00f0 gu\u00f0sd\u00fdrkunar Gy\u00f0inga, var \u00ed J\u00fadeu. Umfangsmikil vegager\u00f0 R\u00f3mverja og siglingar, sem st\u00f3rlega haf\u00f0i vaxi\u00f0 fiskur um hrygg, stu\u00f0lu\u00f0u a\u00f0 auknum samg\u00f6ngum innan r\u00f3mverka heimsveldisins.<\/p>\n<p><strong>28.22\u00a0<\/strong><em>flokk \u00feennan: <\/em>\u00c1tt er vi\u00f0 s\u00f6fnu\u00f0 Jes\u00fa fr\u00e1 Nasaret.<\/p>\n<p><strong>28.23\u00a0<\/strong>Gu\u00f0s r\u00edki: Sj\u00e1 athugagrein vi\u00f0 1.3 (Gu\u00f0s r\u00edki).<\/p>\n<p><strong>28.23\u00a0<\/strong><em>l\u00f6gm\u00e1li M\u00f3se og sp\u00e1m\u00f6nnunum: <\/em>Sj\u00e1 athugagrein vi\u00f0 10.43.<\/p>\n<p><strong>28.25\u00a0<\/strong><em>heilagur andi: <\/em>Sj\u00e1 um <a href=\"https:\/\/biblian.is\/fraedsla\/ordtakasafn\/heilagur-andi\/\">Heilagan anda<\/a>.<\/p>\n<p><strong>28.28-29\u00a0<\/strong><em>hei\u00f0ingjunum<\/em>: Sj\u00e1 athugagrein vi\u00f0 10.45 (hei\u00f0ingjunum).<\/p>\n<p><strong>28.31\u00a0<\/strong><em>Gu\u00f0s r\u00edki: <\/em>Sj\u00e1 athugagrein vi\u00f0 1.3 (Gu\u00f0s r\u00edki).<\/p>\n","protected":false},"excerpt":{"rendered":"<p>28.1\u00a0Malta: Skipi\u00f0 haf\u00f0i \u00fdmist siglt e\u00f0a hrakist n\u00e6r 965 k\u00edl\u00f3metra <a href=\"https:\/\/biblian.is\/fraedsla\/ritskyring\/postulasagan-28-kafli\/\"> [&#8230;]<\/a><\/p>\n","protected":false},"author":1,"featured_media":0,"parent":4829,"menu_order":0,"comment_status":"closed","ping_status":"closed","template":"","meta":{"footnotes":""},"class_list":["post-5478","page","type-page","status-publish","hentry"],"_links":{"self":[{"href":"https:\/\/biblian.is\/fraedsla\/wp-json\/wp\/v2\/pages\/5478","targetHints":{"allow":["GET"]}}],"collection":[{"href":"https:\/\/biblian.is\/fraedsla\/wp-json\/wp\/v2\/pages"}],"about":[{"href":"https:\/\/biblian.is\/fraedsla\/wp-json\/wp\/v2\/types\/page"}],"author":[{"embeddable":true,"href":"https:\/\/biblian.is\/fraedsla\/wp-json\/wp\/v2\/users\/1"}],"replies":[{"embeddable":true,"href":"https:\/\/biblian.is\/fraedsla\/wp-json\/wp\/v2\/comments?post=5478"}],"version-history":[{"count":0,"href":"https:\/\/biblian.is\/fraedsla\/wp-json\/wp\/v2\/pages\/5478\/revisions"}],"up":[{"embeddable":true,"href":"https:\/\/biblian.is\/fraedsla\/wp-json\/wp\/v2\/pages\/4829"}],"wp:attachment":[{"href":"https:\/\/biblian.is\/fraedsla\/wp-json\/wp\/v2\/media?parent=5478"}],"curies":[{"name":"wp","href":"https:\/\/api.w.org\/{rel}","templated":true}]}}