{"id":5447,"date":"2019-05-25T22:29:02","date_gmt":"2019-05-25T22:29:02","guid":{"rendered":"https:\/\/biblian.is\/fraedsla\/?page_id=5447"},"modified":"2022-12-16T13:59:13","modified_gmt":"2022-12-16T13:59:13","slug":"opinberunarbok-johannesar-1-kafli","status":"publish","type":"page","link":"https:\/\/biblian.is\/fraedsla\/ritskyring\/opinberunarbok-johannesar-1-kafli\/","title":{"rendered":"Opinberunarb\u00f3k J\u00f3hannesar 1. kafli"},"content":{"rendered":"<h3>Sp\u00e1m\u00e6li J\u00f3hannesar og fyrirb\u00e6n<\/h3>\n<p><em>J\u00f3hannes segir fr\u00e1 \u00fev\u00ed a\u00f0 Jes\u00fas Kristur sendi engil sinn a\u00f0 birta honum opinberun, sem Jes\u00fas haf\u00f0i fr\u00e1 Gu\u00f0i hloti\u00f0 (1.1,2). Hann bi\u00f0ur \u00feess, a\u00f0 lesendur s\u00ednir megi \u00f6\u00f0last n\u00e1\u00f0 og fri\u00f0 og kynnir s\u00ed\u00f0an meginefni ritsins: Jes\u00fas hefur sigra\u00f0 dau\u00f0ann og er ofar \u00f6llu jar\u00f0nesku valdi og mun aftur koma a\u00f0 d\u00e6ma \u00fej\u00f3\u00f0irnar.<\/em><\/p>\n<p><em>\u00a0<\/em><strong>1.1\u00a0<\/strong><em>Opinberun Jes\u00fa Krists sem Gu\u00f0 gaf honum&#8230;sendi engil sinn: <\/em>Kristur er gr\u00edska or\u00f0i\u00f0 yfir &#8222;Mess\u00edas&#8220; \u00e1 hebresku og \u00fe\u00fd\u00f0ir &#8222;hinn smur\u00f0i&#8220; \u00fe.e. hinn \u00fatvaldi.\u00a0&#8222;Engill&#8220; (\u00e1 gr\u00edsku: angelos) \u00fe\u00fd\u00f0ir &#8222;sendibo\u00f0i.&#8220;<\/p>\n<p><strong>1.1 <\/strong><em>J\u00f3hannesi, \u00fej\u00f3ni s\u00ednum: <\/em>J\u00f3hannes kynnir sig \u00e1n f\u00f6\u00f0urnafns. Af \u00fev\u00ed kann a\u00f0 mega r\u00e1\u00f0a, a\u00f0 hann hafi veri\u00f0 vel kunnur lesendum s\u00ednum \u00ed s\u00f6fnu\u00f0um sj\u00f6. R\u00f3mversku yfirv\u00f6ldin hafa a\u00f0 l\u00edkindum sent J\u00f3hannes \u00ed \u00fatleg\u00f0 \u00e1 eynni Patmos (1.9) til \u00feess a\u00f0 hegna honum fyrir a\u00f0 pr\u00e9dika fagna\u00f0arerindi\u00f0 um Jes\u00fa \u00ed s\u00f6fnu\u00f0um As\u00edu.<\/p>\n<p><strong>1.3\u00a0<\/strong><em>S\u00e6ll er s\u00e1 sem les \u00feessi sp\u00e1d\u00f3msor\u00f0: <\/em>\u00deetta er hi\u00f0 fyrsta af sj\u00f6 s\u00e6lubo\u00f0um \u00ed Opinberunarb\u00f3k J\u00f3hannesar (sj\u00e1 Opb 14.13; 16.15; 19.9; 20.6; 22.7; 22.14). &#8222;Sp\u00e1d\u00f3msor\u00f0&#8220; er h\u00e9r \u00fea\u00f0 sem J\u00f3hannesi var birt \u00ed vitrunum, \u00fe.e. opinberun Jes\u00fas Krists, fr\u00e1 Gu\u00f0i komin.<\/p>\n<p><strong>1.4\u00a0<\/strong><em>til safna\u00f0anna sj\u00f6 \u00ed As\u00edu: <\/em>&#8222;As\u00eda&#8220; er h\u00e9r landsv\u00e6\u00f0i \u00ed r\u00f3mverska heimsveldinu austanver\u00f0u, hluti af \u00fev\u00ed sem n\u00fa er Tyrkland. S\u00f6fnu\u00f0irnir sj\u00f6 eru fulltr\u00faar allra safna\u00f0a \u00ed As\u00edu me\u00f0 kostum s\u00ednum og g\u00f6llum.<\/p>\n<p><strong>1.5 <\/strong><em>frumbur\u00f0ur upprisunnar fr\u00e1 dau\u00f0um: <\/em>Syndin lei\u00f0ir til dau\u00f0a (R\u00f3m 3.23), en me\u00f0 dau\u00f0a s\u00ednum hefur Jes\u00fas sigra\u00f0 dau\u00f0a okkar og endurn\u00fdja\u00f0 l\u00edfi\u00f0 me\u00f0 upprisu sinni. <a href=\"https:\/\/biblian.is\/fraedsla\/ordtakasafn\/synd\/\">Sj\u00e1 &#8222;Synd&#8220;<\/a>.<\/p>\n<h4>Kirkjus\u00f6fnu\u00f0irnir sj\u00f6 \u00ed s\u00fdn<\/h4>\n<p><em>J\u00f3hannes segir fr\u00e1 vitrun sinni um hinn upprisna Drottin og flytur s\u00f6fnu\u00f0unum sj\u00f6 \u00ed As\u00edu \u00feann bo\u00f0skap, sem honum var \u00e1 hendur falinn (1.9-20). S\u00ed\u00f0an fylgja skilabo\u00f0 til hvers safna\u00f0ar fyrir sig (2.1-3.22).<\/em><\/p>\n<p><strong>1.9 <\/strong><em>\u00e1 eynni Patmos: <\/em>Patmos er gr\u00fdttur og fj\u00f6ll\u00f3ttur h\u00f3lmi \u00e1 Eyjahafi um 50 km. \u00fati fyrir str\u00f6nd Litlu-As\u00edu og nefnist Pat\u00edn\u00f3 n\u00fana. \u00deanga\u00f0 sendu R\u00f3mverjar stundum \u00ed \u00fatleg\u00f0 \u00fe\u00e1, sem voru andsn\u00fanir keisaranum.<\/p>\n<p><strong>1.10\u00a0<\/strong><em>\u00e1 Drottins degi: <\/em>\u00c1 fyrsta degi vikunni, \u00fe.e. sunnudegi. Jes\u00fas reis upp fr\u00e1 dau\u00f0um \u00e1 sunnudegi, og er s\u00e1 dagur helgi- og hv\u00edldardagur kristinna manna.<\/p>\n<p><strong>1.10\u00a0<\/strong><em>\u00ed anda: <\/em>J\u00f3hannes hefur fyllst heil\u00f6gum anda. \u00dea\u00f0, sem Drottinn opinbera\u00f0i honum, hefur \u00fev\u00ed a\u00f0 l\u00edkindum birst honum \u00ed draumi e\u00f0a \u00ed lei\u00f0slu algleymis, &#8222;hrifningu \u00ed anda.&#8220; <a href=\"https:\/\/biblian.is\/fraedsla\/ordtakasafn\/heilagur-andi\/\">Sj\u00e1 &#8222;Heilagur andi&#8220;.<\/a><\/p>\n<p><strong>1.11\u00a0<\/strong><em>Efesus&#8230;La\u00f3d\u00edkeu: <\/em>Efesus, \u00ed h\u00e9ra\u00f0inu J\u00f3n\u00edu, var h\u00f6fu\u00f0borg r\u00f3mverska skattlandsins As\u00edu og \u00fea\u00f0an var skemmst til Patmos. Efesus var bl\u00f3mleg verslunarborg og mi\u00f0st\u00f6\u00f0 i\u00f0na\u00f0ar og lista. Verndargo\u00f0 borgarinnar var meygy\u00f0jan Artemis. Musteri hennar var st\u00e6rsta bygging Grikklands til forna, tali\u00f0 me\u00f0 &#8222;sj\u00f6 undrum&#8220; veraldar.<\/p>\n<p><strong>1.12 <\/strong><em>sj\u00f6 gulllj\u00f3sastikur: <\/em>Myndin h\u00e9r a\u00f0 ne\u00f0an s\u00fdnir sj\u00f6arma lj\u00f3sastiku \u00far gulli (\u00e1 hebresku <em>menorah<\/em>) eins og h\u00f6f\u00f0 var \u00ed samfundatjaldinu og s\u00ed\u00f0ar \u00ed musterinu \u00ed Jer\u00fasalem (sj\u00e1 2M\u00f3s 25.31-39; Sak 4.1-6). H\u00e9r t\u00e1kna sj\u00f6 lj\u00f3sastikur s\u00f6fnu\u00f0ina sj\u00f6 (1.20). \u00deeir eru a\u00f0 s\u00ednu leyti fulltr\u00faar gj\u00f6rvallrar Gu\u00f0s kristni (<a href=\"https:\/\/biblian.is\/fraedsla\/ordtakasafn\/tolur-i-bibliunni\/\">sj\u00e1 &#8222;T\u00f6lur \u00ed Bibl\u00edunni&#8220;<\/a>), enda Opinberunarb\u00f3kin \u00e6tlu\u00f0 j\u00e1tendum Krists um v\u00ed\u00f0a ver\u00f6ld.<\/p>\n<p><strong>1.13 <\/strong><em>mannssyni: <\/em>Sj\u00e1 &#8222;<a href=\"https:\/\/biblian.is\/fraedsla\/ordtakasafn\/mannssonurinn\/\">Mannssonurinn<\/a>&#8222;.<\/p>\n<p><strong>1.16 <\/strong><em>sj\u00f6 stj\u00f6rnur: <\/em>Stj\u00f6rnurnar eru englar safna\u00f0anna sj\u00f6 (1.20). Sj\u00e1 og Matt 17.1,2.<\/p>\n<p><strong>1.18 <\/strong><em>lykla dau\u00f0ans og heljar: <\/em>Vald yfir dau\u00f0anum (J\u00f3h 5.28,29).<\/p>\n","protected":false},"excerpt":{"rendered":"<p>Sp\u00e1m\u00e6li J\u00f3hannesar og fyrirb\u00e6n J\u00f3hannes segir fr\u00e1 \u00fev\u00ed a\u00f0 Jes\u00fas <a href=\"https:\/\/biblian.is\/fraedsla\/ritskyring\/opinberunarbok-johannesar-1-kafli\/\"> [&#8230;]<\/a><\/p>\n","protected":false},"author":1,"featured_media":0,"parent":4829,"menu_order":0,"comment_status":"closed","ping_status":"closed","template":"","meta":{"footnotes":""},"class_list":["post-5447","page","type-page","status-publish","hentry"],"_links":{"self":[{"href":"https:\/\/biblian.is\/fraedsla\/wp-json\/wp\/v2\/pages\/5447","targetHints":{"allow":["GET"]}}],"collection":[{"href":"https:\/\/biblian.is\/fraedsla\/wp-json\/wp\/v2\/pages"}],"about":[{"href":"https:\/\/biblian.is\/fraedsla\/wp-json\/wp\/v2\/types\/page"}],"author":[{"embeddable":true,"href":"https:\/\/biblian.is\/fraedsla\/wp-json\/wp\/v2\/users\/1"}],"replies":[{"embeddable":true,"href":"https:\/\/biblian.is\/fraedsla\/wp-json\/wp\/v2\/comments?post=5447"}],"version-history":[{"count":0,"href":"https:\/\/biblian.is\/fraedsla\/wp-json\/wp\/v2\/pages\/5447\/revisions"}],"up":[{"embeddable":true,"href":"https:\/\/biblian.is\/fraedsla\/wp-json\/wp\/v2\/pages\/4829"}],"wp:attachment":[{"href":"https:\/\/biblian.is\/fraedsla\/wp-json\/wp\/v2\/media?parent=5447"}],"curies":[{"name":"wp","href":"https:\/\/api.w.org\/{rel}","templated":true}]}}