{"id":5443,"date":"2019-05-25T22:24:12","date_gmt":"2019-05-25T22:24:12","guid":{"rendered":"https:\/\/biblian.is\/fraedsla\/?page_id=5443"},"modified":"2026-04-17T13:01:21","modified_gmt":"2026-04-17T13:01:21","slug":"opinberunarbok-johannesar-3-kafli","status":"publish","type":"page","link":"https:\/\/biblian.is\/fraedsla\/ritskyring\/opinberunarbok-johannesar-3-kafli\/","title":{"rendered":"Opinberunarb\u00f3k J\u00f3hannesar 3. kafli"},"content":{"rendered":"<p><strong>3.1 <\/strong><em>Sardes: <\/em>Or\u00f0 f\u00f3r af borginni Sardes fyrir ullari\u00f0na\u00f0. \u00dear var og \u00e1k\u00f6f keisarad\u00fdrkun. Borgin ey\u00f0ilag\u00f0ist af v\u00f6ldum mikils jar\u00f0skj\u00e1lfta \u00e1ri\u00f0 17 e. Kr.<\/p>\n<p><strong>3.3 <\/strong><em>b\u00e6t r\u00e1\u00f0 \u00feitt&#8230;ef \u00fe\u00fa vakir ekki: <\/em>Sj\u00e1 athugagrein vi\u00f0 1.5. J\u00f3hannes minnir hina kristnu \u00ed Sardes \u00e1 forfe\u00f0ur \u00feeirra, sem r\u00e1\u00f0ist var \u00e1 \u00f3v\u00f6rum. Sj\u00e1 og Matt 24.43,44; L\u00fak 12.39,40; Opb 16.15.<\/p>\n<p><strong>3.4 <\/strong><em>\u00ed hv\u00edtum kl\u00e6\u00f0um: <\/em>Al\u00feekkt t\u00e1kn hreinleika hi\u00f0 innra. Sj\u00e1 og Dan 7.9.<\/p>\n<p><strong>3.5 <\/strong><em>b\u00f3k l\u00edfsins: <\/em>B\u00f3kin, sem geymir n\u00f6fn r\u00e9ttl\u00e1tra (sj\u00e1 2M\u00f3s 32.32,33; Slm 69.29; Dan 12.1; Fil 4.3; Opb 20.12). Kristur mun segja F\u00f6\u00f0urnum n\u00f6fn hinna tr\u00fau (sj\u00e1 og Matt 10.32; L\u00fak 12.8).<\/p>\n<p><strong>3.7\u00a0<\/strong><em>F\u00edladelf\u00edu: <\/em>F\u00edladelf\u00eda f\u00e9kk l\u00edka a\u00f0 kenna \u00e1 jar\u00f0skj\u00e1lftanum sem ey\u00f0ilag\u00f0i Sardes (sj\u00e1 athugagrein vi\u00f0 3.1), en loki\u00f0 var vi\u00f0 a\u00f0 reisa borgina a\u00f0 n\u00fdju \u00e1 milli 80 og 90 e. Kr. A\u00f0alatvinnuvegir \u00edb\u00faanna voru landb\u00fana\u00f0ur, le\u00f0uri\u00f0ja og t\u00f3vinna.<\/p>\n<p><strong>3.7\u00a0<\/strong><em>lykil Dav\u00ed\u00f0s: <\/em>Lykillinn t\u00e1knar vald yfir konungd\u00e6mi Dav\u00ed\u00f0s. Drottinn h\u00e9t Dav\u00ed\u00f0 \u00fev\u00ed, a\u00f0 einn ni\u00f0ja hans mundi stj\u00f3rna fri\u00f0arr\u00edki sem engan enda t\u00e6ki (2Sam 7.11-16; Jes 9.6,7). Jes\u00fas er afkomandi Dav\u00ed\u00f0s, hinn smur\u00f0i Drottins og \u00fatvaldi konungur, og \u00e1 honum hafa hinir fornu sp\u00e1d\u00f3mar r\u00e6st.<\/p>\n<p><strong>3.8 <\/strong><em>ekki afneita\u00f0 m\u00e9r: <\/em>E\u00f0a &#8222;ekki afneita\u00f0 nafni m\u00ednu.&#8220;<\/p>\n<p><strong>3.9 <\/strong><em>af samkundu Satans, sem segjast vera Gy\u00f0ingar: <\/em>V\u00edsast er \u00e1tt vi\u00f0 Gy\u00f0ingana \u00ed samkunduh\u00fasinu \u00ed F\u00edladelf\u00edu, sem andv\u00edgir voru hverjum \u00feeim sem tr\u00fa\u00f0u a\u00f0 Jes\u00fas v\u00e6ri hinn smur\u00f0i Drottins, Mess\u00edas. Sj\u00e1 athugagrein vi\u00f0 2.9 (segja sj\u00e1lfa sig vera Gy\u00f0inga). L\u00edka getur veri\u00f0, a\u00f0 &#8222;samkunda Satans&#8220; eigi vi\u00f0 hei\u00f0ing-kristna menn, sem f\u00f3ru a\u00f0 si\u00f0um og reglum \u00ed l\u00f6gm\u00e1li M\u00f3se og kv\u00e1\u00f0ust \u00fev\u00ed vera Gy\u00f0ingar.<\/p>\n<p><strong>3.10\u00a0<\/strong><em>reynslustund: <\/em>T\u00edminn \u00feanga\u00f0 til Jes\u00fas kemur aftur a\u00f0 d\u00e6ma lifendur og dau\u00f0a (2P\u00e9t 3.10-13; Opb 6.10; 16.14,15). V\u00ed\u00f0a \u00ed N\u00fdja testamenti er \u00fea\u00f0 minnt, a\u00f0 me\u00f0an hinir kristnu b\u00ed\u00f0a endurkomu Krists muni \u00feeir \u00feurfa a\u00f0 ganga \u00ed gegnum erfi\u00f0leika og \u00ferengingar (1J\u00f3h 2.18; 2P\u00e9t 3.3,4; 2T\u00edm 3.1-9). Sj\u00e1 og &#8222;<a href=\"https:\/\/biblian.is\/fraedsla\/ordtakasafn\/efstu-dagar\/\">Efstu dagar<\/a>&#8222;.<\/p>\n<p><strong>3.12\u00a0<\/strong><em>m\u00e1ttarst\u00f3lpa \u00ed musteri Gu\u00f0s: <\/em>Hinir kristnu \u00ed F\u00edladelf\u00edu h\u00f6f\u00f0u m\u00e1tt horfa upp \u00e1 rammbygg\u00f0 musteri hrynja til grunna \u00ed jar\u00f0skj\u00e1lfta. \u00deegar \u00feeir heyr\u00f0u sj\u00e1lfa sig kalla\u00f0a m\u00e1ttarst\u00f3lpa er standa mundu um aldurdaga, minntust \u00feeir hinna &#8222;lifandi steina&#8220; (1P\u00e9t 2.5).<\/p>\n<p><strong>3.14 <\/strong><em>La\u00f3d\u00edkeu<\/em><strong>: <\/strong>Ant\u00edokkus II konungur S\u00fdrlands reisti borgina La\u00f3d\u00edkeu \u00e1 3. \u00f6ldinni f. Kr. og nefndi eftir konu sinni, La\u00f3d\u00edke<strong>. <\/strong>La\u00f3d\u00edkea var r\u00f3mu\u00f0 fyrir banka s\u00edna, fatna\u00f0 og g\u00f3lfteppi, svarta ull og l\u00e6kna, sem bjuggu til augnsmyrsl handa \u00f6llu r\u00f3mverska heimsveldinu. \u00deegar jar\u00f0skj\u00e1lft st\u00f3rskemmdi borgina \u00e1ri\u00f0 60 e. Kr., st\u00f3\u00f0 h\u00fan svo traustum f\u00f3tum fj\u00e1rhagslega, a\u00f0 unnt var a\u00f0 byggja hana a\u00f0 n\u00fdju \u00e1n a\u00f0sto\u00f0ar fr\u00e1 R\u00f3m.<\/p>\n<p><strong>3.14 <\/strong><em>amen: <\/em>Or\u00f0i\u00f0 merkir h\u00e9r &#8222;\u00e1rei\u00f0anleiki.&#8220;<\/p>\n<p><strong>3.17\u00a0<\/strong><em>\u00de\u00fa segir: &#8222;\u00c9g er r\u00edkur&#8230;: <\/em>\u00deessi or\u00f0 eru fullkomin andst\u00e6\u00f0a \u00feess, sem sem hinir f\u00e1t\u00e6ku kristnu menn \u00ed Smyrnu fengu a\u00f0 heyra. Sj\u00e1 athugagrein vi\u00f0 2.9 (f\u00e1t\u00e6kt). Margir safna\u00f0arme\u00f0limir \u00ed La\u00f3d\u00edkeu hafa veri\u00f0 happas\u00e6lir au\u00f0menn (sj\u00e1 athugagrein vi\u00f0 3.14: La\u00f3d\u00edkeu). En \u00feeir voru andlegir \u00f6reigar af \u00fev\u00ed a\u00f0 l\u00edferni \u00feeirra bar ekki vott um kristna tr\u00fa.<\/p>\n<p><strong>3.18\u00a0<\/strong><em>kaupir af m\u00e9r gull&#8230;hv\u00edt kl\u00e6\u00f0i&#8230;smyrsl \u00e1 augu \u00fe\u00edn: <\/em>Hinir r\u00edku \u00ed La\u00f3d\u00edkeu hafa \u00f3efa\u00f0 \u00e1tt gn\u00e6g\u00f0 skartgripa \u00far gulli og r\u00e1nd\u00fdran fatna\u00f0. \u00deeim var r\u00e1\u00f0lagt a\u00f0 skipta n\u00fa \u00e1 gersemum s\u00ednum og \u00fev\u00ed gulli, sem &#8222;sk\u00edrt er \u00ed eldi.&#8220; \u00dea\u00f0 gull kanna a\u00f0 merkja gjafir heilags anda, e\u00f0a hi\u00f0 d\u00fdrm\u00e6ta bl\u00f3\u00f0 Krists sem gaf l\u00edf sitt til lausnargjalds fyrir marga (sj\u00e1 1P\u00e9t 1.18,19), e\u00f0a \u00fe\u00e1 andlegu blessun sem \u00feeim hlotnast, sem \u00feola \u00fej\u00e1ningar vegna Krists.<\/p>\n<p>Sj\u00e1 athugagrein vi\u00f0 3.4 (\u00ed hv\u00edtum kl\u00e6\u00f0um).<\/p>\n<p>Me\u00f0 smyrslunum, sem \u00feeim var sagt a\u00f0 kaupa s\u00e9r, er tr\u00falega v\u00edsa\u00f0 til augnsmyrslanna, sem b\u00fain voru til \u00ed La\u00f3d\u00edkeu. \u00c1 sama h\u00e1tt og \u00e1bur\u00f0ur \u00feessi kom a\u00f0 g\u00f3\u00f0u gagni vi\u00f0 augnsj\u00fakd\u00f3mum, mundi sannleikurinn um Jes\u00fa opna augu safna\u00f0armanna \u00ed La\u00f3d\u00edkeu fyrir andlegum g\u00e6\u00f0um (3.19).<\/p>\n","protected":false},"excerpt":{"rendered":"<p>3.1 Sardes: Or\u00f0 f\u00f3r af borginni Sardes fyrir ullari\u00f0na\u00f0. \u00dear <a href=\"https:\/\/biblian.is\/fraedsla\/ritskyring\/opinberunarbok-johannesar-3-kafli\/\"> [&#8230;]<\/a><\/p>\n","protected":false},"author":1,"featured_media":0,"parent":4829,"menu_order":0,"comment_status":"closed","ping_status":"closed","template":"","meta":{"footnotes":""},"class_list":["post-5443","page","type-page","status-publish","hentry"],"_links":{"self":[{"href":"https:\/\/biblian.is\/fraedsla\/wp-json\/wp\/v2\/pages\/5443","targetHints":{"allow":["GET"]}}],"collection":[{"href":"https:\/\/biblian.is\/fraedsla\/wp-json\/wp\/v2\/pages"}],"about":[{"href":"https:\/\/biblian.is\/fraedsla\/wp-json\/wp\/v2\/types\/page"}],"author":[{"embeddable":true,"href":"https:\/\/biblian.is\/fraedsla\/wp-json\/wp\/v2\/users\/1"}],"replies":[{"embeddable":true,"href":"https:\/\/biblian.is\/fraedsla\/wp-json\/wp\/v2\/comments?post=5443"}],"version-history":[{"count":0,"href":"https:\/\/biblian.is\/fraedsla\/wp-json\/wp\/v2\/pages\/5443\/revisions"}],"up":[{"embeddable":true,"href":"https:\/\/biblian.is\/fraedsla\/wp-json\/wp\/v2\/pages\/4829"}],"wp:attachment":[{"href":"https:\/\/biblian.is\/fraedsla\/wp-json\/wp\/v2\/media?parent=5443"}],"curies":[{"name":"wp","href":"https:\/\/api.w.org\/{rel}","templated":true}]}}

Opinberunarbók Jóhannesar 3. kafli

<p><strong>3.1 </strong><em>Sardes: </em>Orð fór af borginni Sardes fyrir ullariðnað. Þar var og áköf keisaradýrkun. Borgin eyðilagðist af völdum mikils jarðskjálfta árið 17 e. Kr.</p>
<p><strong>3.3 </strong><em>bæt ráð þitt&#8230;ef þú vakir ekki: </em>Sjá athugagrein við 1.5. Jóhannes minnir hina kristnu í Sardes á forfeður þeirra, sem ráðist var á óvörum. Sjá og Matt 24.43,44; Lúk 12.39,40; Opb 16.15.</p>
<p><strong>3.4 </strong><em>í hvítum klæðum: </em>Alþekkt tákn hreinleika hið innra. Sjá og Dan 7.9.</p>
<p><strong>3.5 </strong><em>bók lífsins: </em>Bókin, sem geymir nöfn réttlátra (sjá 2Mós 32.32,33; Slm 69.29; Dan 12.1; Fil 4.3; Opb 20.12). Kristur mun segja Föðurnum nöfn hinna trúu (sjá og Matt 10.32; Lúk 12.8).</p>
<p><strong>3.7 </strong><em>Fíladelfíu: </em>Fíladelfía fékk líka að kenna á jarðskjálftanum sem eyðilagði Sardes (sjá athugagrein við 3.1), en lokið var við að reisa borgina að nýju á milli 80 og 90 e. Kr. Aðalatvinnuvegir íbúanna voru landbúnaður, leðuriðja og tóvinna.</p>
<p><strong>3.7 </strong><em>lykil Davíðs: </em>Lykillinn táknar vald yfir konungdæmi Davíðs. Drottinn hét Davíð því, að einn niðja hans mundi stjórna friðarríki sem engan enda tæki (2Sam 7.11-16; Jes 9.6,7). Jesús er afkomandi Davíðs, hinn smurði Drottins og útvaldi konungur, og á honum hafa hinir fornu spádómar ræst.</p>
<p><strong>3.8 </strong><em>ekki afneitað mér: </em>Eða &#8222;ekki afneitað nafni mínu.&#8220;</p>
<p><strong>3.9 </strong><em>af samkundu Satans, sem segjast vera Gyðingar: </em>Vísast er átt við Gyðingana í samkunduhúsinu í Fíladelfíu, sem andvígir voru hverjum þeim sem trúðu að Jesús væri hinn smurði Drottins, Messías. Sjá athugagrein við 2.9 (segja sjálfa sig vera Gyðinga). Líka getur verið, að &#8222;samkunda Satans&#8220; eigi við heiðing-kristna menn, sem fóru að siðum og reglum í lögmáli Móse og kváðust því vera Gyðingar.</p>
<p><strong>3.10 </strong><em>reynslustund: </em>Tíminn þangað til Jesús kemur aftur að dæma lifendur og dauða (2Pét 3.10-13; Opb 6.10; 16.14,15). Víða í Nýja testamenti er það minnt, að meðan hinir kristnu bíða endurkomu Krists muni þeir þurfa að ganga í gegnum erfiðleika og þrengingar (1Jóh 2.18; 2Pét 3.3,4; 2Tím 3.1-9). Sjá og &#8222;<a href="https://biblian.is/fraedsla/ordtakasafn/efstu-dagar/">Efstu dagar</a>&#8222;.</p>
<p><strong>3.12 </strong><em>máttarstólpa í musteri Guðs: </em>Hinir kristnu í Fíladelfíu höfðu mátt horfa upp á rammbyggð musteri hrynja til grunna í jarðskjálfta. Þegar þeir heyrðu sjálfa sig kallaða máttarstólpa er standa mundu um aldurdaga, minntust þeir hinna &#8222;lifandi steina&#8220; (1Pét 2.5).</p>
<p><strong>3.14 </strong><em>Laódíkeu</em><strong>: </strong>Antíokkus II konungur Sýrlands reisti borgina Laódíkeu á 3. öldinni f. Kr. og nefndi eftir konu sinni, Laódíke<strong>. </strong>Laódíkea var rómuð fyrir banka sína, fatnað og gólfteppi, svarta ull og lækna, sem bjuggu til augnsmyrsl handa öllu rómverska heimsveldinu. Þegar jarðskjálft stórskemmdi borgina árið 60 e. Kr., stóð hún svo traustum fótum fjárhagslega, að unnt var að byggja hana að nýju án aðstoðar frá Róm.</p>
<p><strong>3.14 </strong><em>amen: </em>Orðið merkir hér &#8222;áreiðanleiki.&#8220;</p>
<p><strong>3.17 </strong><em>Þú segir: &#8222;Ég er ríkur&#8230;: </em>Þessi orð eru fullkomin andstæða þess, sem sem hinir fátæku kristnu menn í Smyrnu fengu að heyra. Sjá athugagrein við 2.9 (fátækt). Margir safnaðarmeðlimir í Laódíkeu hafa verið happasælir auðmenn (sjá athugagrein við 3.14: Laódíkeu). En þeir voru andlegir öreigar af því að líferni þeirra bar ekki vott um kristna trú.</p>
<p><strong>3.18 </strong><em>kaupir af mér gull&#8230;hvít klæði&#8230;smyrsl á augu þín: </em>Hinir ríku í Laódíkeu hafa óefað átt gnægð skartgripa úr gulli og rándýran fatnað. Þeim var ráðlagt að skipta nú á gersemum sínum og því gulli, sem &#8222;skírt er í eldi.&#8220; Það gull kanna að merkja gjafir heilags anda, eða hið dýrmæta blóð Krists sem gaf líf sitt til lausnargjalds fyrir marga (sjá 1Pét 1.18,19), eða þá andlegu blessun sem þeim hlotnast, sem þola þjáningar vegna Krists.</p>
<p>Sjá athugagrein við 3.4 (í hvítum klæðum).</p>
<p>Með smyrslunum, sem þeim var sagt að kaupa sér, er trúlega vísað til augnsmyrslanna, sem búin voru til í Laódíkeu. Á sama hátt og áburður þessi kom að góðu gagni við augnsjúkdómum, mundi sannleikurinn um Jesú opna augu safnaðarmanna í Laódíkeu fyrir andlegum gæðum (3.19).</p>

<p>3.1 Sardes: Orð fór af borginni Sardes fyrir ullariðnað. Þar <a href="https://biblian.is/fraedsla/ritskyring/opinberunarbok-johannesar-3-kafli/"> [&#8230;]</a></p>
