{"id":5428,"date":"2019-05-25T22:11:52","date_gmt":"2019-05-25T22:11:52","guid":{"rendered":"https:\/\/biblian.is\/fraedsla\/?page_id=5428"},"modified":"2026-04-17T13:01:20","modified_gmt":"2026-04-17T13:01:20","slug":"opinberunarbok-johannesar-17-kafli","status":"publish","type":"page","link":"https:\/\/biblian.is\/fraedsla\/ritskyring\/opinberunarbok-johannesar-17-kafli\/","title":{"rendered":"Opinberunarb\u00f3k J\u00f3hannesar 17. kafli"},"content":{"rendered":"<h3>\u00d3vinir Gu\u00f0s a\u00f0 velli lag\u00f0ir<\/h3>\n<p><em>\u00d3vinir Gu\u00f0s, Bab\u00fdlon (r\u00f3mverska heimsveldi\u00f0) og Satan, ver\u00f0a gj\u00f6rsigra\u00f0ir. \u00deegar J\u00f3hannes s\u00e9r d\u00f3m Gu\u00f0s \u00ed s\u00fdn, birtist honum allra sn\u00f6ggvast \u00f6nnur s\u00fdn. S\u00fa opinberar honum \u00fe\u00e6r fyrir\u00e6tlanir Gu\u00f0s f\u00f3lki s\u00ednu til heilla, sem n\u00fa n\u00e1 lokamarki s\u00ednu \u00ed br\u00fa\u00f0kaupsveislu lambsins (19.kap\u00edtuli).<\/em><\/p>\n<p><strong>17.1\u00a0<\/strong><em>sk\u00e6kjunni miklu: <\/em>\u00c1tt er vi\u00f0 h\u00f6fu\u00f0sta\u00f0 r\u00f3mverska heimsveldisins, sj\u00e1lfa R\u00f3maborg. \u00dear voru \u00e6\u00f0i margir \u00f3si\u00f0samir og drembil\u00e1tir \u00ed senn. \u00dej\u00f3\u00f0ir og lei\u00f0togar, sem R\u00f3maveldi hefur lagt undir sig, eru sag\u00f0ir hafa dr\u00fdgt saurlifna\u00f0 me\u00f0 sk\u00e6kjunni (17.2).<\/p>\n<p><strong>17.3\u00a0<\/strong><em>konu sitja \u00e1 skarlatsrau\u00f0u d\u00fdri: <\/em>Sj\u00e1 athugagrein vi\u00f0 13.1 (d\u00fdr). Konan er R\u00f3maborg, hin sama og \u00ed 17.1.<\/p>\n<p><strong>17.4\u00a0<\/strong><em>kl\u00e6dd \u00ed purpura og skarlat: <\/em>Purpurakl\u00e6\u00f0i \u00fe\u00f3ttu vi\u00f0 h\u00e6fi konunga og h\u00e1ttsettra fyrirmanna (sj\u00e1 D\u00f3m 8.26; Dan 5.7). Purpuri er s\u00e9rstakur, d\u00fdr, rau\u00f0fj\u00f3lubl\u00e1r litur, fyrrum unninn \u00far purpuraskel og s\u00e9rstakri skord\u00fdrategund, skjaldl\u00fasinni. Skarlatsrau\u00f0ur litur er eldrau\u00f0ur me\u00f0 appels\u00ednugulum e\u00f0a fj\u00f3lubl\u00e1um bl\u00e6 og er oftast litur alv\u00f6ru og drunga, en kann h\u00e9r a\u00f0 t\u00e1kna bl\u00f3\u00f0 hinna kristnu p\u00edslarvotta (17.6).<\/p>\n<p><strong>17.6 <\/strong><em>drukkin af bl\u00f3\u00f0i hinna heil\u00f6gu: <\/em>G\u00e6\u00f0ingar \u00ed R\u00f3m h\u00f6f\u00f0u l\u00e1ti\u00f0 taka marga kristna menn af l\u00edfi. \u00cd <em>Ann\u00e1lum<\/em>s\u00ednum l\u00fdsir r\u00f3mverski sagnaritarinn Tacitus ofs\u00f3knum Ner\u00f3s keisara \u00e1 hendur hinum kristnu \u00e1 sj\u00f6unda \u00e1ratugnum e. Kr.<\/p>\n<p><strong>17.7 <\/strong><em>d\u00fdrsins me\u00f0 h\u00f6fu\u00f0in sj\u00f6: <\/em>Sj\u00e1 athugagrein vi\u00f0 13.1.<\/p>\n<p><strong>17.8\u00a0<\/strong><em>l\u00edfsins b\u00f3k: <\/em>Sj\u00e1 athugagrein vi\u00f0 3.5.<\/p>\n<p><strong>17.9-11\u00a0<\/strong><em>H\u00f6fu\u00f0in sj\u00f6&#8230;sj\u00f6 konungar: <\/em>R\u00f3maborg var reist \u00e1 sj\u00f6 h\u00e6\u00f0um. &#8222;H\u00f6fu\u00f0in sj\u00f6&#8220; eru keisararnir \u00ed R\u00f3m (h\u00e9r nefndir konungar). Ekki er lj\u00f3st, hva\u00f0a sj\u00f6 keisara J\u00f3hannes hefur \u00ed huga.<\/p>\n<p><strong>17.12,13\u00a0<\/strong><em>hornin t\u00edu&#8230;t\u00edu konungar: <\/em>H\u00e9r kann a\u00f0 vera \u00e1tt vi\u00f0 t\u00edu r\u00f3mverska keisara \u00ed vi\u00f0b\u00f3t, sem lj\u00e1 d\u00fdrinu (Satan) m\u00e1tt sinn og vald. E\u00f0a \u00fe\u00e1 a\u00f0 v\u00edsa\u00f0 er til t\u00edu \u00fej\u00f3\u00f0arlei\u00f0toga, sem sty\u00f0ja heimsveldi\u00f0.<\/p>\n<p><strong>17.14 <\/strong><em>lambi\u00f0: <\/em>Sj\u00e1 athugagrein vi\u00f0 5.6. Konungarnir (17.12,13) munu heyja str\u00ed\u00f0 vi\u00f0 lambi\u00f0, en \u00fea\u00f0 merkir a\u00f0 \u00feeir munu ofs\u00e6kja j\u00e1tendur Jes\u00fa og kirkjuna (sj\u00e1 19.11-21).<\/p>\n<p><strong>17.16\u00a0<\/strong><em>munu hata sk\u00e6kjuna: <\/em>\u00dej\u00f3\u00f0irnar, sem n\u00fa sty\u00f0ja R\u00f3maveldi, munu um s\u00ed\u00f0ir sn\u00faast gegn \u00fev\u00ed og bera h\u00e6rra hlut.<\/p>\n","protected":false},"excerpt":{"rendered":"<p>\u00d3vinir Gu\u00f0s a\u00f0 velli lag\u00f0ir \u00d3vinir Gu\u00f0s, Bab\u00fdlon (r\u00f3mverska heimsveldi\u00f0) <a href=\"https:\/\/biblian.is\/fraedsla\/ritskyring\/opinberunarbok-johannesar-17-kafli\/\"> [&#8230;]<\/a><\/p>\n","protected":false},"author":1,"featured_media":0,"parent":4829,"menu_order":0,"comment_status":"closed","ping_status":"closed","template":"","meta":{"footnotes":""},"class_list":["post-5428","page","type-page","status-publish","hentry"],"_links":{"self":[{"href":"https:\/\/biblian.is\/fraedsla\/wp-json\/wp\/v2\/pages\/5428","targetHints":{"allow":["GET"]}}],"collection":[{"href":"https:\/\/biblian.is\/fraedsla\/wp-json\/wp\/v2\/pages"}],"about":[{"href":"https:\/\/biblian.is\/fraedsla\/wp-json\/wp\/v2\/types\/page"}],"author":[{"embeddable":true,"href":"https:\/\/biblian.is\/fraedsla\/wp-json\/wp\/v2\/users\/1"}],"replies":[{"embeddable":true,"href":"https:\/\/biblian.is\/fraedsla\/wp-json\/wp\/v2\/comments?post=5428"}],"version-history":[{"count":0,"href":"https:\/\/biblian.is\/fraedsla\/wp-json\/wp\/v2\/pages\/5428\/revisions"}],"up":[{"embeddable":true,"href":"https:\/\/biblian.is\/fraedsla\/wp-json\/wp\/v2\/pages\/4829"}],"wp:attachment":[{"href":"https:\/\/biblian.is\/fraedsla\/wp-json\/wp\/v2\/media?parent=5428"}],"curies":[{"name":"wp","href":"https:\/\/api.w.org\/{rel}","templated":true}]}}