{"id":5426,"date":"2019-05-25T22:10:28","date_gmt":"2019-05-25T22:10:28","guid":{"rendered":"https:\/\/biblian.is\/fraedsla\/?page_id=5426"},"modified":"2026-04-17T13:01:20","modified_gmt":"2026-04-17T13:01:20","slug":"opinberunarbok-johannesar-18-kafli","status":"publish","type":"page","link":"https:\/\/biblian.is\/fraedsla\/ritskyring\/opinberunarbok-johannesar-18-kafli\/","title":{"rendered":"Opinberunarb\u00f3k J\u00f3hannesar 18. kafli"},"content":{"rendered":"<p><strong>18.2 <\/strong><em>dj\u00f6fla: <\/em>Illir, \u00f3hreinir andar, sem fylgja Satan a\u00f0 m\u00e1lum og ganga erinda hans. Sj\u00e1 athugagrein vi\u00f0 2.10 (Dj\u00f6fullinn).<\/p>\n<p><strong>18.3 <\/strong><em>lostav\u00edni saurl\u00edfis s\u00edns: <\/em>H\u00e9r er v\u00edni\u00f0 t\u00e1kn um makt og miki\u00f0 veldi R\u00f3mar, sem g\u00e9kk \u00ed augun \u00e1 f\u00f3lki og dr\u00f3 \u00fea\u00f0 til s\u00edn. \u00deennan \u00e1hrifam\u00e1tt nota\u00f0i heimsveldi\u00f0 til \u00feess a\u00f0 stj\u00f3rna \u00feegnum s\u00ednum. Menn l\u00e9tu glepjast af herna\u00f0arm\u00e6tti og r\u00edkid\u00e6mi R\u00f3mar, l\u00edkt og \u00feegar f\u00f3lk ver\u00f0ur drukki\u00f0 af v\u00edni og glatar d\u00f3mgreind sinni.<\/p>\n<p><strong>18.4 <\/strong><em>syndum: <\/em>Sj\u00e1 athugagrein vi\u00f0 1.5 (Syndin).<\/p>\n<p><strong>18.11 <\/strong><em>kaupmenn jar\u00f0arinnar gr\u00e1ta: <\/em>R\u00f3mverska heimsveldi\u00f0 r\u00e9\u00f0i skipah\u00f6fnum og \u00fej\u00f3\u00f0lei\u00f0um landanna \u00ed kringum Mi\u00f0jar\u00f0arhafi\u00f0. Kaupmenn ur\u00f0u a\u00f0 fara a\u00f0 r\u00f3mverskum l\u00f6gum og gjalda yfirv\u00f6ldunum skatt. \u00dear \u00e1 m\u00f3ti nutu \u00feeir verndar valdstj\u00f3rnarinnar, sem trygg\u00f0i \u00feeim mj\u00f6g \u00e1kj\u00f3sanlega a\u00f0st\u00f6\u00f0u til \u00feess a\u00f0 stunda vi\u00f0skipti s\u00edn.<\/p>\n<p><strong>18.13 <\/strong><em>ilmjurtir&#8230;reykelsi: <\/em>Myrra heitir vi\u00f0arkvo\u00f0a \u00fat hitabeltistrj\u00e1m, sem notu\u00f0 er sem ilmefni. H\u00fan er unnin \u00far runnagr\u00f3\u00f0ri \u00ed Arab\u00edu og Afr\u00edku, d\u00f6kkrau\u00f0 \u00e1 litinn, lyktar miki\u00f0 og er beisk \u00e1 brag\u00f0i\u00f0. Myrra var mulin \u00ed salla, sem nota\u00f0ur var til \u00feess a\u00f0 b\u00faa til d\u00fdr smyrsl og ilmv\u00f6tn. Reykelsi er hv\u00edtt kvo\u00f0ukennt efni, sem ver\u00f0ur til \u00ed vissum trj\u00e1tegundum \u00ed Arab\u00edu. \u00dar \u00feessu er framleitt ver\u00f0m\u00e6tt, ilmandi duft sem nota\u00f0 var \u00ed helgihaldi Gy\u00f0inga (2M\u00f3s 30: 34-38).<\/p>\n<p><strong>18.13 <\/strong><em>\u00fer\u00e6la og mannsl\u00edf: <\/em>R\u00f3mverjar hnepptu \u00ed \u00fer\u00e6ld\u00f3m f\u00f3lk \u00feeirra \u00fej\u00f3\u00f0a, sem \u00feeir l\u00f6g\u00f0u undir sig. Margt af \u00feessu \u00e1nau\u00f0uga f\u00f3lki fluttu \u00feeir me\u00f0 s\u00e9r til R\u00f3mar og l\u00e9tu \u00fea\u00f0 ganga um beina vi\u00f0 hir\u00f0 keisarans og \u00e1 heimilum au\u00f0manna. \u00c1 fyrstu \u00f6ldinni eftir Krist voru \u00fer\u00e6lar n\u00e6r helmingur allra \u00edb\u00faa R\u00f3maborgar. Or\u00f0i\u00f0 &#8222;mannsl\u00edf&#8220; kann h\u00e9r a\u00f0 merkja \u00fe\u00e1 \u00f3l\u00e1nss\u00f6mu menn, sem var gert a\u00f0 berjast hverjum vi\u00f0 annan ellegar \u00fe\u00e1 vi\u00f0 villid\u00fdr \u00e1 leikv\u00f6ngum borgarinnar, fyrirf\u00f3lki R\u00f3mar og \u00f6\u00f0rum \u00feegnum til d\u00e6gradvalar. <a href=\"https:\/\/biblian.is\/fraedsla\/samtidarsaga-bibliunnar\/thraelar-og-thjonustufolk-a-dogum-jesu\/\">Sj\u00e1 &#8222;\u00der\u00e6lar og \u00fej\u00f3nustuf\u00f3lk \u00e1 d\u00f6gum Jes\u00fa&#8220;.<\/a><\/p>\n<p><strong>18.16\u00a0<\/strong><em>purpura og skarlati: <\/em>Sj\u00e1 athugagrein vi\u00f0 17.14.<\/p>\n<p><strong>18.20\u00a0<\/strong><em>postular og sp\u00e1menn: <\/em>&#8222;Postular&#8220; merkir h\u00e9r \u00fe\u00e1, sem kosnir hafa veri\u00f0 af Gu\u00f0i til \u00feess a\u00f0 brei\u00f0a \u00fat fagna\u00f0arerindi\u00f0 um Jes\u00fa Krist. Postular eru \u00feeir t\u00f3lf, sem Jes\u00fas valdi \u00far l\u00e6risveinah\u00f3pnum og nefndir eru \u00e1 nafn \u00ed gu\u00f0spj\u00f6llunum, en einnig mikilh\u00e6fir pr\u00e9dikarar og kennarar \u00e1 bor\u00f0 vi\u00f0 t.d. P\u00e1l postula. Sj\u00e1 athugagrein vi\u00f0 10.7 (sp\u00e1m\u00f6nnunum).<\/p>\n<p><strong>18.21 <\/strong><em>mikinn kvarnarstein: <\/em>H\u00e9r er \u00e1tt vi\u00f0 myllustein, sem nota\u00f0ur var til \u00feess a\u00f0 mala korn. S\u00e9 sl\u00edkum steini, n\u00ed\u00f0\u00feungum, varpa\u00f0 \u00ed sj\u00f3inn, mun hann \u00f3\u00f0ara s\u00f6kkva til botns og eins ver\u00f0a endalok R\u00f3mar \u00f3v\u00e6nat og skyndileg.<\/p>\n<p><strong>18.23 <\/strong><em>af t\u00f6frum \u00fe\u00ednum: <\/em>Misbeiting valdsins \u00ed R\u00f3maborg. Sj\u00e1 athugagreinar vi\u00f0 9.21 (t\u00f6frum) og 18.3 (lostav\u00edni saurl\u00edfis).<\/p>\n<p><strong>18.24\u00a0<\/strong><em>bl\u00f3\u00f0&#8230;heilagra: <\/em>Sj\u00e1 athugagrein vi\u00f0 17.6. Sj\u00e1 og Jer 51.49.<\/p>\n<p><strong>\u00a0<\/strong><\/p>\n","protected":false},"excerpt":{"rendered":"<p>18.2 dj\u00f6fla: Illir, \u00f3hreinir andar, sem fylgja Satan a\u00f0 m\u00e1lum <a href=\"https:\/\/biblian.is\/fraedsla\/ritskyring\/opinberunarbok-johannesar-18-kafli\/\"> [&#8230;]<\/a><\/p>\n","protected":false},"author":1,"featured_media":0,"parent":4829,"menu_order":0,"comment_status":"closed","ping_status":"closed","template":"","meta":{"footnotes":""},"class_list":["post-5426","page","type-page","status-publish","hentry"],"_links":{"self":[{"href":"https:\/\/biblian.is\/fraedsla\/wp-json\/wp\/v2\/pages\/5426","targetHints":{"allow":["GET"]}}],"collection":[{"href":"https:\/\/biblian.is\/fraedsla\/wp-json\/wp\/v2\/pages"}],"about":[{"href":"https:\/\/biblian.is\/fraedsla\/wp-json\/wp\/v2\/types\/page"}],"author":[{"embeddable":true,"href":"https:\/\/biblian.is\/fraedsla\/wp-json\/wp\/v2\/users\/1"}],"replies":[{"embeddable":true,"href":"https:\/\/biblian.is\/fraedsla\/wp-json\/wp\/v2\/comments?post=5426"}],"version-history":[{"count":0,"href":"https:\/\/biblian.is\/fraedsla\/wp-json\/wp\/v2\/pages\/5426\/revisions"}],"up":[{"embeddable":true,"href":"https:\/\/biblian.is\/fraedsla\/wp-json\/wp\/v2\/pages\/4829"}],"wp:attachment":[{"href":"https:\/\/biblian.is\/fraedsla\/wp-json\/wp\/v2\/media?parent=5426"}],"curies":[{"name":"wp","href":"https:\/\/api.w.org\/{rel}","templated":true}]}}