{"id":5422,"date":"2019-05-25T22:07:44","date_gmt":"2019-05-25T22:07:44","guid":{"rendered":"https:\/\/biblian.is\/fraedsla\/?page_id=5422"},"modified":"2022-12-16T13:59:17","modified_gmt":"2022-12-16T13:59:17","slug":"opinberunarbok-johannesar-20-kafli","status":"publish","type":"page","link":"https:\/\/biblian.is\/fraedsla\/ritskyring\/opinberunarbok-johannesar-20-kafli\/","title":{"rendered":"Opinberunarb\u00f3k J\u00f3hannesar 20. kafli"},"content":{"rendered":"<p><strong>20.1 <\/strong><em>undirdj\u00fapsins: <\/em>Sj\u00e1 athugagrein vi\u00f0 9.1.<\/p>\n<p><strong>20.2\u00a0<\/strong><em>t\u00f3k drekann&#8230;Satan, og batt hann um \u00fe\u00fasund \u00e1r: <\/em>Sj\u00e1 athugagrein vi\u00f0 12.3,4. \u00c1 me\u00f0an Satan er l\u00e6stur ni\u00f0ri \u00ed undirdj\u00fapinu r\u00edkir fri\u00f0ur \u00ed \u00fe\u00fasund \u00e1r. \u00c1rafj\u00f6ldinn er tiltekinn svo \u00ed \u00fev\u00ed skyni a\u00f0 gefa til kynna, a\u00f0 lokasigur yfir dau\u00f0a og dj\u00f6fli muni ekki vinnast \u00ed br\u00e1\u00f0, jafnvel ekki \u00e1 t\u00ed\u00f0 lesenda J\u00f3hannesar. Auk \u00feess ber a\u00f0 hafa \u00ed huga, a\u00f0 \u00e1rin \u00fe\u00fasund eru m\u00e6ld \u00e1 kvar\u00f0a Gu\u00f0s en ekki manna (sj\u00e1 Slm 90.4; 2P\u00e9t 3.8).<\/p>\n<p><strong>20.4 <\/strong><em>h\u00e1s\u00e6ti&#8230;s\u00e1lir \u00feeirra sem h\u00f6f\u00f0u veri\u00f0 h\u00e1lsh\u00f6ggnir:<\/em>Sj\u00e1 athugagrein vi\u00f0 4.4-10 (h\u00e1s\u00e6ti). P\u00edslarvottar eru \u00feeir kristnir menn nefndir, sem l\u00edfl\u00e1tnir voru fyrir \u00fe\u00e6r sakir a\u00f0 \u00feeir pr\u00e9diku\u00f0u fagna\u00f0arbo\u00f0skapinn um Jes\u00fa og neitu\u00f0u a\u00f0 taka \u00fe\u00e1tt \u00ed keisarad\u00fdrkuninni. \u00deeir ver\u00f0a reistir upp \u00e1 efsta degi og munu r\u00edkja me\u00f0 Kristi.<\/p>\n<p><strong>20.5-6\u00a0<\/strong><em>hinn annar dau\u00f0i: <\/em>Sj\u00e1 athugagrein vi\u00f0 2.11.<\/p>\n<p><strong>20.5-6\u00a0<\/strong><em>prestar: <\/em>Sj\u00e1 athugagrein vi\u00f0 1.6.<\/p>\n<p><strong>20.8\u00a0<\/strong><em>G\u00f3g og Mag\u00f3g: <\/em>\u00cd sp\u00e1d\u00f3msb\u00f3k Esek\u00edels segir fr\u00e1 gj\u00f6rspilltum st\u00f3rfurstanum G\u00f3g \u00ed landinu Mag\u00f3g og r\u00e9\u00f0ist s\u00e1 gegn \u00cdsraels\u00fej\u00f3\u00f0inni \u00far nor\u00f0ri (Es 38.2-16). \u00cd \u00feessu versi eru \u00fe\u00f3 b\u00e6\u00f0i G\u00f3g og Mag\u00f3g \u00fej\u00f3\u00f0ir og fulltr\u00faar alls veraldlegs valds sem r\u00eds gegn Gu\u00f0i og l\u00fd\u00f0 hans.<\/p>\n<p><strong>20.10 <\/strong><em>d\u00edki\u00f0 elds og brennisteins: <\/em>Sj\u00e1 athugagrein vi\u00f0 9.1 (stj\u00f6rnu er falli\u00f0 haf\u00f0i) og 14.10 (v\u00edn&#8230;brennisteini). \u00deetta er \u00ed anna\u00f0 skipti\u00f0, sem dj\u00f6flinum og hyski hans er varpa\u00f0 \u00ed logandi brennisteinsd\u00edki\u00f0, og um lei\u00f0 \u00ed s\u00ed\u00f0asta sinn.<\/p>\n<p><strong>20.10 <\/strong><em>d\u00fdri\u00f0 og falssp\u00e1ma\u00f0urinn: <\/em>Sj\u00e1 athugagreinar vi\u00f0 13.1 (d\u00fdri\u00f0); 13.11 (anna\u00f0 d\u00fdr) og 16.13 (\u00f3hreina anda&#8230;falssp\u00e1mannsins).<\/p>\n<p><strong>20.12\u00a0<\/strong><em>b\u00f3kinni var loki\u00f0 upp, \u00fea\u00f0 var l\u00edfsins b\u00f3k&#8230;hinir dau\u00f0u voru d\u00e6mdir: <\/em>Sj\u00e1 athugagreinar vi\u00f0 3.5 (b\u00f3k l\u00edfsins) og 3.10 (reynslustund). Annars sta\u00f0ar \u00ed N\u00fdja testamenti er rita\u00f0 um \u00fea\u00f0, a\u00f0 Gu\u00f0 muni vi\u00f0 endi veraldar d\u00e6ma heiminn og \u00fe\u00e1 sem \u00ed honum b\u00faa (sj\u00e1 Matt 7.22; 13.49,50; 25.31-46).<\/p>\n<p><strong>20.14 <\/strong><em>hinn annar dau\u00f0i: <\/em>Sj\u00e1 athugagrein vi\u00f0 2.11.<\/p>\n","protected":false},"excerpt":{"rendered":"<p>20.1 undirdj\u00fapsins: Sj\u00e1 athugagrein vi\u00f0 9.1. 20.2\u00a0t\u00f3k drekann&#8230;Satan, og batt <a href=\"https:\/\/biblian.is\/fraedsla\/ritskyring\/opinberunarbok-johannesar-20-kafli\/\"> [&#8230;]<\/a><\/p>\n","protected":false},"author":1,"featured_media":0,"parent":4829,"menu_order":0,"comment_status":"closed","ping_status":"closed","template":"","meta":{"footnotes":""},"class_list":["post-5422","page","type-page","status-publish","hentry"],"_links":{"self":[{"href":"https:\/\/biblian.is\/fraedsla\/wp-json\/wp\/v2\/pages\/5422","targetHints":{"allow":["GET"]}}],"collection":[{"href":"https:\/\/biblian.is\/fraedsla\/wp-json\/wp\/v2\/pages"}],"about":[{"href":"https:\/\/biblian.is\/fraedsla\/wp-json\/wp\/v2\/types\/page"}],"author":[{"embeddable":true,"href":"https:\/\/biblian.is\/fraedsla\/wp-json\/wp\/v2\/users\/1"}],"replies":[{"embeddable":true,"href":"https:\/\/biblian.is\/fraedsla\/wp-json\/wp\/v2\/comments?post=5422"}],"version-history":[{"count":0,"href":"https:\/\/biblian.is\/fraedsla\/wp-json\/wp\/v2\/pages\/5422\/revisions"}],"up":[{"embeddable":true,"href":"https:\/\/biblian.is\/fraedsla\/wp-json\/wp\/v2\/pages\/4829"}],"wp:attachment":[{"href":"https:\/\/biblian.is\/fraedsla\/wp-json\/wp\/v2\/media?parent=5422"}],"curies":[{"name":"wp","href":"https:\/\/api.w.org\/{rel}","templated":true}]}}