{"id":5405,"date":"2019-05-25T21:56:08","date_gmt":"2019-05-25T21:56:08","guid":{"rendered":"https:\/\/biblian.is\/fraedsla\/?page_id=5405"},"modified":"2022-12-16T13:59:13","modified_gmt":"2022-12-16T13:59:13","slug":"opinberunarbok-johannesar-10-kafli","status":"publish","type":"page","link":"https:\/\/biblian.is\/fraedsla\/ritskyring\/opinberunarbok-johannesar-10-kafli\/","title":{"rendered":"Opinberunarb\u00f3k J\u00f3hannesar 10. kafli"},"content":{"rendered":"<p><strong>10.1 <\/strong><em>sterkan engil: <\/em>Sj\u00e1 athugagrein vi\u00f0 1.1 (engil sinn). \u00c1\u00f0ur en sj\u00f6unda b\u00e1s\u00fanan gellur, er opinbera\u00f0 \u00ed tveimur s\u00fdnum hversu Gu\u00f0 heldur \u00e1fram a\u00f0 tala til l\u00fd\u00f0s s\u00edns.<\/p>\n<p><strong>10.2 <\/strong><em>l\u00edtilli, opinni b\u00f3k: <\/em>Sj\u00e1 athugagrein vi\u00f0 5.1.<\/p>\n<p><strong>10.7 <\/strong><em>sitt leynda r\u00e1\u00f0&#8230;sp\u00e1m\u00f6nnunum: <\/em>H\u00e9r er \u00e1tt vi\u00f0 hina fornu d\u00f3mssp\u00e1menn \u00cdsraels, sem jafnframt bo\u00f0u\u00f0u \u00fej\u00f3\u00f0inni g\u00f3\u00f0a von. Hi\u00f0 &#8222;leynda r\u00e1\u00f0&#8220; er l\u00edklega \u00fea\u00f0 fyrirheit Gu\u00f0s a\u00f0 reisa Krist upp fr\u00e1 dau\u00f0um. Sj\u00e1 Rom 1.2-4; 16.25; sj\u00e1 og athugagrein vi\u00f0 1.3.<\/p>\n","protected":false},"excerpt":{"rendered":"<p>10.1 sterkan engil: Sj\u00e1 athugagrein vi\u00f0 1.1 (engil sinn). \u00c1\u00f0ur <a href=\"https:\/\/biblian.is\/fraedsla\/ritskyring\/opinberunarbok-johannesar-10-kafli\/\"> [&#8230;]<\/a><\/p>\n","protected":false},"author":1,"featured_media":0,"parent":4829,"menu_order":0,"comment_status":"closed","ping_status":"closed","template":"","meta":{"footnotes":""},"class_list":["post-5405","page","type-page","status-publish","hentry"],"_links":{"self":[{"href":"https:\/\/biblian.is\/fraedsla\/wp-json\/wp\/v2\/pages\/5405","targetHints":{"allow":["GET"]}}],"collection":[{"href":"https:\/\/biblian.is\/fraedsla\/wp-json\/wp\/v2\/pages"}],"about":[{"href":"https:\/\/biblian.is\/fraedsla\/wp-json\/wp\/v2\/types\/page"}],"author":[{"embeddable":true,"href":"https:\/\/biblian.is\/fraedsla\/wp-json\/wp\/v2\/users\/1"}],"replies":[{"embeddable":true,"href":"https:\/\/biblian.is\/fraedsla\/wp-json\/wp\/v2\/comments?post=5405"}],"version-history":[{"count":0,"href":"https:\/\/biblian.is\/fraedsla\/wp-json\/wp\/v2\/pages\/5405\/revisions"}],"up":[{"embeddable":true,"href":"https:\/\/biblian.is\/fraedsla\/wp-json\/wp\/v2\/pages\/4829"}],"wp:attachment":[{"href":"https:\/\/biblian.is\/fraedsla\/wp-json\/wp\/v2\/media?parent=5405"}],"curies":[{"name":"wp","href":"https:\/\/api.w.org\/{rel}","templated":true}]}}