{"id":5401,"date":"2019-05-25T21:52:57","date_gmt":"2019-05-25T21:52:57","guid":{"rendered":"https:\/\/biblian.is\/fraedsla\/?page_id=5401"},"modified":"2026-04-17T13:01:23","modified_gmt":"2026-04-17T13:01:23","slug":"postulasagan-15-kafli","status":"publish","type":"page","link":"https:\/\/biblian.is\/fraedsla\/ritskyring\/postulasagan-15-kafli\/","title":{"rendered":"Postulasagan 15. kafli"},"content":{"rendered":"<p><strong>15.1<\/strong> J\u00fadeu: H\u00e9ra\u00f0i\u00f0 \u00ed kringum Jer\u00fasalem. Margir postulanna og fleiri lei\u00f0togar safna\u00f0arins \u00e1ttu enn heima \u00fear.<\/p>\n<p><strong>15.1<\/strong> l\u00e1ti\u00f0 ekki umskerast&#8230;geti\u00f0 \u00fei\u00f0 ekki frelsast: Sj\u00e1 athugagrein vi\u00f0 7.8 og &#8222;<a href=\"https:\/\/biblian.is\/fraedsla\/ordtakasafn\/umskurn\/\">Umskurn<\/a>&#8222;. P\u00e1ll og Barnabas h\u00e9ldu \u00fev\u00ed statt og st\u00f6\u00f0ugt fram, a\u00f0 \u00feetta ytra &#8222;t\u00e1kn&#8220; v\u00e6ri ekkert skilyr\u00f0i \u00feess a\u00f0 heyra til hinum n\u00fdja Gu\u00f0s l\u00fd\u00f0.<\/p>\n<p><strong>15.3<\/strong> F\u00f6nik\u00edu og Samar\u00edu: Sj\u00e1 athugagreinar vi\u00f0 11.19,20 (F\u00f6nik\u00eda) og 1.8 (Samar\u00eda).<\/p>\n<p><strong>15.5<\/strong> far\u00edsea: Far\u00edsear h\u00e9ldu l\u00f6gm\u00e1l M\u00f3se \u00fat \u00ed \u00e6sar. \u00deessir far\u00edsear vildu gerast l\u00e6risveinar Jes\u00fa, en voru jafnframt \u00e1 \u00fev\u00ed, a\u00f0 \u00f6llum b\u00e6ri a\u00f0 hl\u00fd\u00f0a \u00e1kv\u00e6\u00f0um l\u00f6gm\u00e1lsins og gy\u00f0inglegum hef\u00f0um, m.a. me\u00f0 \u00fev\u00ed a\u00f0 l\u00e1ta umskerast.<\/p>\n<p><strong>15.5<\/strong> \u00de\u00e1 ber a\u00f0 umskera: \u00deessari sko\u00f0un m\u00e6tti P\u00e1ll postuli oft og v\u00ed\u00f0a (sj\u00e1 Gal 2.3,11-21; 5.1-18).<\/p>\n<p><strong>15.8<\/strong> Gu\u00f0, sem hj\u00f6rtun \u00feekkir: Sj\u00e1 athugagrein vi\u00f0 8.21.<\/p>\n<p><strong>15.11<\/strong> h\u00f3lpnir fyrir n\u00e1\u00f0: Sj\u00e1 athugagrein vi\u00f0 2.47. H\u00e9r f\u00e6rir P\u00e9tur fram s\u00f6mu r\u00f6k og P\u00e1ll gerir v\u00ed\u00f0a \u00ed br\u00e9fum s\u00ednum, \u00fe.e. a\u00f0 allir menn, &#8211; hei\u00f0ingjar jafnt sem Gy\u00f0ingar \u2013 r\u00e9ttl\u00e6tist af tr\u00fa, en ekki verkum; menn ver\u00f0i h\u00f3lpnir fyrir n\u00e1\u00f0 Drottins, en ekki me\u00f0 \u00fev\u00ed a\u00f0 fylgja reglum e\u00f0a helgisi\u00f0um. Sj\u00e1 og Gal 3.26-28; R\u00f3m 3.21-31.<\/p>\n<p><strong>15.13<\/strong> Jakob: Br\u00f3\u00f0ir Jes\u00fa og einn af lei\u00f0togum safna\u00f0arins \u00ed Jer\u00fasalem. Sj\u00e1 athugagrein vi\u00f0 12.17.<\/p>\n<p><strong>15.20\u00a0<\/strong><em>haldi sig fr\u00e1 \u00f6llu sem flekka\u00f0 er af skur\u00f0go\u00f0um&#8230;fr\u00e1 saurlifna\u00f0i: <\/em>Sumir safna\u00f0armenn \u00e1litu a\u00f0 ekki v\u00e6ri r\u00e9tt a\u00f0 neyta kj\u00f6ts, sem f\u00f3rna\u00f0 haf\u00f0i veri\u00f0 skur\u00f0go\u00f0um (sj\u00e1 2M\u00f3s 34.15-17). \u00deeir t\u00f6ldu, a\u00f0 me\u00f0 \u00fev\u00ed a\u00f0 leggja s\u00e9r \u00feetta kj\u00f6t til munns, l\u00fdstu menn vel\u00fe\u00f3knun sinni \u00e1 skur\u00f0go\u00f0inu, sem kj\u00f6ti\u00f0 var f\u00e6rt a\u00f0 f\u00f3rnargj\u00f6f. Lei\u00f0togar safna\u00f0arins komu s\u00e9r saman um a\u00f0 banna f\u00f3lki a\u00f0 eta \u00feetta kj\u00f6t. Sj\u00e1 og 1Kor 8.1-13.<\/p>\n<p>\u00cd M\u00f3sel\u00f6gum var kve\u00f0i\u00f0 svo \u00e1, a\u00f0 ekki m\u00e6tti eta kj\u00f6t af k\u00f6fnu\u00f0um skepnum, \u00fev\u00ed a\u00f0 \u00feeim haf\u00f0i ekki veri\u00f0 sl\u00e1tra\u00f0 me\u00f0 \u00fev\u00ed a\u00f0 skera \u00fe\u00e6r \u00e1 h\u00e1ls, svo a\u00f0 bl\u00f3\u00f0i\u00f0 rynni \u00far skrokknum. Bl\u00e1tt bann l\u00e1 vi\u00f0 \u00fev\u00ed a\u00f0 neyta bl\u00f3\u00f0s (3M\u00f3s 3.17; 7.26; 17.10-16; 5M\u00f3s 12.5-19, 23-24). Me\u00f0 &#8222;saurlifna\u00f0i&#8220; er tr\u00falega \u00e1tt vi\u00f0 sifjaspell (bl\u00f3\u00f0sk\u00f6mm), \u00fe.e. samfarir milli \u00e6ttingja \u00ed beinan legg e\u00f0a milli systkina. Allt sl\u00edkt og fleira \u00fev\u00eduml\u00edkt er banna\u00f0 \u00ed 3M\u00f3s 18.6-23 (sj\u00e1 og Matt 5.32).<\/p>\n<p><strong>15.21<\/strong> <em>hafa menn pr\u00e9dika\u00f0 M\u00f3se: <\/em>Sj\u00e1 athugagrein vi\u00f0 13.38.<\/p>\n<p><strong>15.21 <\/strong><em>hv\u00edldardag: <\/em>Sj\u00e1 athugagrein vi\u00f0 13.14.<\/p>\n<p><strong>15.22 <\/strong><em>Ant\u00edokk\u00edu: <\/em>Ant\u00edokk\u00eda \u00ed S\u00fdrlandi. Sj\u00e1 athugagrein vi\u00f0 6.5.<\/p>\n<p><strong>15.22\u00a0<\/strong><em>J\u00fadas&#8230;Barsabbas&#8230;S\u00edlas: <\/em>S\u00edlas var sag\u00f0ur g\u00e6ddur sp\u00e1d\u00f3msg\u00e1fu (15.32). Sj\u00e1 og athugagrein vi\u00f0 11.28 (Agabus). Hann var r\u00f3mverskur borgari eins og P\u00e1ll (16.37). \u00deetta er tr\u00falega sami ma\u00f0ur og nefndur er Silvanus \u00ed br\u00e9fum P\u00e1ls (2Kor 1.19; 1\u00deess 1.1). Hann sl\u00f3st \u00ed f\u00f6r me\u00f0 P\u00e1li \u00e1 s\u00ed\u00f0ari kristnibo\u00f0sfer\u00f0um hans (15.37-39).<\/p>\n<p>J\u00fadas Barsabbas kann a\u00f0 hafa veri\u00f0 br\u00f3\u00f0ir J\u00f3sefs \u00feess, sem minnst er \u00e1 \u00ed Post 1.23. Nafni\u00f0 Barsabbas var nokku\u00f0 algengt me\u00f0al Gy\u00f0inga. \u00dea\u00f0 \u00fe\u00fd\u00f0ir &#8222;sonur sabbatsins&#8220; e\u00f0a ef til vill &#8222;sonur frelsunarinnar&#8220; e\u00f0a jafnvel &#8222;sonur \u00feess sem sn\u00fdst til annarrar tr\u00faar.&#8220;<\/p>\n<p><strong>15.23\u00a0<\/strong><em>\u00ed Ant\u00edokk\u00edu, S\u00fdrlandi og Kilik\u00edu&#8230;\u00e1\u00f0ur voru hei\u00f0nir: <\/em>Br\u00e9fi\u00f0 var sent \u00feeim \u00edb\u00faum \u00feessara h\u00e9ra\u00f0a, sem ekki voru Gy\u00f0ingar. Sj\u00e1 athugagrein vi\u00f0 6.5 (Ant\u00edokk\u00eda \u00ed S\u00fdrlandi) og 6.9 (Kilik\u00eda).<\/p>\n<p><strong>15.28\u00a0<\/strong><em>heilags anda: <\/em>Sj\u00e1 um <a href=\"https:\/\/biblian.is\/fraedsla\/ordtakasafn\/heilagur-andi\/\">Heilagan anda<\/a>.<\/p>\n<p><strong>15.32\u00a0<\/strong><em>sp\u00e1menn: <\/em>Sj\u00e1 athugagrein vi\u00f0 11.28.<\/p>\n<h3>Fagna\u00f0arerindi\u00f0 berst Litlu-As\u00edu, Grikklandi og R\u00f3maborg<\/h3>\n<p><em>S\u00ed\u00f0ari hluti Postulas\u00f6gunnar hermir fr\u00e1 \u00fev\u00ed er P\u00e1ll postuli bo\u00f0a\u00f0i tr\u00fana. Sagt er fr\u00e1 tveimur s\u00ed\u00f0ari kristnibo\u00f0sfer\u00f0um hans. Hann kemur til mikilla landa og borga vi\u00f0 Mi\u00f0jar\u00f0arhafi\u00f0 nor\u00f0anvert. \u00deegar hann sn\u00fdr aftur til Jer\u00fasalem kemst f\u00f3lki\u00f0 \u00ed uppn\u00e1m vi\u00f0 pr\u00e9dikun hans og leggur \u00e1 hann hendur. \u00deegar r\u00f3mverskur hersveitarforingi handtekur hann, krefst P\u00e1ll \u00feess sem r\u00f3mverskur borgari a\u00f0 koma fyrir r\u00e9tt \u00e1\u00f0ur en s\u00e9r s\u00e9 refsa\u00f0. Hann er loks sendur til R\u00f3mar, enda haf\u00f0i hann \u00fe\u00e1 skoti\u00f0 m\u00e1li s\u00ednu til keisarans.<\/em><\/p>\n<p><strong>15.36\u00a0<\/strong><em>\u00ed hverri borg: <\/em>H\u00e9r \u00e1 P\u00e1ll vi\u00f0 borgir \u00fe\u00e6r, sem nefndar eru \u00ed Post 13.1-14.28.<\/p>\n<p><strong>15.37\u00a0<\/strong><em>J\u00f3hannes: <\/em>Sj\u00e1 athugagreinar vi\u00f0 12.12 og 13.13 (J\u00f3hannes skildi vi\u00f0 \u00fe\u00e1).<\/p>\n<p><strong>15.39\u00a0<\/strong><em>K\u00fdpur: <\/em>Sj\u00e1 athugagrein vi\u00f0 11.19,20.<\/p>\n<p><strong>15.41\u00a0<\/strong><em>S\u00fdrland og Kilik\u00edu: <\/em>S\u00fdrland og Kilik\u00edu: S\u00fdrland var r\u00f3mverskt skattland fyrir nor\u00f0an Palest\u00ednu, vi\u00f0 nor\u00f0austur-str\u00f6nd Mi\u00f0jar\u00f0arhafsins. \u00dear voru mestar \u00ed \u00feennan t\u00edma borgirnar Ant\u00edokk\u00eda og Damaskus. Sj\u00e1 athugagreinar vi\u00f0 6.5 (Ant\u00edokk\u00eda); 9.2 (Damaskus); og 6.9 (K\u00fdrene&#8230;As\u00edu).<\/p>\n","protected":false},"excerpt":{"rendered":"<p>15.1 J\u00fadeu: H\u00e9ra\u00f0i\u00f0 \u00ed kringum Jer\u00fasalem. Margir postulanna og fleiri <a href=\"https:\/\/biblian.is\/fraedsla\/ritskyring\/postulasagan-15-kafli\/\"> [&#8230;]<\/a><\/p>\n","protected":false},"author":1,"featured_media":0,"parent":4829,"menu_order":0,"comment_status":"closed","ping_status":"closed","template":"","meta":{"footnotes":""},"class_list":["post-5401","page","type-page","status-publish","hentry"],"_links":{"self":[{"href":"https:\/\/biblian.is\/fraedsla\/wp-json\/wp\/v2\/pages\/5401","targetHints":{"allow":["GET"]}}],"collection":[{"href":"https:\/\/biblian.is\/fraedsla\/wp-json\/wp\/v2\/pages"}],"about":[{"href":"https:\/\/biblian.is\/fraedsla\/wp-json\/wp\/v2\/types\/page"}],"author":[{"embeddable":true,"href":"https:\/\/biblian.is\/fraedsla\/wp-json\/wp\/v2\/users\/1"}],"replies":[{"embeddable":true,"href":"https:\/\/biblian.is\/fraedsla\/wp-json\/wp\/v2\/comments?post=5401"}],"version-history":[{"count":0,"href":"https:\/\/biblian.is\/fraedsla\/wp-json\/wp\/v2\/pages\/5401\/revisions"}],"up":[{"embeddable":true,"href":"https:\/\/biblian.is\/fraedsla\/wp-json\/wp\/v2\/pages\/4829"}],"wp:attachment":[{"href":"https:\/\/biblian.is\/fraedsla\/wp-json\/wp\/v2\/media?parent=5401"}],"curies":[{"name":"wp","href":"https:\/\/api.w.org\/{rel}","templated":true}]}}