{"id":5398,"date":"2019-05-25T21:50:31","date_gmt":"2019-05-25T21:50:31","guid":{"rendered":"https:\/\/biblian.is\/fraedsla\/?page_id=5398"},"modified":"2022-12-16T13:59:22","modified_gmt":"2022-12-16T13:59:22","slug":"postulasagan-14-kafli","status":"publish","type":"page","link":"https:\/\/biblian.is\/fraedsla\/ritskyring\/postulasagan-14-kafli\/","title":{"rendered":"Postulasagan 14. kafli"},"content":{"rendered":"<p><strong>14.1<\/strong> samkundu Gy\u00f0inga: Sj\u00e1 athugagrein vi\u00f0 9.20.<\/p>\n<p><strong>14.1<\/strong> \u00cdk\u00f3n\u00edum: Mikil verslunarborg \u00ed Galat\u00edu \u00ed Litlu-As\u00edu, um 16o km austur af Ant\u00edokk\u00edu \u00ed Pisid\u00edu. \u00dej\u00f3\u00f0brautir fr\u00e1 S\u00fdrlandi til Efesus og R\u00f3maborgar l\u00e1gu um \u00cdk\u00f3n\u00edum.<\/p>\n<p><strong>14.5<\/strong> Hei\u00f0ingjar og Gy\u00f0ingar&#8230;ger\u00f0u \u00fe\u00e1 sambl\u00e1stur: Hi\u00f0 sama bar til \u00ed Ant\u00edokk\u00edu (13.50).<\/p>\n<p><strong>14.6-7<\/strong> L\u00fdstru og Derbe \u00ed L\u00fdka\u00f3n\u00edu: L\u00fdka\u00f3n\u00eda var landssv\u00e6\u00f0i \u00ed Galat\u00edu. \u00dea\u00f0 var austan vi\u00f0 h\u00e9ra\u00f0i\u00f0 Pisid\u00edu og fyrir nor\u00f0an T\u00e1rosfj\u00f6ll. L\u00fdstra var um 32 km \u00ed dau\u00f0vestur fr\u00e1 \u00cdk\u00f3n\u00edum, en Derbe um 95 km su\u00f0austur af L\u00fdstru.<\/p>\n<p><strong>14.12<\/strong> Seif&#8230;Hermes: Seifur var \u00e6\u00f0stur gu\u00f0a me\u00f0 Grikkjum og R\u00f3mverjum. Honum haf\u00f0i veri\u00f0 reist hof \u00ed L\u00fdstru (14.13). Hermes var bo\u00f0beri gu\u00f0anna og s\u00e1lnahir\u00f0ir. Menn l\u00edktu P\u00e1li vi\u00f0 hann, af \u00fev\u00ed a\u00f0 hann haf\u00f0i a\u00f0 jafna\u00f0i or\u00f0 fyrir \u00feeim f\u00e9l\u00f6gum.<\/p>\n<p><strong>14.14<\/strong> rifu \u00feeir kl\u00e6\u00f0i s\u00edn: Me\u00f0 \u00fev\u00ed s\u00fdndu menn dj\u00fapa hrygg\u00f0, t.d. vi\u00f0 d\u00e1narfregn, &#8211; e\u00f0a rei\u00f0i.<\/p>\n<p><strong>14.15\u00a0<\/strong>til lifanda Gu\u00f0s: P\u00e1ll \u00e1 vi\u00f0 Gu\u00f0 \u00cdsraels (sj\u00e1 2M\u00f3s 20.11; Slm 146.6). Gu\u00f0ir \u00e1 bor\u00f0 vi\u00f0 Seif, sem eru helber hugarsm\u00ed\u00f0, ver\u00f0a undir \u00ed samanbur\u00f0i vi\u00f0 hinn lifanda Gu\u00f0.<\/p>\n<h4>Mikilv\u00e6gur fundur \u00ed Jer\u00fasalem<\/h4>\n<p><em>Staddir enn \u00ed Ant\u00edokk\u00edu, r\u00f6kr\u00e6\u00f0a \u00feeir P\u00e1ll og Barnabas vi\u00f0 l\u00e6risveina sem komnir eru \u00feanga\u00f0 fr\u00e1 J\u00fadeu. \u00deessir l\u00e6risveinar standa \u00e1 \u00fev\u00ed fastar en f\u00f3tunum, a\u00f0 karlmenn \u00far r\u00f6\u00f0um hei\u00f0ingja beri a\u00f0 umskera samkv\u00e6mt l\u00f6gm\u00e1li M\u00f3se, \u00e1\u00f0ur en \u00feeir ver\u00f0i taldir t\u00e6kir \u00ed l\u00e6risveinah\u00f3pinn. \u00deetta ver\u00f0ur til \u00feess a\u00f0 bl\u00e1si\u00f0 er til fundar \u00ed Jer\u00fasalem, \u00fear sem lei\u00f0togar hinnar n\u00fdju hreyfingar r\u00e6\u00f0a um \u00fea\u00f0, hver eigi a\u00f0 vera skilyr\u00f0i \u00feess, a\u00f0 menn f\u00e1i a\u00f0 heyra til hinum n\u00fdja Gu\u00f0s l\u00fd\u00f0.<\/em><\/p>\n<p><strong>14.19\u00a0<\/strong>Gy\u00f0ingar fr\u00e1 Ant\u00edokk\u00edu og \u00cdk\u00f3n\u00edum: \u00deetta hafa l\u00edklegast veri\u00f0 \u00feeir hinir s\u00f6mu og ger\u00f0u P\u00e1li og Barnabasi l\u00edfi\u00f0 leitt \u00ed nefnum borgum (13.50; 14.5).<\/p>\n<p><strong>14.21<\/strong> fagna\u00f0arerindi\u00f0: Sj\u00e1 athugagrein vi\u00f0 5.42<\/p>\n<p><strong>14.21<\/strong> Derbe&#8230;L\u00fdstru, \u00cdk\u00f3n\u00edum og Ant\u00edokk\u00edu: \u00de\u00f3tt Gy\u00f0ingar \u00ed \u00feessum borgum hef\u00f0u \u00e1\u00f0ur brug\u00f0ist illa vi\u00f0 heims\u00f3knum \u00feeirra P\u00e1ls og Barnabasar, skorti hina s\u00ed\u00f0arnefndu ekki hugrekki til \u00feess a\u00f0 fara \u00feanga\u00f0 aftur og upp\u00f6rva n\u00fdja l\u00e6risveina Jes\u00fa.<\/p>\n<p><strong>14.22<\/strong> Gu\u00f0s r\u00edki: Sj\u00e1 athugagrein vi\u00f0 1.3.<\/p>\n<p><strong>14.23<\/strong> me\u00f0 f\u00f6stum: Sj\u00e1 athugagrein vi\u00f0 13.2.<\/p>\n<p><strong>14.24<\/strong> Pisid\u00edu&#8230;til Pamf\u00fdl\u00edu: Pisid\u00eda var landsv\u00e6\u00f0i \u00ed h\u00e9ra\u00f0inu Galat\u00edu. \u00dear var borgin Ant\u00edokk\u00eda. Pamf\u00fdl\u00eda var su\u00f0austur af Pisid\u00edu, nokkru minni um sig.<\/p>\n<p><strong>14.25,26<\/strong> Perge&#8230;Attal\u00edu&#8230;Ant\u00edokk\u00edu: Sj\u00e1 athugagrein vi\u00f0 13.13 (Perge). Attal\u00eda var hafnarb\u00e6r vi\u00f0 str\u00f6nd Pamf\u00fdl\u00edu. Sj\u00e1 og athugagrein vi\u00f0 6.5 (Ant\u00edokk\u00eda).<\/p>\n","protected":false},"excerpt":{"rendered":"<p>14.1 samkundu Gy\u00f0inga: Sj\u00e1 athugagrein vi\u00f0 9.20. 14.1 \u00cdk\u00f3n\u00edum: Mikil <a href=\"https:\/\/biblian.is\/fraedsla\/ritskyring\/postulasagan-14-kafli\/\"> [&#8230;]<\/a><\/p>\n","protected":false},"author":1,"featured_media":0,"parent":4829,"menu_order":0,"comment_status":"closed","ping_status":"closed","template":"","meta":{"footnotes":""},"class_list":["post-5398","page","type-page","status-publish","hentry"],"_links":{"self":[{"href":"https:\/\/biblian.is\/fraedsla\/wp-json\/wp\/v2\/pages\/5398","targetHints":{"allow":["GET"]}}],"collection":[{"href":"https:\/\/biblian.is\/fraedsla\/wp-json\/wp\/v2\/pages"}],"about":[{"href":"https:\/\/biblian.is\/fraedsla\/wp-json\/wp\/v2\/types\/page"}],"author":[{"embeddable":true,"href":"https:\/\/biblian.is\/fraedsla\/wp-json\/wp\/v2\/users\/1"}],"replies":[{"embeddable":true,"href":"https:\/\/biblian.is\/fraedsla\/wp-json\/wp\/v2\/comments?post=5398"}],"version-history":[{"count":0,"href":"https:\/\/biblian.is\/fraedsla\/wp-json\/wp\/v2\/pages\/5398\/revisions"}],"up":[{"embeddable":true,"href":"https:\/\/biblian.is\/fraedsla\/wp-json\/wp\/v2\/pages\/4829"}],"wp:attachment":[{"href":"https:\/\/biblian.is\/fraedsla\/wp-json\/wp\/v2\/media?parent=5398"}],"curies":[{"name":"wp","href":"https:\/\/api.w.org\/{rel}","templated":true}]}}