{"id":5350,"date":"2019-05-24T14:18:14","date_gmt":"2019-05-24T14:18:14","guid":{"rendered":"https:\/\/biblian.is\/fraedsla\/?page_id=5350"},"modified":"2022-12-16T13:59:02","modified_gmt":"2022-12-16T13:59:02","slug":"johannesargudspjall-18-kafli","status":"publish","type":"page","link":"https:\/\/biblian.is\/fraedsla\/ritskyring\/johannesargudspjall-18-kafli\/","title":{"rendered":"J\u00f3hannesargu\u00f0spjall 18. kafli"},"content":{"rendered":"<p><strong>18.1<\/strong> l\u00e6kinn Kedron: Kedrondalur er austan vi\u00f0 musterish\u00e6\u00f0ina \u00ed Jer\u00fasalem. Hinum megin dalsins er Ol\u00edufjalli\u00f0. Vi\u00f0 r\u00e6tur \u00feess mun hafa veri\u00f0 hvirfing ol\u00edfutrj\u00e1a, sem samstofna gu\u00f0spj\u00f6llin nefna Getsemane. Ekki er lengur vita\u00f0 n\u00e1kv\u00e6mlega, hvar \u00feessi gar\u00f0ur var. (Mrk 14.32; Matt 26.36; L\u00fak 21.27).<\/p>\n<p>Sakar\u00eda sp\u00e1ma\u00f0ur segir a\u00f0 Drottinn muni birtast \u00e1 Ol\u00edufjallinu og bera siguror\u00f0 af \u00f3vinum s\u00ednum (14.1-4). Muni Ol\u00edufjalli\u00f0 \u00fe\u00e1 klofna \u00ed mi\u00f0ju. \u00c1 \u00feessum sta\u00f0 er Jes\u00fas handtekinn af m\u00f3tst\u00f6\u00f0um\u00f6nnum s\u00ednum.<\/p>\n<p><strong>18.1<\/strong> grasgar\u00f0ur: \u00c1 gr\u00edskunni &#8222;kepos&#8220; sem venjulega er \u00fe\u00fdtt me\u00f0 &#8222;gar\u00f0ur&#8220; \u00fe\u00f3 h\u00e9r hafi l\u00edklega veri\u00f0 um hvirfingu ol\u00edfutrj\u00e1a a\u00f0 r\u00e6\u00f0a.<\/p>\n<p><strong>18.2<\/strong> J\u00fadas&#8230;l\u00e6risveinar: Sj\u00e1 n\u00e1nar um &#8222;l\u00e6risveina&#8220; \u00ed athugagrein vi\u00f0 6.67. Sj\u00e1 og athugagreinar vi\u00f0 6.70,71 og 12.4 (J\u00fadas \u00cdskar\u00edot).<\/p>\n<p><strong>18.3-5<\/strong> flokk hermanna&#8230;Jes\u00fa fr\u00e1 Nasaret: R\u00f3mverski herinn haf\u00f0i a\u00f0setur \u00ed Anton\u00edusar-kastalanum steinsnar fr\u00e1 musterinu \u00ed Jer\u00fasalem. Hlutverk hersins var a\u00f0 halda uppi reglu \u00ed borginni. \u00c6\u00f0stu prestarnir og far\u00edsearnir kunna a\u00f0 hafa tali\u00f0 hermennina \u00e1 a\u00f0 handtaka Jes\u00fa \u00fear e\u00f0 hann v\u00e6ri h\u00e6ttulegur upphlaupsma\u00f0ur. Sj\u00e1 athugagreinar vi\u00f0 7.32 (\u00e6\u00f0stu prestar&#8230;\u00fej\u00f3na) og 1.24 (far\u00edsear).<\/p>\n<p><strong>18.3-5<\/strong> \u00c9g er hann: Sj\u00e1 athugagrein vi\u00f0 6.20 og <a href=\"https:\/\/biblian.is\/fraedsla\/ordtakasafn\/eg-er\/\">&#8222;\u00c9g er&#8220;.<\/a><\/p>\n<p><strong>18.10<\/strong> S\u00edmon P\u00e9tur&#8230;Malkus: Sj\u00e1 athugagrein vi\u00f0 1.42. &#8222;Sver\u00f0&#8220; P\u00e9turs hefur tr\u00falega veri\u00f0 r\u00fdtingur, sem fela m\u00e1tti innan kl\u00e6\u00f0a.\u00a0Nafni\u00f0 Malkus \u00fe\u00fd\u00f0ir &#8222;konungur.&#8220; Malkus kann a\u00f0 hafa veri\u00f0 fr\u00e1 Nabateu \u00ed Arab\u00edu g\u00f6mlu. Hann hefur veri\u00f0 \u00ed \u00fej\u00f3nustu Ka\u00edfasar \u00e6\u00f0sta prests, en ekki er vita\u00f0 hver verkahringur hans var.<\/p>\n<p><strong>18.11<\/strong> drekka kaleikinn: Kaleikur (bikar) er sums sta\u00f0ar \u00ed Bibl\u00edunni t\u00e1kn \u00fej\u00e1ningar. &#8222;A\u00f0 drekka kaleikinn&#8220; merkir \u00fe\u00e1 a\u00f0 \u00fej\u00e1st. Sj\u00e1 og athugagrein vi\u00f0 4.34.<\/p>\n<p><strong>18.12<\/strong> foringinn og var\u00f0menn Gy\u00f0inga: R\u00f3mverski li\u00f0sforinginn haf\u00f0i yfir 1000 herm\u00f6nnum a\u00f0 segja. Sj\u00e1 athugagrein vi\u00f0 7.32 (\u00fej\u00f3nar).<\/p>\n<p><strong>18.13<\/strong> Annasar&#8230;tengdafa\u00f0ir Ka\u00edfasar: Annas var \u00e6\u00f0sti prestur Gy\u00f0inga \u00feegar Jes\u00fas var barn a\u00f0 aldri. \u00deegar hann var neyddur til \u00feess a\u00f0 l\u00e1ta af emb\u00e6tti skipu\u00f0u R\u00f3mverjar syni hans og tengdason, Ka\u00edfas, \u00ed hans sta\u00f0. \u00der\u00e1tt fyrir \u00feetta h\u00e9lt Annas \u00e1fram nafnb\u00f3tinni \u00e6\u00f0sti prestur. \u00cd st\u00e6rri m\u00e1lum leitu\u00f0u menn r\u00e1\u00f0a hj\u00e1 honum, eins og t.d. um \u00fea\u00f0 hva\u00f0 gera skyldi vi\u00f0 Jes\u00fa. Sj\u00e1 athugagrein vi\u00f0 11.49 (Ka\u00edfas).<\/p>\n<p><strong>18.15\u00a0<\/strong>S\u00edmon P\u00e9tur&#8230;annar l\u00e6risveinn: Sj\u00e1 athugagrein vi\u00f0 1.42 (S\u00edmon P\u00e9tur). Hinn l\u00e6risveinninn, sem h\u00e6ttir l\u00edfi s\u00ednu me\u00f0 \u00fev\u00ed a\u00f0 fylgja Jes\u00fa til Annasar \u00e6\u00f0sta prests, er tr\u00falega &#8222;l\u00e6risveinninn sem Jes\u00fas elska\u00f0i&#8220; (sj\u00e1 athugagrein vi\u00f0 13.23), s\u00e1 sami og st\u00f3\u00f0 hj\u00e1 krossi hans (19.25-27) og kom me\u00f0 P\u00e9tri a\u00f0 gr\u00f6finni \u00e1 p\u00e1skadagsmorgun (20.1-10).<\/p>\n<p><strong>18.15<\/strong> hallargar\u00f0 \u00e6\u00f0sta prestsins: \u00deeir Annas og Ka\u00edfas bjuggu a\u00f0 s\u00f6gn ofan til \u00ed Jer\u00fasalem ekki fjarri musterinu.<\/p>\n<p><strong>18.18<\/strong> var\u00f0mennirnir: Sj\u00e1 athugagrein vi\u00f0 7.32.<\/p>\n<p><strong>18.19<\/strong> \u00e6\u00f0sti presturinn: Sj\u00e1 athugagreinar vi\u00f0 18.13 og 11.49. \u00cd samstofna gu\u00f0spj\u00f6llunum \u00feremur \u00e1 Jes\u00fas a\u00f0 hafa veri\u00f0 f\u00e6r\u00f0ur fyrir \u00e6\u00f0sta prestinn og \u00f6ldungar\u00e1\u00f0i\u00f0 (sj\u00e1 Matt 26.57-68; L\u00fak 22.66-71; Mrk 14.55-65).<\/p>\n<p><strong>18.20<\/strong> samkundunni: Sj\u00e1 athugagreinar vi\u00f0 9.34 og 6.59 og &#8222;<a href=\"https:\/\/biblian.is\/fraedsla\/ordtakasafn\/samkundurnar\/\">Samkundurnar<\/a>&#8222;.<\/p>\n<p><strong>18.24<\/strong> sendi Annas hann&#8230;til Ka\u00edfasar \u00e6\u00f0sta prests: Sj\u00e1 athugagrein vi\u00f0 8.13. H\u00e9r er svo a\u00f0 sj\u00e1, a\u00f0 Annas hafi yfirheyrt Jes\u00fa (18.19) \u00fe\u00f3tt sj\u00e1lfur v\u00e6ri hann ekki \u00e6\u00f0sti presturinn.<\/p>\n<p><strong>18.27<\/strong> Aftur neita\u00f0i P\u00e9tur: H\u00e9r afneitar P\u00e9tur Jes\u00fa hinu \u00feri\u00f0ja sinni (13.38).<\/p>\n<p><strong>18.28<\/strong> hallar landsh\u00f6f\u00f0ingjans: L\u00f6gheimili P\u00edlatusar var \u00ed hafnarborginni Sesareu vi\u00f0 Mi\u00f0jar\u00f0arhafi\u00f0. \u00deegar hann var \u00e1 fer\u00f0inni \u00ed Jer\u00fasalem dvaldi hann \u00ed Anton\u00edusar-kastalanum, \u00fea\u00f0an sem s\u00e1 yfir musterissv\u00e6\u00f0i\u00f0 \u00far nor\u00f0vestri.<\/p>\n<p><strong>18.31<\/strong> Okkur leyfist ekki a\u00f0 taka neinn af l\u00edfi: Allar l\u00edkur benda til \u00feess a\u00f0 R\u00f3mverjar hafi ekki heimila\u00f0 Gy\u00f0ingum a\u00f0 taka menn af l\u00edfi, nema \u00feeir reyndust sannir a\u00f0 s\u00f6k.<\/p>\n<p><strong>18.33<\/strong> konungur Gy\u00f0inga: Hef\u00f0i Jes\u00fas gert tilkall til konungsnafns, jafngilti \u00fea\u00f0 uppreisnartilbur\u00f0um. \u00de\u00e1 mundu R\u00f3mverjar draga hann fyrir d\u00f3m, sekja hann og l\u00edfl\u00e1ta \u00e1 krossi.<\/p>\n<p><strong>18.36<\/strong> Mitt r\u00edki er ekki af \u00feessum heimi: Sj\u00e1 athugagrein vi\u00f0 3.3.<\/p>\n<p><strong>18.40<\/strong> Barrabas var r\u00e6ningi: Hry\u00f0juverkamenn efndu til skemmdarverka og upphlaupa m\u00f3ti R\u00f3mverjum \u00ed \u00feeim tilgangi a\u00f0 afla Gy\u00f0inga\u00fej\u00f3\u00f0inni sj\u00e1lfst\u00e6\u00f0is.<\/p>\n","protected":false},"excerpt":{"rendered":"<p>18.1 l\u00e6kinn Kedron: Kedrondalur er austan vi\u00f0 musterish\u00e6\u00f0ina \u00ed Jer\u00fasalem. <a href=\"https:\/\/biblian.is\/fraedsla\/ritskyring\/johannesargudspjall-18-kafli\/\"> [&#8230;]<\/a><\/p>\n","protected":false},"author":1,"featured_media":0,"parent":4829,"menu_order":0,"comment_status":"closed","ping_status":"closed","template":"","meta":{"footnotes":""},"class_list":["post-5350","page","type-page","status-publish","hentry"],"_links":{"self":[{"href":"https:\/\/biblian.is\/fraedsla\/wp-json\/wp\/v2\/pages\/5350","targetHints":{"allow":["GET"]}}],"collection":[{"href":"https:\/\/biblian.is\/fraedsla\/wp-json\/wp\/v2\/pages"}],"about":[{"href":"https:\/\/biblian.is\/fraedsla\/wp-json\/wp\/v2\/types\/page"}],"author":[{"embeddable":true,"href":"https:\/\/biblian.is\/fraedsla\/wp-json\/wp\/v2\/users\/1"}],"replies":[{"embeddable":true,"href":"https:\/\/biblian.is\/fraedsla\/wp-json\/wp\/v2\/comments?post=5350"}],"version-history":[{"count":0,"href":"https:\/\/biblian.is\/fraedsla\/wp-json\/wp\/v2\/pages\/5350\/revisions"}],"up":[{"embeddable":true,"href":"https:\/\/biblian.is\/fraedsla\/wp-json\/wp\/v2\/pages\/4829"}],"wp:attachment":[{"href":"https:\/\/biblian.is\/fraedsla\/wp-json\/wp\/v2\/media?parent=5350"}],"curies":[{"name":"wp","href":"https:\/\/api.w.org\/{rel}","templated":true}]}}